116.179.37.43 - - [04/Jun/2026:01:46:08 +0700] "POST /wp-admin/admin-ajax.php HTTP/1.1" 200 1318 "https://sieuthibachviet.com/san-pham/beauty-dress/?add_to_wishlist=5252" "Mozilla/5.0 (compatible; Baiduspider-render/2.0; +http://www.baidu.com/search/spider.html)"
189.104.197.105 - - [04/Jun/2026:01:45:29 +0700] "GET /wp-content/plugins/elementor/assets/js/lightbox.2c9ae19597fcd2a76c3a.bundle.js HTTP/2" 200 12230 "https://sieuthibachviet.com/san-pham/bep-tu-don-bt044/" "Mozilla/5.0 (Macintosh; Intel Mac OS X 10_15_7) AppleWebKit/537.36 (KHTML, like Gecko) Chrome/125.0.0.0 Safari/537.36"
189.104.197.105 - - [04/Jun/2026:01:45:29 +0700] "GET /wp-content/plugins/elementor/assets/lib/dialog/dialog.js?ver=4.9.3 HTTP/2" 200 4796 "https://sieuthibachviet.com/san-pham/bep-tu-don-bt044/" "Mozilla/5.0 (Macintosh; Intel Mac OS X 10_15_7) AppleWebKit/537.36 (KHTML, like Gecko) Chrome/125.0.0.0 Safari/537.36"
189.104.197.105 - - [04/Jun/2026:01:45:29 +0700] "GET /wp-content/plugins/elementor/assets/lib/share-link/share-link.js?ver=3.25.11 HTTP/2" 200 1485 "https://sieuthibachviet.com/san-pham/bep-tu-don-bt044/" "Mozilla/5.0 (Macintosh; Intel Mac OS X 10_15_7) AppleWebKit/537.36 (KHTML, like Gecko) Chrome/125.0.0.0 Safari/537.36"
189.104.197.105 - - [04/Jun/2026:01:45:29 +0700] "GET /wp-content/uploads/2024/09/52.png HTTP/2" 200 825815 "https://sieuthibachviet.com/san-pham/bep-tu-don-bt044/" "Mozilla/5.0 (Macintosh; Intel Mac OS X 10_15_7) AppleWebKit/537.36 (KHTML, like Gecko) Chrome/125.0.0.0 Safari/537.36"
189.104.197.105 - - [04/Jun/2026:01:45:29 +0700] "GET /wp-content/uploads/2024/09/9-2.png HTTP/2" 200 831612 "https://sieuthibachviet.com/san-pham/bep-tu-don-bt044/" "Mozilla/5.0 (Macintosh; Intel Mac OS X 10_15_7) AppleWebKit/537.36 (KHTML, like Gecko) Chrome/125.0.0.0 Safari/537.36"
189.104.197.105 - - [04/Jun/2026:01:45:41 +0700] "GET /wp-content/uploads/2024/09/40.png HTTP/2" 200 782268 "https://sieuthibachviet.com/san-pham/bep-tu-don-bt044/" "Mozilla/5.0 (Macintosh; Intel Mac OS X 10_15_7) AppleWebKit/537.36 (KHTML, like Gecko) Chrome/125.0.0.0 Safari/537.36"
116.179.37.130 - - [04/Jun/2026:01:46:06 +0700] "GET /wp-content/plugins/wp-helper-lite/assets/frontend/js/disableCopy.js?ver=1780512300 HTTP/1.1" 200 658 "https://sieuthibachviet.com/san-pham/beauty-dress/?add_to_wishlist=5252" "Mozilla/5.0 (compatible; Baiduspider-render/2.0; +http://www.baidu.com/search/spider.html)"
116.179.37.49 - - [04/Jun/2026:01:46:07 +0700] "GET /wp-content/uploads/2024/09/BEAUTY02.png HTTP/1.1" 200 842165 "https://sieuthibachviet.com/san-pham/beauty-dress/?add_to_wishlist=5252" "Mozilla/5.0 (compatible; Baiduspider-render/2.0; +http://www.baidu.com/search/spider.html)"
139.162.49.171 - - [04/Jun/2026:01:54:03 +0700] "POST /wp-cron.php?doing_wp_cron=1780512843.1226129531860351562500 HTTP/1.1" 200 0 "-" "WordPress/7.0; https://sieuthibachviet.com"
66.249.71.66 - - [04/Jun/2026:01:54:01 +0700] "GET /cong-ty-tnhh-toc-bach-viet/feed/ HTTP/1.1" 200 438 "-" "Mozilla/5.0 (Linux; Android 6.0.1; Nexus 5X Build/MMB29P) AppleWebKit/537.36 (KHTML, like Gecko) Chrome/148.0.7778.96 Mobile Safari/537.36 (compatible; Googlebot/2.1; +http://www.google.com/bot.html)"
139.162.49.171 - - [04/Jun/2026:02:02:54 +0700] "POST /wp-cron.php?doing_wp_cron=1780513373.7481679916381835937500 HTTP/1.1" 200 0 "-" "WordPress/7.0; https://sieuthibachviet.com"
216.244.66.195 - - [04/Jun/2026:02:02:51 +0700] "GET /robots.txt HTTP/1.1" 200 269 "-" "Mozilla/5.0 (compatible; DotBot/1.2; +https://opensiteexplorer.org/dotbot; help@moz.com)"
116.179.37.144 - - [04/Jun/2026:02:08:04 +0700] "POST /wp-admin/admin-ajax.php HTTP/1.1" 200 1305 "https://sieuthibachviet.com/san-pham/beauty-dress/?add_to_wishlist=4963" "Mozilla/5.0 (compatible; Baiduspider-render/2.0; +http://www.baidu.com/search/spider.html)"
139.162.49.171 - - [04/Jun/2026:02:09:33 +0700] "POST /wp-cron.php?doing_wp_cron=1780513772.8554270267486572265625 HTTP/1.1" 200 0 "-" "WordPress/7.0; https://sieuthibachviet.com"
116.179.37.103 - - [04/Jun/2026:02:08:01 +0700] "GET /wp-content/plugins/wp-helper-lite/assets/frontend/js/app.js?ver=1780513673 HTTP/1.1" 200 573 "https://sieuthibachviet.com/san-pham/beauty-dress/?add_to_wishlist=4963" "Mozilla/5.0 (compatible; Baiduspider-render/2.0; +http://www.baidu.com/search/spider.html)"
116.179.37.182 - - [04/Jun/2026:02:08:02 +0700] "GET /wp-content/plugins/wp-helper-lite/assets/frontend/js/mb-hp-wc-notification.js?ver=1780513673 HTTP/1.1" 200 868 "https://sieuthibachviet.com/san-pham/beauty-dress/?add_to_wishlist=4963" "Mozilla/5.0 (compatible; Baiduspider-render/2.0; +http://www.baidu.com/search/spider.html)"
216.244.66.195 - - [04/Jun/2026:02:14:31 +0700] "GET /cgi-sys/suspendedpage.cgi?add_to_wishlist=5268 HTTP/1.1" 200 7632 "-" "Mozilla/5.0 (compatible; DotBot/1.2; +https://opensiteexplorer.org/dotbot; help@moz.com)"
216.244.66.195 - - [04/Jun/2026:02:17:54 +0700] "GET /shopping/?orderby=rating&add-to-cart=4971 HTTP/1.1" 302 0 "-" "Mozilla/5.0 (compatible; DotBot/1.2; +https://opensiteexplorer.org/dotbot; help@moz.com)"
139.162.49.171 - - [04/Jun/2026:02:07:53 +0700] "POST /wp-cron.php?doing_wp_cron=1780513673.5088589191436767578125 HTTP/1.1" 200 0 "-" "WordPress/7.0; https://sieuthibachviet.com"
116.179.32.135 - - [04/Jun/2026:02:07:51 +0700] "GET /san-pham/beauty-dress/?add_to_wishlist=4963 HTTP/2" 200 36076 "-" "Mozilla/5.0 (compatible; Baiduspider/2.0; +http://www.baidu.com/search/spider.html)"
116.179.37.8 - - [04/Jun/2026:02:08:01 +0700] "GET /wp-content/plugins/wp-helper-lite/assets/frontend/css/app.css?ver=1780513673 HTTP/1.1" 200 2731 "https://sieuthibachviet.com/san-pham/beauty-dress/?add_to_wishlist=4963" "Mozilla/5.0 (compatible; Baiduspider-render/2.0; +http://www.baidu.com/search/spider.html)"
116.179.37.227 - - [04/Jun/2026:02:08:01 +0700] "GET /wp-content/plugins/wp-helper-lite/assets/frontend/js/disableCopy.js?ver=1780513673 HTTP/1.1" 200 658 "https://sieuthibachviet.com/san-pham/beauty-dress/?add_to_wishlist=4963" "Mozilla/5.0 (compatible; Baiduspider-render/2.0; +http://www.baidu.com/search/spider.html)"
116.179.37.83 - - [04/Jun/2026:02:08:03 +0700] "GET /wp-content/plugins/wp-helper-lite/assets/frontend/css/mb-hp-wc-notification.css?ver=1780513673 HTTP/1.1" 200 499 "https://sieuthibachviet.com/san-pham/beauty-dress/?add_to_wishlist=4963" "Mozilla/5.0 (compatible; Baiduspider-render/2.0; +http://www.baidu.com/search/spider.html)"
185.191.171.14 - - [04/Jun/2026:02:09:30 +0700] "GET /product-category/tat-ca-san-pham/?filter_size=m%2Cxl%2Cl%2Cs&orderby=price HTTP/1.1" 200 32659 "-" "Mozilla/5.0 (compatible; SemrushBot/7~bl; +http://www.semrush.com/bot.html)"
85.208.96.204 - - [04/Jun/2026:02:08:02 +0700] "GET /unique-products-for-your-kitchenfrom-ikea-design/ HTTP/1.1" 200 32456 "-" "Mozilla/5.0 (compatible; SemrushBot/7~bl; +http://www.semrush.com/bot.html)"
139.162.49.171 - - [04/Jun/2026:02:13:24 +0700] "POST /wp-cron.php?doing_wp_cron=1780514004.3918340206146240234375 HTTP/1.1" 200 0 "-" "WordPress/7.0; https://sieuthibachviet.com"
66.249.74.101 - - [04/Jun/2026:02:13:22 +0700] "GET /product-category/tat-ca-san-pham/page/7/?add_to_wishlist=5319 HTTP/1.1" 200 24841 "-" "Mozilla/5.0 (Linux; Android 6.0.1; Nexus 5X Build/MMB29P) AppleWebKit/537.36 (KHTML, like Gecko) Chrome/148.0.7778.96 Mobile Safari/537.36 (compatible; Googlebot/2.1; +http://www.google.com/bot.html)"
139.162.49.171 - - [04/Jun/2026:02:17:56 +0700] "POST /wp-cron.php?doing_wp_cron=1780514276.2429471015930175781250 HTTP/1.1" 200 0 "-" "WordPress/7.0; https://sieuthibachviet.com"
85.208.96.210 - - [04/Jun/2026:02:27:25 +0700] "GET /product-category/tat-ca-san-pham/?filter_size=xl%2Cm%2Cs&orderby=price-desc HTTP/1.1" 200 32707 "-" "Mozilla/5.0 (compatible; SemrushBot/7~bl; +http://www.semrush.com/bot.html)"
157.22.101.158 - - [04/Jun/2026:02:28:17 +0700] "POST /xmlrpc.php HTTP/2" 403 1242 "-" "Mozilla/5.0 (Windows NT 10.0; Win64; x64) AppleWebKit/537.36 (KHTML, like Gecko) Chrome/124.0.0.0 Safari/537.36"
130.49.115.124 - - [04/Jun/2026:02:28:41 +0700] "POST /xmlrpc.php HTTP/2" 403 1242 "-" "Mozilla/5.0 (Windows NT 10.0; Win64; x64) AppleWebKit/537.36 (KHTML, like Gecko) Chrome/124.0.0.0 Safari/537.36"
130.49.76.77 - - [04/Jun/2026:02:28:50 +0700] "POST /xmlrpc.php HTTP/2" 403 1242 "-" "Mozilla/5.0 (Windows NT 10.0; Win64; x64) AppleWebKit/537.36 (KHTML, like Gecko) Chrome/124.0.0.0 Safari/537.36"
139.162.49.171 - - [04/Jun/2026:02:29:06 +0700] "POST /wp-cron.php?doing_wp_cron=1780514945.7993938922882080078125 HTTP/1.1" 200 0 "-" "WordPress/7.0; https://sieuthibachviet.com"
45.140.207.54 - - [04/Jun/2026:02:29:02 +0700] "GET /wp-login.php HTTP/2" 200 3126 "-" "Mozilla/5.0 (Macintosh; Intel Mac OS X 10_15_7) AppleWebKit/605.1.15 (KHTML, like Gecko) Version/18.0 Safari/605.1.15"
45.140.207.54 - - [04/Jun/2026:02:29:06 +0700] "POST /wp-login.php HTTP/2" 302 0 "https://sieuthibachviet.com/wp-login.php" "Mozilla/5.0 (Macintosh; Intel Mac OS X 10_15_7) AppleWebKit/605.1.15 (KHTML, like Gecko) Version/18.0 Safari/605.1.15"
45.140.207.54 - - [04/Jun/2026:02:29:07 +0700] "GET /wp-admin/ HTTP/2" 200 94944 "https://sieuthibachviet.com/wp-login.php" "Mozilla/5.0 (Macintosh; Intel Mac OS X 10_15_7) AppleWebKit/605.1.15 (KHTML, like Gecko) Version/18.0 Safari/605.1.15"
45.140.207.54 - - [04/Jun/2026:02:29:15 +0700] "GET /wp-admin/admin-ajax.php?action=rest-nonce HTTP/2" 200 14 "-" "Mozilla/5.0 (Macintosh; Intel Mac OS X 10_15_7) AppleWebKit/605.1.15 (KHTML, like Gecko) Version/18.0 Safari/605.1.15"
45.140.207.54 - - [04/Jun/2026:02:29:16 +0700] "GET /wp-json/wp/v2/users/me HTTP/2" 200 609 "-" "Mozilla/5.0 (Macintosh; Intel Mac OS X 10_15_7) AppleWebKit/605.1.15 (KHTML, like Gecko) Version/18.0 Safari/605.1.15"
45.140.207.54 - - [04/Jun/2026:02:29:17 +0700] "GET /wp-admin/theme-install.php HTTP/2" 200 80596 "-" "Mozilla/5.0 (Macintosh; Intel Mac OS X 10_15_7) AppleWebKit/605.1.15 (KHTML, like Gecko) Version/18.0 Safari/605.1.15"
45.140.207.54 - - [04/Jun/2026:02:29:17 +0700] "GET /wp-admin/plugin-editor.php HTTP/2" 200 82171 "-" "Mozilla/5.0 (Macintosh; Intel Mac OS X 10_15_7) AppleWebKit/605.1.15 (KHTML, like Gecko) Version/18.0 Safari/605.1.15"
45.140.207.54 - - [04/Jun/2026:02:29:17 +0700] "GET /wp-admin/theme-editor.php HTTP/2" 200 170574 "-" "Mozilla/5.0 (Macintosh; Intel Mac OS X 10_15_7) AppleWebKit/605.1.15 (KHTML, like Gecko) Version/18.0 Safari/605.1.15"
45.140.207.54 - - [04/Jun/2026:02:29:17 +0700] "GET /wp-admin/plugin-install.php HTTP/2" 200 84044 "-" "Mozilla/5.0 (Macintosh; Intel Mac OS X 10_15_7) AppleWebKit/605.1.15 (KHTML, like Gecko) Version/18.0 Safari/605.1.15"
45.140.207.54 - - [04/Jun/2026:02:29:17 +0700] "GET /wp-admin/plugins.php?plugin_status=all HTTP/2" 200 252104 "-" "Mozilla/5.0 (Macintosh; Intel Mac OS X 10_15_7) AppleWebKit/605.1.15 (KHTML, like Gecko) Version/18.0 Safari/605.1.15"
45.140.207.54 - - [04/Jun/2026:02:29:20 +0700] "POST /wp-admin/update.php?action=upload-plugin HTTP/2" 403 1242 "https://sieuthibachviet.com/wp-admin/update.php?action=upload-plugin" "Mozilla/5.0 (Macintosh; Intel Mac OS X 10_15_7) AppleWebKit/605.1.15 (KHTML, like Gecko) Version/18.0 Safari/605.1.15"
45.140.207.54 - - [04/Jun/2026:02:29:20 +0700] "GET /wp-admin/plugins.php?plugin_status=all HTTP/2" 200 252103 "-" "Mozilla/5.0 (Macintosh; Intel Mac OS X 10_15_7) AppleWebKit/605.1.15 (KHTML, like Gecko) Version/18.0 Safari/605.1.15"
45.140.207.54 - - [04/Jun/2026:02:29:21 +0700] "GET /wp-admin/plugins.php?plugin_status=all HTTP/2" 200 252103 "-" "Mozilla/5.0 (Macintosh; Intel Mac OS X 10_15_7) AppleWebKit/605.1.15 (KHTML, like Gecko) Version/18.0 Safari/605.1.15"
157.22.103.126 - - [04/Jun/2026:02:28:01 +0700] "POST /xmlrpc.php HTTP/2" 403 1242 "-" "Mozilla/5.0 (Macintosh; Intel Mac OS X 10_15_7) AppleWebKit/605.1.15 (KHTML, like Gecko) Version/18.0 Safari/605.1.15"
194.104.8.239 - - [04/Jun/2026:02:28:25 +0700] "POST /xmlrpc.php HTTP/2" 403 1242 "-" "Mozilla/5.0 (Windows NT 10.0; Win64; x64) AppleWebKit/537.36 (KHTML, like Gecko) Chrome/124.0.0.0 Safari/537.36"
139.162.49.171 - - [04/Jun/2026:02:30:43 +0700] "POST /wp-cron.php?doing_wp_cron=1780515043.4043920040130615234375 HTTP/1.1" 200 0 "-" "WordPress/7.0; https://sieuthibachviet.com"
116.179.37.177 - - [04/Jun/2026:02:32:02 +0700] "GET /wp-content/plugins/wp-helper-lite/assets/frontend/css/mb-hp-wc-notification.css?ver=1780515043 HTTP/1.1" 200 499 "https://sieuthibachviet.com/product-category/do-gia-dung/noi-dien-chao-dien/?orderby=price&add_to_wishlist=5517" "Mozilla/5.0 (compatible; Baiduspider-render/2.0; +http://www.baidu.com/search/spider.html)"
116.179.37.118 - - [04/Jun/2026:02:32:04 +0700] "GET /wp-content/plugins/wp-helper-lite/assets/frontend/js/mb-hp-wc-notification.js?ver=1780515043 HTTP/1.1" 200 868 "https://sieuthibachviet.com/product-category/do-gia-dung/noi-dien-chao-dien/?orderby=price&add_to_wishlist=5517" "Mozilla/5.0 (compatible; Baiduspider-render/2.0; +http://www.baidu.com/search/spider.html)"
116.179.37.170 - - [04/Jun/2026:02:32:04 +0700] "GET /wp-content/uploads/2024/09/7-7-300x300.png HTTP/1.1" 200 48740 "https://sieuthibachviet.com/product-category/do-gia-dung/noi-dien-chao-dien/?orderby=price&add_to_wishlist=5517" "Mozilla/5.0 (compatible; Baiduspider-render/2.0; +http://www.baidu.com/search/spider.html)"
139.162.49.171 - - [04/Jun/2026:02:33:35 +0700] "POST /wp-cron.php?doing_wp_cron=1780515215.3525209426879882812500 HTTP/1.1" 200 0 "-" "WordPress/7.0; https://sieuthibachviet.com"
92.222.104.194 - - [04/Jun/2026:02:36:22 +0700] "GET /wp-content/plugins/wp-helper-lite/assets/frontend/js/mb-hp-wc-notification.js?ver=1780515214 HTTP/2" 200 780 "-" "Mozilla/5.0 (compatible; AhrefsBot/7.0; +http://ahrefs.com/robot/)"
92.222.104.213 - - [04/Jun/2026:02:36:31 +0700] "GET /wp-content/uploads/elementor/css/post-5311.css?ver=1734100548 HTTP/2" 200 126 "-" "Mozilla/5.0 (compatible; AhrefsBot/7.0; +http://ahrefs.com/robot/)"
45.140.207.54 - - [04/Jun/2026:02:29:23 +0700] "GET /wp-admin/plugins.php?plugin_status=all HTTP/2" 200 252105 "-" "Mozilla/5.0 (Macintosh; Intel Mac OS X 10_15_7) AppleWebKit/605.1.15 (KHTML, like Gecko) Version/18.0 Safari/605.1.15"
45.140.207.54 - - [04/Jun/2026:02:29:24 +0700] "GET /wp-admin/plugins.php?plugin_status=all HTTP/2" 200 252105 "-" "Mozilla/5.0 (Macintosh; Intel Mac OS X 10_15_7) AppleWebKit/605.1.15 (KHTML, like Gecko) Version/18.0 Safari/605.1.15"
45.140.207.54 - - [04/Jun/2026:02:29:31 +0700] "GET /wp-admin/admin.php?page=wc-reports&range=last_month HTTP/2" 200 234595 "-" "Mozilla/5.0 (Macintosh; Intel Mac OS X 10_15_7) AppleWebKit/605.1.15 (KHTML, like Gecko) Version/18.0 Safari/605.1.15"
45.140.207.54 - - [04/Jun/2026:02:29:40 +0700] "GET /wp-admin/admin.php?page=wc-orders HTTP/2" 301 0 "-" "Mozilla/5.0 (Macintosh; Intel Mac OS X 10_15_7) AppleWebKit/605.1.15 (KHTML, like Gecko) Version/18.0 Safari/605.1.15"
45.140.207.54 - - [04/Jun/2026:02:29:41 +0700] "GET /wp-admin/edit.php?post_type=shop_order HTTP/2" 200 260875 "-" "Mozilla/5.0 (Macintosh; Intel Mac OS X 10_15_7) AppleWebKit/605.1.15 (KHTML, like Gecko) Version/18.0 Safari/605.1.15"
45.140.207.54 - - [04/Jun/2026:02:29:48 +0700] "GET /wp-admin/plugins.php HTTP/2" 200 252158 "-" "Mozilla/5.0 (Macintosh; Intel Mac OS X 10_15_7) AppleWebKit/605.1.15 (KHTML, like Gecko) Version/18.0 Safari/605.1.15"
116.179.37.108 - - [04/Jun/2026:02:32:02 +0700] "GET /wp-content/plugins/wp-helper-lite/assets/frontend/js/app.js?ver=1780515043 HTTP/1.1" 200 573 "https://sieuthibachviet.com/product-category/do-gia-dung/noi-dien-chao-dien/?orderby=price&add_to_wishlist=5517" "Mozilla/5.0 (compatible; Baiduspider-render/2.0; +http://www.baidu.com/search/spider.html)"
116.179.37.45 - - [04/Jun/2026:02:32:02 +0700] "GET /wp-content/plugins/wp-helper-lite/assets/frontend/js/disableCopy.js?ver=1780515043 HTTP/1.1" 200 658 "https://sieuthibachviet.com/product-category/do-gia-dung/noi-dien-chao-dien/?orderby=price&add_to_wishlist=5517" "Mozilla/5.0 (compatible; Baiduspider-render/2.0; +http://www.baidu.com/search/spider.html)"
139.162.49.171 - - [04/Jun/2026:02:32:04 +0700] "POST /wp-cron.php?doing_wp_cron=1780515123.8579490184783935546875 HTTP/1.1" 200 0 "-" "WordPress/7.0; https://sieuthibachviet.com"
116.179.37.170 - - [04/Jun/2026:02:32:05 +0700] "POST /wp-admin/admin-ajax.php HTTP/1.1" 200 1339 "https://sieuthibachviet.com/product-category/do-gia-dung/noi-dien-chao-dien/?orderby=price&add_to_wishlist=5517" "Mozilla/5.0 (compatible; Baiduspider-render/2.0; +http://www.baidu.com/search/spider.html)"
139.162.49.171 - - [04/Jun/2026:02:27:23 +0700] "POST /wp-cron.php?doing_wp_cron=1780514843.6113309860229492187500 HTTP/1.1" 200 0 "-" "WordPress/7.0; https://sieuthibachviet.com"
185.88.100.24 - - [04/Jun/2026:02:27:51 +0700] "POST /xmlrpc.php HTTP/2" 403 1242 "-" "Mozilla/5.0 (Macintosh; Intel Mac OS X 10_15_7) AppleWebKit/605.1.15 (KHTML, like Gecko) Version/18.0 Safari/605.1.15"
139.162.49.171 - - [04/Jun/2026:02:29:41 +0700] "POST /wp-cron.php?doing_wp_cron=1780514981.0429439544677734375000 HTTP/1.1" 200 0 "-" "WordPress/7.0; https://sieuthibachviet.com"
116.179.32.28 - - [04/Jun/2026:02:30:42 +0700] "GET /product-category/do-gia-dung/noi-dien-chao-dien/?orderby=price&add_to_wishlist=5517 HTTP/2" 200 30414 "-" "Mozilla/5.0 (compatible; Baiduspider/2.0; +http://www.baidu.com/search/spider.html)"
116.179.37.136 - - [04/Jun/2026:02:32:02 +0700] "GET /wp-content/plugins/wp-helper-lite/assets/frontend/css/app.css?ver=1780515043 HTTP/1.1" 200 2731 "https://sieuthibachviet.com/product-category/do-gia-dung/noi-dien-chao-dien/?orderby=price&add_to_wishlist=5517" "Mozilla/5.0 (compatible; Baiduspider-render/2.0; +http://www.baidu.com/search/spider.html)"
185.191.171.6 - - [04/Jun/2026:02:32:01 +0700] "GET /product-category/thoi-trang/?filter_size=xl%2Cs%2Cm&orderby=rating HTTP/1.1" 200 32592 "-" "Mozilla/5.0 (compatible; SemrushBot/7~bl; +http://www.semrush.com/bot.html)"
176.31.139.9 - - [04/Jun/2026:02:33:33 +0700] "GET /san-pham/bep-tu-don-bt062/ HTTP/2" 200 30294 "-" "Mozilla/5.0 (compatible; AhrefsBot/7.0; +http://ahrefs.com/robot/)"
5.39.1.235 - - [04/Jun/2026:02:36:21 +0700] "GET /wp-content/plugins/wp-helper-lite/assets/frontend/css/mb-hp-wc-notification.css?ver=1780515214 HTTP/2" 200 421 "-" "Mozilla/5.0 (compatible; AhrefsBot/7.0; +http://ahrefs.com/robot/)"
54.37.118.79 - - [04/Jun/2026:02:36:29 +0700] "GET /wp-content/plugins/wp-helper-lite/assets/frontend/js/app.js?ver=1780515214 HTTP/2" 200 505 "-" "Mozilla/5.0 (compatible; AhrefsBot/7.0; +http://ahrefs.com/robot/)"
51.68.247.219 - - [04/Jun/2026:02:36:36 +0700] "GET /wp-content/plugins/wp-helper-lite/assets/frontend/css/app.css?ver=1780515214 HTTP/2" 200 2589 "-" "Mozilla/5.0 (compatible; AhrefsBot/7.0; +http://ahrefs.com/robot/)"
176.31.139.6 - - [04/Jun/2026:02:36:42 +0700] "GET /wp-content/plugins/wp-helper-lite/assets/frontend/js/disableCopy.js?ver=1780515214 HTTP/2" 200 524 "-" "Mozilla/5.0 (compatible; AhrefsBot/7.0; +http://ahrefs.com/robot/)"
85.208.96.209 - - [04/Jun/2026:02:27:21 +0700] "GET /robots.txt HTTP/1.1" 200 162 "-" "Mozilla/5.0 (compatible; SemrushBot/7~bl; +http://www.semrush.com/bot.html)"
45.80.104.19 - - [04/Jun/2026:02:28:08 +0700] "POST /xmlrpc.php HTTP/2" 403 1242 "-" "Mozilla/5.0 (Windows NT 10.0; Win64; x64; rv:133.0) Gecko/20100101 Firefox/133.0"
185.191.171.6 - - [04/Jun/2026:02:37:56 +0700] "GET /product-category/thoi-trang/thoi-trang-me-bau/?filter_size=m%2Cxl%2Cl&orderby=price-desc HTTP/1.1" 200 32768 "-" "Mozilla/5.0 (compatible; SemrushBot/7~bl; +http://www.semrush.com/bot.html)"
85.208.96.195 - - [04/Jun/2026:02:39:47 +0700] "GET /shopping/?filter_size=s%2Cm%2Cl%2Cxl&orderby=price HTTP/1.1" 200 32616 "-" "Mozilla/5.0 (compatible; SemrushBot/7~bl; +http://www.semrush.com/bot.html)"
139.162.49.171 - - [04/Jun/2026:02:41:39 +0700] "POST /wp-cron.php?doing_wp_cron=1780515698.6937530040740966796875 HTTP/1.1" 200 0 "-" "WordPress/7.0; https://sieuthibachviet.com"
181.215.21.244 - - [04/Jun/2026:02:42:48 +0700] "GET /wp-content/plugins/wp-helper-lite/assets/frontend/css/app.css?ver=1780515768 HTTP/2" 200 2589 "https://sieuthibachviet.com/san-pham/bep-tu-doi-ih1031ge/" "Mozilla/5.0 (Macintosh; Intel Mac OS X 10_15_7) AppleWebKit/537.36 (KHTML, like Gecko) Chrome/125.0.0.0 Safari/537.36"
181.215.21.244 - - [04/Jun/2026:02:42:48 +0700] "GET /wp-content/plugins/wcboost-variation-swatches/assets/css/frontend.css?ver=1.1.1 HTTP/2" 200 1091 "https://sieuthibachviet.com/san-pham/bep-tu-doi-ih1031ge/" "Mozilla/5.0 (Macintosh; Intel Mac OS X 10_15_7) AppleWebKit/537.36 (KHTML, like Gecko) Chrome/125.0.0.0 Safari/537.36"
181.215.21.244 - - [04/Jun/2026:02:42:48 +0700] "GET /wp-content/plugins/woocommerce/assets/client/blocks/wc-blocks.css?ver=1772505142 HTTP/2" 200 2342 "https://sieuthibachviet.com/san-pham/bep-tu-doi-ih1031ge/" "Mozilla/5.0 (Macintosh; Intel Mac OS X 10_15_7) AppleWebKit/537.36 (KHTML, like Gecko) Chrome/125.0.0.0 Safari/537.36"
181.215.21.244 - - [04/Jun/2026:02:42:48 +0700] "GET /wp-content/plugins/wp-helper-lite/assets/frontend/css/mb-hp-wc-notification.css?ver=1780515768 HTTP/2" 200 421 "https://sieuthibachviet.com/san-pham/bep-tu-doi-ih1031ge/" "Mozilla/5.0 (Macintosh; Intel Mac OS X 10_15_7) AppleWebKit/537.36 (KHTML, like Gecko) Chrome/125.0.0.0 Safari/537.36"
181.215.21.244 - - [04/Jun/2026:02:42:48 +0700] "GET /wp-content/plugins/yith-woocommerce-compare/assets/css/colorbox.css?ver=1.4.21 HTTP/2" 200 1068 "https://sieuthibachviet.com/san-pham/bep-tu-doi-ih1031ge/" "Mozilla/5.0 (Macintosh; Intel Mac OS X 10_15_7) AppleWebKit/537.36 (KHTML, like Gecko) Chrome/125.0.0.0 Safari/537.36"
181.215.21.244 - - [04/Jun/2026:02:42:48 +0700] "GET /wp-content/plugins/contact-form-7/includes/css/styles.css?ver=6.0.1 HTTP/2" 200 890 "https://sieuthibachviet.com/san-pham/bep-tu-doi-ih1031ge/" "Mozilla/5.0 (Macintosh; Intel Mac OS X 10_15_7) AppleWebKit/537.36 (KHTML, like Gecko) Chrome/125.0.0.0 Safari/537.36"
181.215.21.244 - - [04/Jun/2026:02:42:48 +0700] "GET /wp-content/plugins/woocommerce/assets/css/woocommerce.css?ver=9.4.5 HTTP/2" 200 9953 "https://sieuthibachviet.com/san-pham/bep-tu-doi-ih1031ge/" "Mozilla/5.0 (Macintosh; Intel Mac OS X 10_15_7) AppleWebKit/537.36 (KHTML, like Gecko) Chrome/125.0.0.0 Safari/537.36"
181.215.21.244 - - [04/Jun/2026:02:42:48 +0700] "GET /wp-content/plugins/yith-woocommerce-wishlist/assets/css/style.css?ver=4.0.1 HTTP/2" 200 6216 "https://sieuthibachviet.com/san-pham/bep-tu-doi-ih1031ge/" "Mozilla/5.0 (Macintosh; Intel Mac OS X 10_15_7) AppleWebKit/537.36 (KHTML, like Gecko) Chrome/125.0.0.0 Safari/537.36"
181.215.21.244 - - [04/Jun/2026:02:42:48 +0700] "GET /wp-content/plugins/yith-woocommerce-wishlist/assets/css/jquery.selectBox.css?ver=1.2.0 HTTP/2" 200 670 "https://sieuthibachviet.com/san-pham/bep-tu-doi-ih1031ge/" "Mozilla/5.0 (Macintosh; Intel Mac OS X 10_15_7) AppleWebKit/537.36 (KHTML, like Gecko) Chrome/125.0.0.0 Safari/537.36"
181.215.21.244 - - [04/Jun/2026:02:42:48 +0700] "GET /wp-content/themes/martfury/css/ionicons.min.css?ver=2.0.0 HTTP/2" 200 7505 "https://sieuthibachviet.com/san-pham/bep-tu-doi-ih1031ge/" "Mozilla/5.0 (Macintosh; Intel Mac OS X 10_15_7) AppleWebKit/537.36 (KHTML, like Gecko) Chrome/125.0.0.0 Safari/537.36"
181.215.21.244 - - [04/Jun/2026:02:42:48 +0700] "GET /wp-content/plugins/woocommerce/assets/css/prettyPhoto.css?ver=3.1.6 HTTP/2" 200 1806 "https://sieuthibachviet.com/san-pham/bep-tu-doi-ih1031ge/" "Mozilla/5.0 (Macintosh; Intel Mac OS X 10_15_7) AppleWebKit/537.36 (KHTML, like Gecko) Chrome/125.0.0.0 Safari/537.36"
181.215.21.244 - - [04/Jun/2026:02:42:48 +0700] "GET /wp-content/themes/martfury/css/bootstrap.min.css?ver=3.3.7 HTTP/2" 200 3727 "https://sieuthibachviet.com/san-pham/bep-tu-doi-ih1031ge/" "Mozilla/5.0 (Macintosh; Intel Mac OS X 10_15_7) AppleWebKit/537.36 (KHTML, like Gecko) Chrome/125.0.0.0 Safari/537.36"
181.215.21.244 - - [04/Jun/2026:02:42:48 +0700] "GET /wp-content/themes/martfury/css/linearicons.min.css?ver=1.0.0 HTTP/2" 200 7480 "https://sieuthibachviet.com/san-pham/bep-tu-doi-ih1031ge/" "Mozilla/5.0 (Macintosh; Intel Mac OS X 10_15_7) AppleWebKit/537.36 (KHTML, like Gecko) Chrome/125.0.0.0 Safari/537.36"
181.215.21.244 - - [04/Jun/2026:02:42:49 +0700] "GET /wp-content/plugins/woocommerce/assets/css/photoswipe/photoswipe.min.css?ver=9.4.5 HTTP/2" 200 857 "https://sieuthibachviet.com/san-pham/bep-tu-doi-ih1031ge/" "Mozilla/5.0 (Macintosh; Intel Mac OS X 10_15_7) AppleWebKit/537.36 (KHTML, like Gecko) Chrome/125.0.0.0 Safari/537.36"
181.215.21.244 - - [04/Jun/2026:02:42:48 +0700] "GET /wp-content/themes/martfury/css/eleganticons.min.css?ver=1.0.0 HTTP/2" 200 3787 "https://sieuthibachviet.com/san-pham/bep-tu-doi-ih1031ge/" "Mozilla/5.0 (Macintosh; Intel Mac OS X 10_15_7) AppleWebKit/537.36 (KHTML, like Gecko) Chrome/125.0.0.0 Safari/537.36"
181.215.21.244 - - [04/Jun/2026:02:42:48 +0700] "GET /wp-content/plugins/elementor/assets/lib/font-awesome/css/font-awesome.css?ver=4.7.0 HTTP/2" 200 7048 "https://sieuthibachviet.com/san-pham/bep-tu-doi-ih1031ge/" "Mozilla/5.0 (Macintosh; Intel Mac OS X 10_15_7) AppleWebKit/537.36 (KHTML, like Gecko) Chrome/125.0.0.0 Safari/537.36"
181.215.21.244 - - [04/Jun/2026:02:42:49 +0700] "GET /wp-content/plugins/woocommerce-deals/assets/css/tawc-deals.css?ver=1.0.0 HTTP/2" 200 301 "https://sieuthibachviet.com/san-pham/bep-tu-doi-ih1031ge/" "Mozilla/5.0 (Macintosh; Intel Mac OS X 10_15_7) AppleWebKit/537.36 (KHTML, like Gecko) Chrome/125.0.0.0 Safari/537.36"
181.215.21.244 - - [04/Jun/2026:02:42:49 +0700] "GET /wp-content/themes/martfury/style.css?ver=20201224 HTTP/2" 200 78255 "https://sieuthibachviet.com/san-pham/bep-tu-doi-ih1031ge/" "Mozilla/5.0 (Macintosh; Intel Mac OS X 10_15_7) AppleWebKit/537.36 (KHTML, like Gecko) Chrome/125.0.0.0 Safari/537.36"
181.215.21.244 - - [04/Jun/2026:02:42:49 +0700] "GET /wp-content/plugins/woocommerce/assets/css/photoswipe/default-skin/default-skin.min.css?ver=9.4.5 HTTP/2" 200 1728 "https://sieuthibachviet.com/san-pham/bep-tu-doi-ih1031ge/" "Mozilla/5.0 (Macintosh; Intel Mac OS X 10_15_7) AppleWebKit/537.36 (KHTML, like Gecko) Chrome/125.0.0.0 Safari/537.36"
181.215.21.244 - - [04/Jun/2026:02:42:49 +0700] "GET /wp-content/plugins/revslider/public/assets/css/rs6.css?ver=6.5.31 HTTP/2" 200 12003 "https://sieuthibachviet.com/san-pham/bep-tu-doi-ih1031ge/" "Mozilla/5.0 (Macintosh; Intel Mac OS X 10_15_7) AppleWebKit/537.36 (KHTML, like Gecko) Chrome/125.0.0.0 Safari/537.36"
181.215.21.244 - - [04/Jun/2026:02:42:49 +0700] "GET /wp-includes/js/jquery/jquery-migrate.js?ver=3.4.1 HTTP/2" 200 9712 "https://sieuthibachviet.com/san-pham/bep-tu-doi-ih1031ge/" "Mozilla/5.0 (Macintosh; Intel Mac OS X 10_15_7) AppleWebKit/537.36 (KHTML, like Gecko) Chrome/125.0.0.0 Safari/537.36"
181.215.21.244 - - [04/Jun/2026:02:42:49 +0700] "GET /wp-includes/js/wp-util.js?ver=7.0 HTTP/2" 200 1594 "https://sieuthibachviet.com/san-pham/bep-tu-doi-ih1031ge/" "Mozilla/5.0 (Macintosh; Intel Mac OS X 10_15_7) AppleWebKit/537.36 (KHTML, like Gecko) Chrome/125.0.0.0 Safari/537.36"
181.215.21.244 - - [04/Jun/2026:02:42:49 +0700] "GET /wp-content/themes/martfury/js/plugins/waypoints.min.js?ver=2.0.2 HTTP/2" 200 2466 "https://sieuthibachviet.com/san-pham/bep-tu-doi-ih1031ge/" "Mozilla/5.0 (Macintosh; Intel Mac OS X 10_15_7) AppleWebKit/537.36 (KHTML, like Gecko) Chrome/125.0.0.0 Safari/537.36"
181.215.21.244 - - [04/Jun/2026:02:42:49 +0700] "GET /wp-includes/js/underscore.min.js?ver=1.13.8 HTTP/2" 200 7228 "https://sieuthibachviet.com/san-pham/bep-tu-doi-ih1031ge/" "Mozilla/5.0 (Macintosh; Intel Mac OS X 10_15_7) AppleWebKit/537.36 (KHTML, like Gecko) Chrome/125.0.0.0 Safari/537.36"
181.215.21.244 - - [04/Jun/2026:02:42:49 +0700] "GET /wp-includes/js/jquery/jquery.js?ver=3.7.1 HTTP/2" 200 81316 "https://sieuthibachviet.com/san-pham/bep-tu-doi-ih1031ge/" "Mozilla/5.0 (Macintosh; Intel Mac OS X 10_15_7) AppleWebKit/537.36 (KHTML, like Gecko) Chrome/125.0.0.0 Safari/537.36"
181.215.21.244 - - [04/Jun/2026:02:42:49 +0700] "GET /wp-content/uploads/2024/09/1-8-600x847.png HTTP/2" 200 72039 "https://sieuthibachviet.com/san-pham/bep-tu-doi-ih1031ge/" "Mozilla/5.0 (Macintosh; Intel Mac OS X 10_15_7) AppleWebKit/537.36 (KHTML, like Gecko) Chrome/125.0.0.0 Safari/537.36"
181.215.21.244 - - [04/Jun/2026:02:42:49 +0700] "GET /wp-content/uploads/2024/01/logo-bach-viet-mau-vang.png HTTP/2" 200 27595 "https://sieuthibachviet.com/san-pham/bep-tu-doi-ih1031ge/" "Mozilla/5.0 (Macintosh; Intel Mac OS X 10_15_7) AppleWebKit/537.36 (KHTML, like Gecko) Chrome/125.0.0.0 Safari/537.36"
181.215.21.244 - - [04/Jun/2026:02:42:49 +0700] "GET /wp-content/uploads/2024/09/7-1-300x300.png HTTP/2" 200 48809 "https://sieuthibachviet.com/san-pham/bep-tu-doi-ih1031ge/" "Mozilla/5.0 (Macintosh; Intel Mac OS X 10_15_7) AppleWebKit/537.36 (KHTML, like Gecko) Chrome/125.0.0.0 Safari/537.36"
181.215.21.244 - - [04/Jun/2026:02:42:49 +0700] "GET /wp-content/uploads/2024/09/6-3-300x300.png HTTP/2" 200 29834 "https://sieuthibachviet.com/san-pham/bep-tu-doi-ih1031ge/" "Mozilla/5.0 (Macintosh; Intel Mac OS X 10_15_7) AppleWebKit/537.36 (KHTML, like Gecko) Chrome/125.0.0.0 Safari/537.36"
181.215.21.244 - - [04/Jun/2026:02:42:49 +0700] "GET /wp-content/plugins/wp-helper-lite/assets/frontend/images/facebook.png HTTP/2" 200 2873 "https://sieuthibachviet.com/san-pham/bep-tu-doi-ih1031ge/" "Mozilla/5.0 (Macintosh; Intel Mac OS X 10_15_7) AppleWebKit/537.36 (KHTML, like Gecko) Chrome/125.0.0.0 Safari/537.36"
181.215.21.244 - - [04/Jun/2026:02:42:48 +0700] "GET /san-pham/bep-tu-doi-ih1031ge/ HTTP/2" 200 30267 "https://websosanh.vn/" "Mozilla/5.0 (Macintosh; Intel Mac OS X 10_15_7) AppleWebKit/537.36 (KHTML, like Gecko) Chrome/125.0.0.0 Safari/537.36"
181.215.21.244 - - [04/Jun/2026:02:42:49 +0700] "GET /wp-includes/js/dist/hooks.js?ver=7496969728ca0f95732d HTTP/2" 200 2393 "https://sieuthibachviet.com/san-pham/bep-tu-doi-ih1031ge/" "Mozilla/5.0 (Macintosh; Intel Mac OS X 10_15_7) AppleWebKit/537.36 (KHTML, like Gecko) Chrome/125.0.0.0 Safari/537.36"
181.215.21.244 - - [04/Jun/2026:02:42:49 +0700] "GET /wp-includes/js/dist/i18n.js?ver=781d11515ad3d91786ec HTTP/2" 200 3924 "https://sieuthibachviet.com/san-pham/bep-tu-doi-ih1031ge/" "Mozilla/5.0 (Macintosh; Intel Mac OS X 10_15_7) AppleWebKit/537.36 (KHTML, like Gecko) Chrome/125.0.0.0 Safari/537.36"
181.215.21.244 - - [04/Jun/2026:02:42:49 +0700] "GET /wp-content/plugins/contact-form-7/includes/js/index.js?ver=6.0.1 HTTP/2" 200 4008 "https://sieuthibachviet.com/san-pham/bep-tu-doi-ih1031ge/" "Mozilla/5.0 (Macintosh; Intel Mac OS X 10_15_7) AppleWebKit/537.36 (KHTML, like Gecko) Chrome/125.0.0.0 Safari/537.36"
181.215.21.244 - - [04/Jun/2026:02:42:49 +0700] "GET /wp-content/plugins/contact-form-7/includes/swv/js/index.js?ver=6.0.1 HTTP/2" 200 3369 "https://sieuthibachviet.com/san-pham/bep-tu-doi-ih1031ge/" "Mozilla/5.0 (Macintosh; Intel Mac OS X 10_15_7) AppleWebKit/537.36 (KHTML, like Gecko) Chrome/125.0.0.0 Safari/537.36"
181.215.21.244 - - [04/Jun/2026:02:42:49 +0700] "GET /wp-content/plugins/wp-helper-lite/assets/frontend/js/app.js?ver=1780515768 HTTP/2" 200 505 "https://sieuthibachviet.com/san-pham/bep-tu-doi-ih1031ge/" "Mozilla/5.0 (Macintosh; Intel Mac OS X 10_15_7) AppleWebKit/537.36 (KHTML, like Gecko) Chrome/125.0.0.0 Safari/537.36"
181.215.21.244 - - [04/Jun/2026:02:42:49 +0700] "GET /wp-content/plugins/wp-helper-lite/assets/frontend/js/disableCopy.js?ver=1780515768 HTTP/2" 200 524 "https://sieuthibachviet.com/san-pham/bep-tu-doi-ih1031ge/" "Mozilla/5.0 (Macintosh; Intel Mac OS X 10_15_7) AppleWebKit/537.36 (KHTML, like Gecko) Chrome/125.0.0.0 Safari/537.36"
181.215.21.244 - - [04/Jun/2026:02:42:49 +0700] "GET /wp-content/plugins/wcboost-variation-swatches/assets/js/frontend.js?ver=1.1.1 HTTP/2" 200 1797 "https://sieuthibachviet.com/san-pham/bep-tu-doi-ih1031ge/" "Mozilla/5.0 (Macintosh; Intel Mac OS X 10_15_7) AppleWebKit/537.36 (KHTML, like Gecko) Chrome/125.0.0.0 Safari/537.36"
181.215.21.244 - - [04/Jun/2026:02:42:49 +0700] "GET /wp-content/plugins/wp-helper-lite/assets/frontend/js/mb-hp-wc-notification.js?ver=1780515768 HTTP/2" 200 780 "https://sieuthibachviet.com/san-pham/bep-tu-doi-ih1031ge/" "Mozilla/5.0 (Macintosh; Intel Mac OS X 10_15_7) AppleWebKit/537.36 (KHTML, like Gecko) Chrome/125.0.0.0 Safari/537.36"
181.215.21.244 - - [04/Jun/2026:02:42:49 +0700] "GET /wp-content/plugins/yith-woocommerce-compare/assets/js/jquery.colorbox-min.js?ver=1.4.21 HTTP/2" 200 4461 "https://sieuthibachviet.com/san-pham/bep-tu-doi-ih1031ge/" "Mozilla/5.0 (Macintosh; Intel Mac OS X 10_15_7) AppleWebKit/537.36 (KHTML, like Gecko) Chrome/125.0.0.0 Safari/537.36"
181.215.21.244 - - [04/Jun/2026:02:42:49 +0700] "GET /wp-content/plugins/yith-woocommerce-compare/assets/js/woocompare.js?ver=2.45.0 HTTP/2" 200 2080 "https://sieuthibachviet.com/san-pham/bep-tu-doi-ih1031ge/" "Mozilla/5.0 (Macintosh; Intel Mac OS X 10_15_7) AppleWebKit/537.36 (KHTML, like Gecko) Chrome/125.0.0.0 Safari/537.36"
181.215.21.244 - - [04/Jun/2026:02:42:50 +0700] "GET /wp-content/themes/martfury/js/plugins/photoswipe-ui.min.js?ver=4.1.1 HTTP/2" 200 3564 "https://sieuthibachviet.com/san-pham/bep-tu-doi-ih1031ge/" "Mozilla/5.0 (Macintosh; Intel Mac OS X 10_15_7) AppleWebKit/537.36 (KHTML, like Gecko) Chrome/125.0.0.0 Safari/537.36"
181.215.21.244 - - [04/Jun/2026:02:42:50 +0700] "GET /wp-content/plugins/woocommerce/assets/js/photoswipe/photoswipe.js?ver=4.1.1-wc.9.4.5 HTTP/2" 200 24821 "https://sieuthibachviet.com/san-pham/bep-tu-doi-ih1031ge/" "Mozilla/5.0 (Macintosh; Intel Mac OS X 10_15_7) AppleWebKit/537.36 (KHTML, like Gecko) Chrome/125.0.0.0 Safari/537.36"
181.215.21.244 - - [04/Jun/2026:02:42:50 +0700] "GET /wp-includes/js/jquery/ui/core.js?ver=1.13.3 HTTP/2" 200 12968 "https://sieuthibachviet.com/san-pham/bep-tu-doi-ih1031ge/" "Mozilla/5.0 (Macintosh; Intel Mac OS X 10_15_7) AppleWebKit/537.36 (KHTML, like Gecko) Chrome/125.0.0.0 Safari/537.36"
181.215.21.244 - - [04/Jun/2026:02:42:50 +0700] "GET /wp-includes/js/jquery/ui/tooltip.js?ver=1.13.3 HTTP/2" 200 4328 "https://sieuthibachviet.com/san-pham/bep-tu-doi-ih1031ge/" "Mozilla/5.0 (Macintosh; Intel Mac OS X 10_15_7) AppleWebKit/537.36 (KHTML, like Gecko) Chrome/125.0.0.0 Safari/537.36"
181.215.21.244 - - [04/Jun/2026:02:42:50 +0700] "GET /wp-includes/js/imagesloaded.min.js?ver=5.0.0 HTTP/2" 200 1687 "https://sieuthibachviet.com/san-pham/bep-tu-doi-ih1031ge/" "Mozilla/5.0 (Macintosh; Intel Mac OS X 10_15_7) AppleWebKit/537.36 (KHTML, like Gecko) Chrome/125.0.0.0 Safari/537.36"
181.215.21.244 - - [04/Jun/2026:02:42:50 +0700] "GET /wp-content/themes/martfury/js/plugins/jquery.lazyload.min.js?ver=1.9.7 HTTP/2" 200 1183 "https://sieuthibachviet.com/san-pham/bep-tu-doi-ih1031ge/" "Mozilla/5.0 (Macintosh; Intel Mac OS X 10_15_7) AppleWebKit/537.36 (KHTML, like Gecko) Chrome/125.0.0.0 Safari/537.36"
181.215.21.244 - - [04/Jun/2026:02:42:50 +0700] "GET /wp-content/themes/martfury/js/plugins/isInViewport.min.js?ver=1.0.0 HTTP/2" 200 1036 "https://sieuthibachviet.com/san-pham/bep-tu-doi-ih1031ge/" "Mozilla/5.0 (Macintosh; Intel Mac OS X 10_15_7) AppleWebKit/537.36 (KHTML, like Gecko) Chrome/125.0.0.0 Safari/537.36"
181.215.21.244 - - [04/Jun/2026:02:42:50 +0700] "GET /wp-content/themes/martfury/js/plugins/jquery.fitvids.js?ver=1.1.0 HTTP/2" 200 1121 "https://sieuthibachviet.com/san-pham/bep-tu-doi-ih1031ge/" "Mozilla/5.0 (Macintosh; Intel Mac OS X 10_15_7) AppleWebKit/537.36 (KHTML, like Gecko) Chrome/125.0.0.0 Safari/537.36"
181.215.21.244 - - [04/Jun/2026:02:42:50 +0700] "GET /wp-content/themes/martfury/js/plugins/jquery.counterup.min.js?ver=1.0.0 HTTP/2" 200 809 "https://sieuthibachviet.com/san-pham/bep-tu-doi-ih1031ge/" "Mozilla/5.0 (Macintosh; Intel Mac OS X 10_15_7) AppleWebKit/537.36 (KHTML, like Gecko) Chrome/125.0.0.0 Safari/537.36"
181.215.21.244 - - [04/Jun/2026:02:42:50 +0700] "GET /wp-content/themes/martfury/js/plugins/jquery.coundown.js?ver=1.0.0 HTTP/2" 200 437 "https://sieuthibachviet.com/san-pham/bep-tu-doi-ih1031ge/" "Mozilla/5.0 (Macintosh; Intel Mac OS X 10_15_7) AppleWebKit/537.36 (KHTML, like Gecko) Chrome/125.0.0.0 Safari/537.36"
181.215.21.244 - - [04/Jun/2026:02:42:50 +0700] "GET /wp-content/themes/martfury/js/plugins/jquery.tabs.js?ver=1.0.0 HTTP/2" 200 376 "https://sieuthibachviet.com/san-pham/bep-tu-doi-ih1031ge/" "Mozilla/5.0 (Macintosh; Intel Mac OS X 10_15_7) AppleWebKit/537.36 (KHTML, like Gecko) Chrome/125.0.0.0 Safari/537.36"
181.215.21.244 - - [04/Jun/2026:02:42:50 +0700] "GET /wp-content/themes/martfury/js/plugins/nprogress.js?ver=1.0.0 HTTP/2" 200 3393 "https://sieuthibachviet.com/san-pham/bep-tu-doi-ih1031ge/" "Mozilla/5.0 (Macintosh; Intel Mac OS X 10_15_7) AppleWebKit/537.36 (KHTML, like Gecko) Chrome/125.0.0.0 Safari/537.36"
181.215.21.244 - - [04/Jun/2026:02:42:50 +0700] "GET /wp-content/themes/martfury/js/plugins/notify.min.js?ver=1.0.0 HTTP/2" 200 7000 "https://sieuthibachviet.com/san-pham/bep-tu-doi-ih1031ge/" "Mozilla/5.0 (Macintosh; Intel Mac OS X 10_15_7) AppleWebKit/537.36 (KHTML, like Gecko) Chrome/125.0.0.0 Safari/537.36"
181.215.21.244 - - [04/Jun/2026:02:42:50 +0700] "GET /wp-content/themes/martfury/js/plugins/slick.min.js?ver=1.6.0 HTTP/2" 200 10103 "https://sieuthibachviet.com/san-pham/bep-tu-doi-ih1031ge/" "Mozilla/5.0 (Macintosh; Intel Mac OS X 10_15_7) AppleWebKit/537.36 (KHTML, like Gecko) Chrome/125.0.0.0 Safari/537.36"
181.215.21.244 - - [04/Jun/2026:02:42:50 +0700] "GET /wp-content/plugins/woocommerce-deals/assets/js/tawc-deals.js?ver=1.0.0 HTTP/2" 200 397 "https://sieuthibachviet.com/san-pham/bep-tu-doi-ih1031ge/" "Mozilla/5.0 (Macintosh; Intel Mac OS X 10_15_7) AppleWebKit/537.36 (KHTML, like Gecko) Chrome/125.0.0.0 Safari/537.36"
181.215.21.244 - - [04/Jun/2026:02:42:50 +0700] "GET /wp-content/themes/martfury/js/scripts.js?ver=20201224 HTTP/2" 200 17753 "https://sieuthibachviet.com/san-pham/bep-tu-doi-ih1031ge/" "Mozilla/5.0 (Macintosh; Intel Mac OS X 10_15_7) AppleWebKit/537.36 (KHTML, like Gecko) Chrome/125.0.0.0 Safari/537.36"
181.215.21.244 - - [04/Jun/2026:02:42:50 +0700] "GET /wp-content/plugins/woocommerce/assets/js/sourcebuster/sourcebuster.js?ver=9.4.5 HTTP/2" 200 6763 "https://sieuthibachviet.com/san-pham/bep-tu-doi-ih1031ge/" "Mozilla/5.0 (Macintosh; Intel Mac OS X 10_15_7) AppleWebKit/537.36 (KHTML, like Gecko) Chrome/125.0.0.0 Safari/537.36"
181.215.21.244 - - [04/Jun/2026:02:42:50 +0700] "GET /wp-content/plugins/woocommerce/assets/js/frontend/order-attribution.js?ver=9.4.5 HTTP/2" 200 2331 "https://sieuthibachviet.com/san-pham/bep-tu-doi-ih1031ge/" "Mozilla/5.0 (Macintosh; Intel Mac OS X 10_15_7) AppleWebKit/537.36 (KHTML, like Gecko) Chrome/125.0.0.0 Safari/537.36"
181.215.21.244 - - [04/Jun/2026:02:42:50 +0700] "GET /wp-content/plugins/yith-woocommerce-wishlist/assets/js/jquery.selectBox.min.js?ver=1.2.0 HTTP/2" 200 3514 "https://sieuthibachviet.com/san-pham/bep-tu-doi-ih1031ge/" "Mozilla/5.0 (Macintosh; Intel Mac OS X 10_15_7) AppleWebKit/537.36 (KHTML, like Gecko) Chrome/125.0.0.0 Safari/537.36"
181.215.21.244 - - [04/Jun/2026:02:42:50 +0700] "GET /wp-content/plugins/woocommerce/assets/js/prettyPhoto/jquery.prettyPhoto.js?ver=3.1.6 HTTP/2" 200 8745 "https://sieuthibachviet.com/san-pham/bep-tu-doi-ih1031ge/" "Mozilla/5.0 (Macintosh; Intel Mac OS X 10_15_7) AppleWebKit/537.36 (KHTML, like Gecko) Chrome/125.0.0.0 Safari/537.36"
181.215.21.244 - - [04/Jun/2026:02:42:50 +0700] "GET /wp-content/plugins/yith-woocommerce-wishlist/assets/js/unminified/jquery.yith-wcwl.js?ver=4.0.1 HTTP/2" 200 9948 "https://sieuthibachviet.com/san-pham/bep-tu-doi-ih1031ge/" "Mozilla/5.0 (Macintosh; Intel Mac OS X 10_15_7) AppleWebKit/537.36 (KHTML, like Gecko) Chrome/125.0.0.0 Safari/537.36"
181.215.21.244 - - [04/Jun/2026:02:42:50 +0700] "GET /wp-content/plugins/google-listings-and-ads/js/build/gtag-events.js?ver=5a4e71ac555fd7fba253 HTTP/2" 200 832 "https://sieuthibachviet.com/san-pham/bep-tu-doi-ih1031ge/" "Mozilla/5.0 (Macintosh; Intel Mac OS X 10_15_7) AppleWebKit/537.36 (KHTML, like Gecko) Chrome/125.0.0.0 Safari/537.36"
181.215.21.244 - - [04/Jun/2026:02:42:51 +0700] "GET /wp-content/plugins/woocommerce/assets/js/jquery-blockui/jquery.blockUI.js?ver=2.7.0-wc.9.4.5 HTTP/2" 200 6268 "https://sieuthibachviet.com/san-pham/bep-tu-doi-ih1031ge/" "Mozilla/5.0 (Macintosh; Intel Mac OS X 10_15_7) AppleWebKit/537.36 (KHTML, like Gecko) Chrome/125.0.0.0 Safari/537.36"
181.215.21.244 - - [04/Jun/2026:02:42:51 +0700] "GET /wp-content/plugins/woocommerce/assets/js/frontend/add-to-cart.js?ver=9.4.5 HTTP/2" 200 2097 "https://sieuthibachviet.com/san-pham/bep-tu-doi-ih1031ge/" "Mozilla/5.0 (Macintosh; Intel Mac OS X 10_15_7) AppleWebKit/537.36 (KHTML, like Gecko) Chrome/125.0.0.0 Safari/537.36"
181.215.21.244 - - [04/Jun/2026:02:42:51 +0700] "GET /wp-content/plugins/woocommerce/assets/js/zoom/jquery.zoom.js?ver=1.7.21-wc.9.4.5 HTTP/2" 200 1795 "https://sieuthibachviet.com/san-pham/bep-tu-doi-ih1031ge/" "Mozilla/5.0 (Macintosh; Intel Mac OS X 10_15_7) AppleWebKit/537.36 (KHTML, like Gecko) Chrome/125.0.0.0 Safari/537.36"
181.215.21.244 - - [04/Jun/2026:02:42:51 +0700] "GET /wp-content/plugins/woocommerce/assets/js/flexslider/jquery.flexslider.js?ver=2.7.2-wc.9.4.5 HTTP/2" 200 11622 "https://sieuthibachviet.com/san-pham/bep-tu-doi-ih1031ge/" "Mozilla/5.0 (Macintosh; Intel Mac OS X 10_15_7) AppleWebKit/537.36 (KHTML, like Gecko) Chrome/125.0.0.0 Safari/537.36"
181.215.21.244 - - [04/Jun/2026:02:42:51 +0700] "GET /wp-content/plugins/woocommerce/assets/js/frontend/single-product.js?ver=9.4.5 HTTP/2" 200 3190 "https://sieuthibachviet.com/san-pham/bep-tu-doi-ih1031ge/" "Mozilla/5.0 (Macintosh; Intel Mac OS X 10_15_7) AppleWebKit/537.36 (KHTML, like Gecko) Chrome/125.0.0.0 Safari/537.36"
181.215.21.244 - - [04/Jun/2026:02:42:51 +0700] "GET /wp-content/plugins/woocommerce/assets/js/js-cookie/js.cookie.js?ver=2.1.4-wc.9.4.5 HTTP/2" 200 1319 "https://sieuthibachviet.com/san-pham/bep-tu-doi-ih1031ge/" "Mozilla/5.0 (Macintosh; Intel Mac OS X 10_15_7) AppleWebKit/537.36 (KHTML, like Gecko) Chrome/125.0.0.0 Safari/537.36"
181.215.21.244 - - [04/Jun/2026:02:42:51 +0700] "GET /wp-content/plugins/woocommerce/assets/js/frontend/woocommerce.js?ver=9.4.5 HTTP/2" 200 1744 "https://sieuthibachviet.com/san-pham/bep-tu-doi-ih1031ge/" "Mozilla/5.0 (Macintosh; Intel Mac OS X 10_15_7) AppleWebKit/537.36 (KHTML, like Gecko) Chrome/125.0.0.0 Safari/537.36"
181.215.21.244 - - [04/Jun/2026:02:42:51 +0700] "GET /wp-content/plugins/woocommerce/assets/js/frontend/add-to-cart-variation.js?ver=9.4.5 HTTP/2" 200 6224 "https://sieuthibachviet.com/san-pham/bep-tu-doi-ih1031ge/" "Mozilla/5.0 (Macintosh; Intel Mac OS X 10_15_7) AppleWebKit/537.36 (KHTML, like Gecko) Chrome/125.0.0.0 Safari/537.36"
181.215.21.244 - - [04/Jun/2026:02:42:52 +0700] "GET /wp-content/plugins/wp-helper-lite/assets/frontend/images/email.png HTTP/2" 200 3091 "https://sieuthibachviet.com/san-pham/bep-tu-doi-ih1031ge/" "Mozilla/5.0 (Macintosh; Intel Mac OS X 10_15_7) AppleWebKit/537.36 (KHTML, like Gecko) Chrome/125.0.0.0 Safari/537.36"
181.215.21.244 - - [04/Jun/2026:02:42:52 +0700] "GET /wp-content/plugins/wp-helper-lite/assets/frontend/images/messenger.png HTTP/2" 200 4638 "https://sieuthibachviet.com/san-pham/bep-tu-doi-ih1031ge/" "Mozilla/5.0 (Macintosh; Intel Mac OS X 10_15_7) AppleWebKit/537.36 (KHTML, like Gecko) Chrome/125.0.0.0 Safari/537.36"
181.215.21.244 - - [04/Jun/2026:02:42:52 +0700] "GET /wp-content/plugins/revslider/public/assets/js/rbtools.min.js?ver=6.5.18 HTTP/2" 200 47297 "https://sieuthibachviet.com/san-pham/bep-tu-doi-ih1031ge/" "Mozilla/5.0 (Macintosh; Intel Mac OS X 10_15_7) AppleWebKit/537.36 (KHTML, like Gecko) Chrome/125.0.0.0 Safari/537.36"
181.215.21.244 - - [04/Jun/2026:02:42:53 +0700] "GET /wp-content/plugins/revslider/public/assets/js/rs6.min.js?ver=6.5.31 HTTP/2" 200 97780 "https://sieuthibachviet.com/san-pham/bep-tu-doi-ih1031ge/" "Mozilla/5.0 (Macintosh; Intel Mac OS X 10_15_7) AppleWebKit/537.36 (KHTML, like Gecko) Chrome/125.0.0.0 Safari/537.36"
181.215.21.244 - - [04/Jun/2026:02:42:53 +0700] "GET /wp-includes/js/comment-reply.js?ver=7.0 HTTP/2" 200 3483 "https://sieuthibachviet.com/san-pham/bep-tu-doi-ih1031ge/" "Mozilla/5.0 (Macintosh; Intel Mac OS X 10_15_7) AppleWebKit/537.36 (KHTML, like Gecko) Chrome/125.0.0.0 Safari/537.36"
181.215.21.244 - - [04/Jun/2026:02:43:04 +0700] "POST /wp-admin/admin-ajax.php HTTP/2" 200 1087 "https://sieuthibachviet.com/san-pham/bep-tu-doi-ih1031ge/" "Mozilla/5.0 (Macintosh; Intel Mac OS X 10_15_7) AppleWebKit/537.36 (KHTML, like Gecko) Chrome/125.0.0.0 Safari/537.36"
181.215.21.244 - - [04/Jun/2026:02:43:05 +0700] "GET /wp-content/uploads/2024/09/4-5-300x300.png HTTP/2" 200 106593 "https://sieuthibachviet.com/san-pham/bep-tu-doi-ih1031ge/" "Mozilla/5.0 (Macintosh; Intel Mac OS X 10_15_7) AppleWebKit/537.36 (KHTML, like Gecko) Chrome/125.0.0.0 Safari/537.36"
181.215.21.244 - - [04/Jun/2026:02:43:05 +0700] "GET /wp-content/uploads/2024/09/8-2-300x300.png HTTP/2" 200 39576 "https://sieuthibachviet.com/san-pham/bep-tu-doi-ih1031ge/" "Mozilla/5.0 (Macintosh; Intel Mac OS X 10_15_7) AppleWebKit/537.36 (KHTML, like Gecko) Chrome/125.0.0.0 Safari/537.36"
181.215.21.244 - - [04/Jun/2026:02:43:05 +0700] "GET /wp-content/uploads/2024/09/7-2-300x300.png HTTP/2" 200 45897 "https://sieuthibachviet.com/san-pham/bep-tu-doi-ih1031ge/" "Mozilla/5.0 (Macintosh; Intel Mac OS X 10_15_7) AppleWebKit/537.36 (KHTML, like Gecko) Chrome/125.0.0.0 Safari/537.36"
181.215.21.244 - - [04/Jun/2026:02:43:05 +0700] "GET /wp-content/uploads/2024/09/2-8-300x300.png HTTP/2" 200 27826 "https://sieuthibachviet.com/san-pham/bep-tu-doi-ih1031ge/" "Mozilla/5.0 (Macintosh; Intel Mac OS X 10_15_7) AppleWebKit/537.36 (KHTML, like Gecko) Chrome/125.0.0.0 Safari/537.36"
181.215.21.244 - - [04/Jun/2026:02:43:05 +0700] "GET /wp-content/uploads/2024/09/1-8.png HTTP/2" 200 126311 "https://sieuthibachviet.com/san-pham/bep-tu-doi-ih1031ge/" "Mozilla/5.0 (Macintosh; Intel Mac OS X 10_15_7) AppleWebKit/537.36 (KHTML, like Gecko) Chrome/125.0.0.0 Safari/537.36"
181.215.21.244 - - [04/Jun/2026:02:43:05 +0700] "GET /wp-content/uploads/2024/09/40.png HTTP/2" 200 782268 "https://sieuthibachviet.com/san-pham/bep-tu-doi-ih1031ge/" "Mozilla/5.0 (Macintosh; Intel Mac OS X 10_15_7) AppleWebKit/537.36 (KHTML, like Gecko) Chrome/125.0.0.0 Safari/537.36"
181.215.21.244 - - [04/Jun/2026:02:43:20 +0700] "GET /wp-content/uploads/2024/09/50.png HTTP/2" 200 914907 "https://sieuthibachviet.com/san-pham/bep-tu-doi-ih1031ge/" "Mozilla/5.0 (Macintosh; Intel Mac OS X 10_15_7) AppleWebKit/537.36 (KHTML, like Gecko) Chrome/125.0.0.0 Safari/537.36"
216.244.66.195 - - [04/Jun/2026:02:47:18 +0700] "GET /robots.txt HTTP/1.1" 200 269 "-" "Mozilla/5.0 (compatible; DotBot/1.2; +https://opensiteexplorer.org/dotbot; help@moz.com)"
116.179.37.158 - - [04/Jun/2026:02:53:37 +0700] "GET /wp-includes/js/underscore.min.js?ver=1.13.8 HTTP/1.1" 200 7384 "https://sieuthibachviet.com/product-category/do-gia-dung/noi-dien-chao-dien/?orderby=rating&add_to_wishlist=5517" "Mozilla/5.0 (compatible; Baiduspider-render/2.0; +http://www.baidu.com/search/spider.html)"
116.179.37.216 - - [04/Jun/2026:02:53:37 +0700] "GET /wp-content/plugins/wp-helper-lite/assets/frontend/js/app.js?ver=1780516414 HTTP/1.1" 200 573 "https://sieuthibachviet.com/product-category/do-gia-dung/noi-dien-chao-dien/?orderby=rating&add_to_wishlist=5517" "Mozilla/5.0 (compatible; Baiduspider-render/2.0; +http://www.baidu.com/search/spider.html)"
116.179.37.13 - - [04/Jun/2026:02:53:38 +0700] "GET /wp-content/plugins/wp-helper-lite/assets/frontend/js/mb-hp-wc-notification.js?ver=1780516414 HTTP/1.1" 200 868 "https://sieuthibachviet.com/product-category/do-gia-dung/noi-dien-chao-dien/?orderby=rating&add_to_wishlist=5517" "Mozilla/5.0 (compatible; Baiduspider-render/2.0; +http://www.baidu.com/search/spider.html)"
139.162.49.171 - - [04/Jun/2026:02:37:59 +0700] "POST /wp-cron.php?doing_wp_cron=1780515479.2675480842590332031250 HTTP/1.1" 200 0 "-" "WordPress/7.0; https://sieuthibachviet.com"
139.162.49.171 - - [04/Jun/2026:02:39:50 +0700] "POST /wp-cron.php?doing_wp_cron=1780515590.0898199081420898437500 HTTP/1.1" 200 0 "-" "WordPress/7.0; https://sieuthibachviet.com"
5.39.1.241 - - [04/Jun/2026:02:41:36 +0700] "GET /?action=yith-woocompare-add-product&id=5372 HTTP/2" 302 0 "-" "Mozilla/5.0 (compatible; AhrefsBot/7.0; +http://ahrefs.com/robot/)"
139.162.49.171 - - [04/Jun/2026:02:42:49 +0700] "POST /wp-cron.php?doing_wp_cron=1780515768.8443710803985595703125 HTTP/1.1" 200 0 "-" "WordPress/7.0; https://sieuthibachviet.com"
116.179.37.185 - - [04/Jun/2026:02:53:37 +0700] "GET /wp-content/plugins/wp-helper-lite/assets/frontend/css/app.css?ver=1780516414 HTTP/1.1" 200 2731 "https://sieuthibachviet.com/product-category/do-gia-dung/noi-dien-chao-dien/?orderby=rating&add_to_wishlist=5517" "Mozilla/5.0 (compatible; Baiduspider-render/2.0; +http://www.baidu.com/search/spider.html)"
116.179.37.243 - - [04/Jun/2026:02:53:37 +0700] "GET /wp-content/plugins/wp-helper-lite/assets/frontend/js/disableCopy.js?ver=1780516414 HTTP/1.1" 200 658 "https://sieuthibachviet.com/product-category/do-gia-dung/noi-dien-chao-dien/?orderby=rating&add_to_wishlist=5517" "Mozilla/5.0 (compatible; Baiduspider-render/2.0; +http://www.baidu.com/search/spider.html)"
139.162.49.171 - - [04/Jun/2026:02:52:44 +0700] "POST /wp-cron.php?doing_wp_cron=1780516364.6058828830718994140625 HTTP/1.1" 200 0 "-" "WordPress/7.0; https://sieuthibachviet.com"
85.208.96.195 - - [04/Jun/2026:02:52:42 +0700] "GET /product-category/thoi-trang/?filter_size=l%2Cs%2Cxl&orderby=date HTTP/1.1" 200 32592 "-" "Mozilla/5.0 (compatible; SemrushBot/7~bl; +http://www.semrush.com/bot.html)"
220.181.108.178 - - [04/Jun/2026:02:53:34 +0700] "GET /product-category/do-gia-dung/noi-dien-chao-dien/?orderby=rating&add_to_wishlist=5517 HTTP/2" 200 30388 "-" "Mozilla/5.0 (compatible; Baiduspider/2.0; +http://www.baidu.com/search/spider.html)"
139.162.49.171 - - [04/Jun/2026:02:53:40 +0700] "POST /wp-cron.php?doing_wp_cron=1780516420.5349020957946777343750 HTTP/1.1" 200 0 "-" "WordPress/7.0; https://sieuthibachviet.com"
