14.171.47.12 - - [03/Jun/2026:22:47:26 +0700] "GET /wp-content/uploads/2024/09/35-300x300.png HTTP/3" 200 44394 "https://sieuthibachviet.com/" "Mozilla/5.0 (Linux; Android 10; K) AppleWebKit/537.36 (KHTML, like Gecko) Chrome/148.0.0.0 Mobile Safari/537.36"
14.171.47.12 - - [03/Jun/2026:22:47:26 +0700] "GET /wp-content/uploads/2024/09/37-300x300.png HTTP/3" 200 48426 "https://sieuthibachviet.com/" "Mozilla/5.0 (Linux; Android 10; K) AppleWebKit/537.36 (KHTML, like Gecko) Chrome/148.0.0.0 Mobile Safari/537.36"
14.171.47.12 - - [03/Jun/2026:22:47:26 +0700] "GET /wp-content/uploads/2024/09/46-300x300.png HTTP/3" 200 53625 "https://sieuthibachviet.com/" "Mozilla/5.0 (Linux; Android 10; K) AppleWebKit/537.36 (KHTML, like Gecko) Chrome/148.0.0.0 Mobile Safari/537.36"
14.171.47.12 - - [03/Jun/2026:22:47:26 +0700] "GET /wp-content/uploads/2024/09/50-300x300.png HTTP/3" 200 50523 "https://sieuthibachviet.com/" "Mozilla/5.0 (Linux; Android 10; K) AppleWebKit/537.36 (KHTML, like Gecko) Chrome/148.0.0.0 Mobile Safari/537.36"
14.171.47.12 - - [03/Jun/2026:22:47:26 +0700] "GET /wp-content/uploads/2024/09/48-300x300.png HTTP/3" 200 54562 "https://sieuthibachviet.com/" "Mozilla/5.0 (Linux; Android 10; K) AppleWebKit/537.36 (KHTML, like Gecko) Chrome/148.0.0.0 Mobile Safari/537.36"
14.171.47.12 - - [03/Jun/2026:22:47:26 +0700] "GET /wp-content/uploads/2024/09/33-300x300.png HTTP/3" 200 55355 "https://sieuthibachviet.com/" "Mozilla/5.0 (Linux; Android 10; K) AppleWebKit/537.36 (KHTML, like Gecko) Chrome/148.0.0.0 Mobile Safari/537.36"
14.171.47.12 - - [03/Jun/2026:22:47:26 +0700] "GET /wp-content/uploads/2024/09/52-300x300.png HTTP/3" 200 47589 "https://sieuthibachviet.com/" "Mozilla/5.0 (Linux; Android 10; K) AppleWebKit/537.36 (KHTML, like Gecko) Chrome/148.0.0.0 Mobile Safari/537.36"
14.171.47.12 - - [03/Jun/2026:22:47:26 +0700] "GET /wp-content/uploads/2024/09/34-300x300.png HTTP/3" 200 59311 "https://sieuthibachviet.com/" "Mozilla/5.0 (Linux; Android 10; K) AppleWebKit/537.36 (KHTML, like Gecko) Chrome/148.0.0.0 Mobile Safari/537.36"
14.171.47.12 - - [03/Jun/2026:22:47:26 +0700] "GET /wp-content/uploads/2024/10/Thiet-ke-chua-co-ten-1.png HTTP/3" 200 127202 "https://sieuthibachviet.com/" "Mozilla/5.0 (Linux; Android 10; K) AppleWebKit/537.36 (KHTML, like Gecko) Chrome/148.0.0.0 Mobile Safari/537.36"
14.171.47.12 - - [03/Jun/2026:22:47:26 +0700] "GET /wp-content/uploads/2024/09/1-5-300x300.png HTTP/3" 200 120628 "https://sieuthibachviet.com/" "Mozilla/5.0 (Linux; Android 10; K) AppleWebKit/537.36 (KHTML, like Gecko) Chrome/148.0.0.0 Mobile Safari/537.36"
14.171.47.12 - - [03/Jun/2026:22:47:26 +0700] "GET /wp-content/uploads/2024/09/1-4-300x300.png HTTP/3" 200 100127 "https://sieuthibachviet.com/" "Mozilla/5.0 (Linux; Android 10; K) AppleWebKit/537.36 (KHTML, like Gecko) Chrome/148.0.0.0 Mobile Safari/537.36"
14.171.47.12 - - [03/Jun/2026:22:47:26 +0700] "GET /wp-content/uploads/2024/09/CAM-KET-HANG-CHINH-HANG-SATO-BEP-DIEN-NOI-COM-MAY-HUT-MUI.png HTTP/3" 200 356309 "https://sieuthibachviet.com/" "Mozilla/5.0 (Linux; Android 10; K) AppleWebKit/537.36 (KHTML, like Gecko) Chrome/148.0.0.0 Mobile Safari/537.36"
14.171.47.12 - - [03/Jun/2026:22:47:26 +0700] "GET /wp-content/uploads/2024/09/50.png HTTP/3" 200 914907 "https://sieuthibachviet.com/" "Mozilla/5.0 (Linux; Android 10; K) AppleWebKit/537.36 (KHTML, like Gecko) Chrome/148.0.0.0 Mobile Safari/537.36"
14.171.47.12 - - [03/Jun/2026:22:47:26 +0700] "POST /wp-admin/admin-ajax.php HTTP/3" 200 1123 "https://sieuthibachviet.com/" "Mozilla/5.0 (Linux; Android 10; K) AppleWebKit/537.36 (KHTML, like Gecko) Chrome/148.0.0.0 Mobile Safari/537.36"
14.171.47.12 - - [03/Jun/2026:22:47:26 +0700] "GET /wp-content/uploads/2024/09/4.png HTTP/3" 200 5554628 "https://sieuthibachviet.com/" "Mozilla/5.0 (Linux; Android 10; K) AppleWebKit/537.36 (KHTML, like Gecko) Chrome/148.0.0.0 Mobile Safari/537.36"
14.171.47.12 - - [03/Jun/2026:22:47:55 +0700] "GET /wp-content/plugins/wp-helper-lite/assets/frontend/css/app.css?ver=1780501674 HTTP/3" 200 2589 "https://sieuthibachviet.com/product-category/thoi-trang/giay/" "Mozilla/5.0 (Linux; Android 10; K) AppleWebKit/537.36 (KHTML, like Gecko) Chrome/148.0.0.0 Mobile Safari/537.36"
14.171.47.12 - - [03/Jun/2026:22:47:55 +0700] "GET /wp-content/plugins/wp-helper-lite/assets/frontend/css/mb-hp-wc-notification.css?ver=1780501674 HTTP/3" 200 421 "https://sieuthibachviet.com/product-category/thoi-trang/giay/" "Mozilla/5.0 (Linux; Android 10; K) AppleWebKit/537.36 (KHTML, like Gecko) Chrome/148.0.0.0 Mobile Safari/537.36"
14.171.47.12 - - [03/Jun/2026:22:47:55 +0700] "GET /wp-content/plugins/wp-helper-lite/assets/frontend/js/app.js?ver=1780501674 HTTP/3" 200 505 "https://sieuthibachviet.com/product-category/thoi-trang/giay/" "Mozilla/5.0 (Linux; Android 10; K) AppleWebKit/537.36 (KHTML, like Gecko) Chrome/148.0.0.0 Mobile Safari/537.36"
14.171.47.12 - - [03/Jun/2026:22:47:55 +0700] "GET /wp-content/plugins/wp-helper-lite/assets/frontend/js/disableCopy.js?ver=1780501674 HTTP/3" 200 524 "https://sieuthibachviet.com/product-category/thoi-trang/giay/" "Mozilla/5.0 (Linux; Android 10; K) AppleWebKit/537.36 (KHTML, like Gecko) Chrome/148.0.0.0 Mobile Safari/537.36"
14.171.47.12 - - [03/Jun/2026:22:47:55 +0700] "GET /wp-content/plugins/wp-helper-lite/assets/frontend/js/mb-hp-wc-notification.js?ver=1780501674 HTTP/3" 200 780 "https://sieuthibachviet.com/product-category/thoi-trang/giay/" "Mozilla/5.0 (Linux; Android 10; K) AppleWebKit/537.36 (KHTML, like Gecko) Chrome/148.0.0.0 Mobile Safari/537.36"
14.171.47.12 - - [03/Jun/2026:22:47:55 +0700] "GET /wp-content/plugins/woocommerce/assets/fonts/WooCommerce.woff2 HTTP/3" 200 6488 "https://sieuthibachviet.com/wp-content/plugins/woocommerce/assets/css/woocommerce.css?ver=9.4.5" "Mozilla/5.0 (Linux; Android 10; K) AppleWebKit/537.36 (KHTML, like Gecko) Chrome/148.0.0.0 Mobile Safari/537.36"
14.171.47.12 - - [03/Jun/2026:22:47:54 +0700] "GET /product-category/thoi-trang/giay/ HTTP/3" 200 21685 "https://sieuthibachviet.com/" "Mozilla/5.0 (Linux; Android 10; K) AppleWebKit/537.36 (KHTML, like Gecko) Chrome/148.0.0.0 Mobile Safari/537.36"
14.171.47.12 - - [03/Jun/2026:22:47:59 +0700] "GET /wp-content/plugins/wp-helper-lite/assets/frontend/css/app.css?ver=1780501678 HTTP/3" 200 2589 "https://sieuthibachviet.com/product-category/thoi-trang/thoi-trang-me-bau/" "Mozilla/5.0 (Linux; Android 10; K) AppleWebKit/537.36 (KHTML, like Gecko) Chrome/148.0.0.0 Mobile Safari/537.36"
14.171.47.12 - - [03/Jun/2026:22:47:59 +0700] "GET /wp-content/plugins/wp-helper-lite/assets/frontend/css/mb-hp-wc-notification.css?ver=1780501678 HTTP/3" 200 421 "https://sieuthibachviet.com/product-category/thoi-trang/thoi-trang-me-bau/" "Mozilla/5.0 (Linux; Android 10; K) AppleWebKit/537.36 (KHTML, like Gecko) Chrome/148.0.0.0 Mobile Safari/537.36"
14.171.47.12 - - [03/Jun/2026:22:47:59 +0700] "GET /wp-content/plugins/wp-helper-lite/assets/frontend/js/app.js?ver=1780501678 HTTP/3" 200 505 "https://sieuthibachviet.com/product-category/thoi-trang/thoi-trang-me-bau/" "Mozilla/5.0 (Linux; Android 10; K) AppleWebKit/537.36 (KHTML, like Gecko) Chrome/148.0.0.0 Mobile Safari/537.36"
14.171.47.12 - - [03/Jun/2026:22:47:59 +0700] "GET /wp-content/uploads/2024/09/2-3-300x300.png HTTP/3" 200 111124 "https://sieuthibachviet.com/product-category/thoi-trang/thoi-trang-me-bau/" "Mozilla/5.0 (Linux; Android 10; K) AppleWebKit/537.36 (KHTML, like Gecko) Chrome/148.0.0.0 Mobile Safari/537.36"
14.171.47.12 - - [03/Jun/2026:22:47:59 +0700] "GET /wp-content/plugins/wp-helper-lite/assets/frontend/js/disableCopy.js?ver=1780501678 HTTP/3" 200 524 "https://sieuthibachviet.com/product-category/thoi-trang/thoi-trang-me-bau/" "Mozilla/5.0 (Linux; Android 10; K) AppleWebKit/537.36 (KHTML, like Gecko) Chrome/148.0.0.0 Mobile Safari/537.36"
14.171.47.12 - - [03/Jun/2026:22:47:59 +0700] "GET /wp-content/plugins/wp-helper-lite/assets/frontend/js/mb-hp-wc-notification.js?ver=1780501678 HTTP/3" 200 780 "https://sieuthibachviet.com/product-category/thoi-trang/thoi-trang-me-bau/" "Mozilla/5.0 (Linux; Android 10; K) AppleWebKit/537.36 (KHTML, like Gecko) Chrome/148.0.0.0 Mobile Safari/537.36"
14.171.47.12 - - [03/Jun/2026:22:47:59 +0700] "GET /wp-includes/js/jquery/ui/mouse.js?ver=1.13.3 HTTP/3" 200 1855 "https://sieuthibachviet.com/product-category/thoi-trang/thoi-trang-me-bau/" "Mozilla/5.0 (Linux; Android 10; K) AppleWebKit/537.36 (KHTML, like Gecko) Chrome/148.0.0.0 Mobile Safari/537.36"
14.171.47.12 - - [03/Jun/2026:22:47:59 +0700] "GET /wp-includes/js/jquery/ui/slider.js?ver=1.13.3 HTTP/3" 200 4753 "https://sieuthibachviet.com/product-category/thoi-trang/thoi-trang-me-bau/" "Mozilla/5.0 (Linux; Android 10; K) AppleWebKit/537.36 (KHTML, like Gecko) Chrome/148.0.0.0 Mobile Safari/537.36"
14.171.47.12 - - [03/Jun/2026:22:47:59 +0700] "GET /wp-content/plugins/woocommerce/assets/js/accounting/accounting.js?ver=0.4.2 HTTP/3" 200 4362 "https://sieuthibachviet.com/product-category/thoi-trang/thoi-trang-me-bau/" "Mozilla/5.0 (Linux; Android 10; K) AppleWebKit/537.36 (KHTML, like Gecko) Chrome/148.0.0.0 Mobile Safari/537.36"
14.171.47.12 - - [03/Jun/2026:22:47:59 +0700] "GET /wp-content/plugins/woocommerce/assets/js/jquery-ui-touch-punch/jquery-ui-touch-punch.js?ver=9.4.5 HTTP/3" 200 1276 "https://sieuthibachviet.com/product-category/thoi-trang/thoi-trang-me-bau/" "Mozilla/5.0 (Linux; Android 10; K) AppleWebKit/537.36 (KHTML, like Gecko) Chrome/148.0.0.0 Mobile Safari/537.36"
14.171.47.12 - - [03/Jun/2026:22:47:59 +0700] "GET /wp-content/plugins/woocommerce/assets/js/frontend/price-slider.js?ver=9.4.5 HTTP/3" 200 728 "https://sieuthibachviet.com/product-category/thoi-trang/thoi-trang-me-bau/" "Mozilla/5.0 (Linux; Android 10; K) AppleWebKit/537.36 (KHTML, like Gecko) Chrome/148.0.0.0 Mobile Safari/537.36"
14.171.47.12 - - [03/Jun/2026:22:47:58 +0700] "GET /product-category/thoi-trang/thoi-trang-me-bau/ HTTP/3" 200 26584 "https://sieuthibachviet.com/" "Mozilla/5.0 (Linux; Android 10; K) AppleWebKit/537.36 (KHTML, like Gecko) Chrome/148.0.0.0 Mobile Safari/537.36"
14.171.47.12 - - [03/Jun/2026:22:47:59 +0700] "GET /wp-content/uploads/2024/09/1-1-300x300.png HTTP/3" 200 101443 "https://sieuthibachviet.com/product-category/thoi-trang/thoi-trang-me-bau/" "Mozilla/5.0 (Linux; Android 10; K) AppleWebKit/537.36 (KHTML, like Gecko) Chrome/148.0.0.0 Mobile Safari/537.36"
14.171.47.12 - - [03/Jun/2026:22:47:59 +0700] "GET /wp-content/uploads/2024/09/2-2-300x300.png HTTP/3" 200 133884 "https://sieuthibachviet.com/product-category/thoi-trang/thoi-trang-me-bau/" "Mozilla/5.0 (Linux; Android 10; K) AppleWebKit/537.36 (KHTML, like Gecko) Chrome/148.0.0.0 Mobile Safari/537.36"
14.171.47.12 - - [03/Jun/2026:22:47:59 +0700] "GET /wp-content/uploads/2024/09/4-5-300x300.png HTTP/3" 200 106593 "https://sieuthibachviet.com/product-category/thoi-trang/thoi-trang-me-bau/" "Mozilla/5.0 (Linux; Android 10; K) AppleWebKit/537.36 (KHTML, like Gecko) Chrome/148.0.0.0 Mobile Safari/537.36"
14.171.47.12 - - [03/Jun/2026:22:47:59 +0700] "GET /wp-content/uploads/2024/09/4-300x300.png HTTP/3" 200 139605 "https://sieuthibachviet.com/product-category/thoi-trang/thoi-trang-me-bau/" "Mozilla/5.0 (Linux; Android 10; K) AppleWebKit/537.36 (KHTML, like Gecko) Chrome/148.0.0.0 Mobile Safari/537.36"
14.171.47.12 - - [03/Jun/2026:22:47:59 +0700] "GET /wp-content/uploads/2024/09/RELAX3-300x300.png HTTP/3" 200 121303 "https://sieuthibachviet.com/product-category/thoi-trang/thoi-trang-me-bau/" "Mozilla/5.0 (Linux; Android 10; K) AppleWebKit/537.36 (KHTML, like Gecko) Chrome/148.0.0.0 Mobile Safari/537.36"
14.171.47.12 - - [03/Jun/2026:22:47:59 +0700] "GET /wp-content/uploads/2024/09/4-6-300x300.png HTTP/3" 200 179229 "https://sieuthibachviet.com/product-category/thoi-trang/thoi-trang-me-bau/" "Mozilla/5.0 (Linux; Android 10; K) AppleWebKit/537.36 (KHTML, like Gecko) Chrome/148.0.0.0 Mobile Safari/537.36"
116.179.37.34 - - [03/Jun/2026:21:54:22 +0700] "GET /wp-content/uploads/2024/09/CAM-KET-HANG-CHINH-HANG-SATO-BEP-DIEN-NOI-COM-MAY-HUT-MUI-1024x379.png HTTP/1.1" 200 243718 "https://sieuthibachviet.com/" "Mozilla/5.0 (iPhone; CPU iPhone OS 9_1 like Mac OS X) AppleWebKit/601.1.46 (KHTML, like Gecko) Version/9.0 Mobile/13B143 Safari/601.1 (compatible; Baiduspider-render/2.0; +http://www.baidu.com/search/spider.html)"
116.179.37.95 - - [03/Jun/2026:21:54:23 +0700] "GET /wp-content/plugins/wp-helper-lite/assets/frontend/js/mb-hp-wc-notification.js?ver=1780498442 HTTP/1.1" 200 868 "https://sieuthibachviet.com/" "Mozilla/5.0 (iPhone; CPU iPhone OS 9_1 like Mac OS X) AppleWebKit/601.1.46 (KHTML, like Gecko) Version/9.0 Mobile/13B143 Safari/601.1 (compatible; Baiduspider-render/2.0; +http://www.baidu.com/search/spider.html)"
40.77.167.132 - - [03/Jun/2026:22:00:07 +0700] "GET /wp-content/uploads/2024/09/7-2.png HTTP/2" 200 524069 "-" "Mozilla/5.0 AppleWebKit/537.36 (KHTML, like Gecko; compatible; bingbot/2.0; +http://www.bing.com/bingbot.htm) Chrome/116.0.1938.76 Safari/537.36"
139.162.49.171 - - [03/Jun/2026:22:02:18 +0700] "POST /wp-cron.php?doing_wp_cron=1780498937.7627739906311035156250 HTTP/1.1" 200 0 "-" "WordPress/7.0; https://sieuthibachviet.com"
85.208.96.203 - - [03/Jun/2026:22:02:15 +0700] "GET /robots.txt HTTP/1.1" 200 162 "-" "Mozilla/5.0 (compatible; SemrushBot/7~bl; +http://www.semrush.com/bot.html)"
139.162.49.171 - - [03/Jun/2026:22:08:48 +0700] "POST /wp-cron.php?doing_wp_cron=1780499328.2716000080108642578125 HTTP/1.1" 200 0 "-" "WordPress/7.0; https://sieuthibachviet.com"
139.162.49.171 - - [03/Jun/2026:22:14:06 +0700] "POST /wp-cron.php?doing_wp_cron=1780499646.6004300117492675781250 HTTP/1.1" 200 0 "-" "WordPress/7.0; https://sieuthibachviet.com"
216.244.66.195 - - [03/Jun/2026:22:14:27 +0700] "GET /robots.txt HTTP/1.1" 200 269 "-" "Mozilla/5.0 (compatible; DotBot/1.2; +https://opensiteexplorer.org/dotbot; help@moz.com)"
185.191.171.7 - - [03/Jun/2026:22:20:15 +0700] "GET /product-category/tat-ca-san-pham/?filter_size=xl%2Cs&orderby=price-desc HTTP/1.1" 200 32685 "-" "Mozilla/5.0 (compatible; SemrushBot/7~bl; +http://www.semrush.com/bot.html)"
66.249.71.65 - - [03/Jun/2026:22:20:35 +0700] "GET /wp-content/uploads/2022/09/logo-bach-viet.png HTTP/1.1" 200 27424 "-" "Googlebot-Image/1.0"
66.249.71.64 - - [03/Jun/2026:22:24:14 +0700] "GET /gio-hang/ HTTP/1.1" 200 49591 "-" "Mozilla/5.0 (Linux; Android 6.0.1; Nexus 5X Build/MMB29P) AppleWebKit/537.36 (KHTML, like Gecko) Chrome/148.0.7778.96 Mobile Safari/537.36 (compatible; Googlebot/2.1; +http://www.google.com/bot.html)"
220.181.108.144 - - [03/Jun/2026:22:25:17 +0700] "GET /san-pham/am-sieu-toc-17s62-18l/?add_to_wishlist=5256 HTTP/2" 200 35282 "-" "Mozilla/5.0 (compatible; Baiduspider/2.0; +http://www.baidu.com/search/spider.html)"
139.162.49.171 - - [03/Jun/2026:22:41:48 +0700] "POST /wp-cron.php?doing_wp_cron=1780501308.3428380489349365234375 HTTP/1.1" 200 0 "-" "WordPress/7.0; https://sieuthibachviet.com"
66.249.71.64 - - [03/Jun/2026:22:51:22 +0700] "GET /wp-includes/js/underscore.min.js?ver=1.13.8 HTTP/1.1" 200 7228 "https://sieuthibachviet.com/san-pham/noi-com-dien-12a025/" "Mozilla/5.0 (Linux; Android 6.0.1; Nexus 5X Build/MMB29P) AppleWebKit/537.36 (KHTML, like Gecko) Chrome/148.0.7778.96 Mobile Safari/537.36 (compatible; Googlebot/2.1; +http://www.google.com/bot.html)"
139.162.49.171 - - [03/Jun/2026:22:53:32 +0700] "POST /wp-cron.php?doing_wp_cron=1780502012.3066329956054687500000 HTTP/1.1" 200 0 "-" "WordPress/7.0; https://sieuthibachviet.com"
85.208.96.201 - - [03/Jun/2026:22:53:29 +0700] "GET /shopping/?filter_size=l%2Cm%2Cxl&orderby=price-desc HTTP/1.1" 200 32614 "-" "Mozilla/5.0 (compatible; SemrushBot/7~bl; +http://www.semrush.com/bot.html)"
139.162.49.171 - - [03/Jun/2026:22:56:44 +0700] "POST /wp-cron.php?doing_wp_cron=1780502204.6741540431976318359375 HTTP/1.1" 200 0 "-" "WordPress/7.0; https://sieuthibachviet.com"
14.171.47.12 - - [03/Jun/2026:22:46:45 +0700] "GET /wp-includes/js/underscore.min.js?ver=1.13.8 HTTP/2" 200 7228 "https://sieuthibachviet.com/about-us/?srsltid=AfmBOor2VUYAS0ApZ2w7kUULsh8jcP6D-3N6Yqdj83APakgDeWYo5kL8" "Mozilla/5.0 (Linux; Android 10; K) AppleWebKit/537.36 (KHTML, like Gecko) Chrome/148.0.0.0 Mobile Safari/537.36"
14.171.47.12 - - [03/Jun/2026:22:46:45 +0700] "GET /wp-includes/js/jquery/jquery.js?ver=3.7.1 HTTP/2" 200 81316 "https://sieuthibachviet.com/about-us/?srsltid=AfmBOor2VUYAS0ApZ2w7kUULsh8jcP6D-3N6Yqdj83APakgDeWYo5kL8" "Mozilla/5.0 (Linux; Android 10; K) AppleWebKit/537.36 (KHTML, like Gecko) Chrome/148.0.0.0 Mobile Safari/537.36"
14.171.47.12 - - [03/Jun/2026:22:46:45 +0700] "GET /wp-content/themes/martfury/js/plugins/waypoints.min.js?ver=2.0.2 HTTP/2" 200 2466 "https://sieuthibachviet.com/about-us/?srsltid=AfmBOor2VUYAS0ApZ2w7kUULsh8jcP6D-3N6Yqdj83APakgDeWYo5kL8" "Mozilla/5.0 (Linux; Android 10; K) AppleWebKit/537.36 (KHTML, like Gecko) Chrome/148.0.0.0 Mobile Safari/537.36"
14.171.47.12 - - [03/Jun/2026:22:46:45 +0700] "GET /wp-content/plugins/wp-helper-lite/assets/frontend/images/email.png HTTP/2" 200 3091 "https://sieuthibachviet.com/about-us/?srsltid=AfmBOor2VUYAS0ApZ2w7kUULsh8jcP6D-3N6Yqdj83APakgDeWYo5kL8" "Mozilla/5.0 (Linux; Android 10; K) AppleWebKit/537.36 (KHTML, like Gecko) Chrome/148.0.0.0 Mobile Safari/537.36"
14.171.47.12 - - [03/Jun/2026:22:46:45 +0700] "GET /wp-content/plugins/wp-helper-lite/assets/frontend/images/facebook.png HTTP/2" 200 2873 "https://sieuthibachviet.com/about-us/?srsltid=AfmBOor2VUYAS0ApZ2w7kUULsh8jcP6D-3N6Yqdj83APakgDeWYo5kL8" "Mozilla/5.0 (Linux; Android 10; K) AppleWebKit/537.36 (KHTML, like Gecko) Chrome/148.0.0.0 Mobile Safari/537.36"
66.249.74.101 - - [03/Jun/2026:22:51:17 +0700] "GET /wp-content/uploads/elementor/css/post-8.css?ver=1734092508 HTTP/1.1" 200 311 "https://sieuthibachviet.com/san-pham/noi-com-dien-12a025/" "Mozilla/5.0 (Linux; Android 6.0.1; Nexus 5X Build/MMB29P) AppleWebKit/537.36 (KHTML, like Gecko) Chrome/148.0.7778.96 Mobile Safari/537.36 (compatible; Googlebot/2.1; +http://www.google.com/bot.html)"
66.249.74.101 - - [03/Jun/2026:22:51:27 +0700] "GET /wp-content/themes/martfury/js/plugins/slick.min.js?ver=1.6.0 HTTP/1.1" 200 10103 "https://sieuthibachviet.com/san-pham/noi-com-dien-12a025/" "Mozilla/5.0 (Linux; Android 6.0.1; Nexus 5X Build/MMB29P) AppleWebKit/537.36 (KHTML, like Gecko) Chrome/148.0.7778.96 Mobile Safari/537.36 (compatible; Googlebot/2.1; +http://www.google.com/bot.html)"
139.162.49.171 - - [03/Jun/2026:22:51:49 +0700] "POST /wp-cron.php?doing_wp_cron=1780501909.0695068836212158203125 HTTP/1.1" 200 0 "-" "WordPress/7.0; https://sieuthibachviet.com"
66.249.74.101 - - [03/Jun/2026:22:51:47 +0700] "POST /wp-admin/admin-ajax.php HTTP/1.1" 200 1090 "https://sieuthibachviet.com/san-pham/noi-com-dien-12a025/" "Mozilla/5.0 (Linux; Android 6.0.1; Nexus 5X Build/MMB29P) AppleWebKit/537.36 (KHTML, like Gecko) Chrome/148.0.7778.96 Mobile Safari/537.36 (compatible; Googlebot/2.1; +http://www.google.com/bot.html)"
116.179.37.80 - - [03/Jun/2026:22:56:40 +0700] "GET /wp-content/plugins/wp-helper-lite/assets/frontend/js/disableCopy.js?ver=1780502194 HTTP/1.1" 200 658 "https://sieuthibachviet.com/shopping/page/4/?orderby=rating&add_to_wishlist=5523" "Mozilla/5.0 (compatible; Baiduspider-render/2.0; +http://www.baidu.com/search/spider.html)"
116.179.37.11 - - [03/Jun/2026:22:56:40 +0700] "GET /wp-content/plugins/wp-helper-lite/assets/frontend/css/app.css?ver=1780502194 HTTP/1.1" 200 2731 "https://sieuthibachviet.com/shopping/page/4/?orderby=rating&add_to_wishlist=5523" "Mozilla/5.0 (compatible; Baiduspider-render/2.0; +http://www.baidu.com/search/spider.html)"
116.179.37.155 - - [03/Jun/2026:22:56:40 +0700] "GET /wp-content/plugins/wp-helper-lite/assets/frontend/js/app.js?ver=1780502194 HTTP/1.1" 200 573 "https://sieuthibachviet.com/shopping/page/4/?orderby=rating&add_to_wishlist=5523" "Mozilla/5.0 (compatible; Baiduspider-render/2.0; +http://www.baidu.com/search/spider.html)"
139.162.49.171 - - [03/Jun/2026:22:24:15 +0700] "POST /wp-cron.php?doing_wp_cron=1780500255.0190849304199218750000 HTTP/1.1" 200 0 "-" "WordPress/7.0; https://sieuthibachviet.com"
116.179.37.87 - - [03/Jun/2026:22:25:37 +0700] "GET /wp-content/plugins/wp-helper-lite/assets/frontend/css/mb-hp-wc-notification.css?ver=1780500317 HTTP/1.1" 200 499 "https://sieuthibachviet.com/san-pham/am-sieu-toc-17s62-18l/?add_to_wishlist=5256" "Mozilla/5.0 (compatible; Baiduspider-render/2.0; +http://www.baidu.com/search/spider.html)"
116.179.37.253 - - [03/Jun/2026:22:25:37 +0700] "GET /wp-content/plugins/wp-helper-lite/assets/frontend/js/disableCopy.js?ver=1780500317 HTTP/1.1" 200 658 "https://sieuthibachviet.com/san-pham/am-sieu-toc-17s62-18l/?add_to_wishlist=5256" "Mozilla/5.0 (compatible; Baiduspider-render/2.0; +http://www.baidu.com/search/spider.html)"
139.162.49.171 - - [03/Jun/2026:22:25:40 +0700] "POST /wp-cron.php?doing_wp_cron=1780500340.8797221183776855468750 HTTP/1.1" 200 0 "-" "WordPress/7.0; https://sieuthibachviet.com"
116.179.37.230 - - [03/Jun/2026:22:25:41 +0700] "GET /wp-content/plugins/elementor/assets/lib/dialog/dialog.js?ver=4.9.3 HTTP/1.1" 200 5049 "https://sieuthibachviet.com/san-pham/am-sieu-toc-17s62-18l/?add_to_wishlist=5256" "Mozilla/5.0 (compatible; Baiduspider-render/2.0; +http://www.baidu.com/search/spider.html)"
66.249.74.101 - - [03/Jun/2026:22:27:02 +0700] "GET /gio-hang/ HTTP/1.1" 200 49559 "-" "Mozilla/5.0 (Linux; Android 6.0.1; Nexus 5X Build/MMB29P) AppleWebKit/537.36 (KHTML, like Gecko) Chrome/148.0.7778.96 Mobile Safari/537.36 (compatible; Googlebot/2.1; +http://www.google.com/bot.html)"
66.249.74.101 - - [03/Jun/2026:22:27:14 +0700] "GET /wp-includes/js/dist/i18n.js?ver=781d11515ad3d91786ec HTTP/1.1" 200 3924 "https://sieuthibachviet.com/gio-hang/" "Mozilla/5.0 (Linux; Android 6.0.1; Nexus 5X Build/MMB29P) AppleWebKit/537.36 (KHTML, like Gecko) Chrome/148.0.7778.96 Mobile Safari/537.36 (compatible; Googlebot/2.1; +http://www.google.com/bot.html)"
185.191.171.2 - - [03/Jun/2026:22:27:14 +0700] "GET /product-category/thoi-trang/?filter_size=l%2Cs%2Cm%2Cxl&orderby=popularity HTTP/1.1" 200 32605 "-" "Mozilla/5.0 (compatible; SemrushBot/7~bl; +http://www.semrush.com/bot.html)"
139.162.49.171 - - [03/Jun/2026:22:37:51 +0700] "POST /wp-cron.php?doing_wp_cron=1780501070.9009358882904052734375 HTTP/1.1" 200 0 "-" "WordPress/7.0; https://sieuthibachviet.com"
139.162.49.171 - - [03/Jun/2026:22:41:18 +0700] "POST /wp-cron.php?doing_wp_cron=1780501278.1480100154876708984375 HTTP/1.1" 200 0 "-" "WordPress/7.0; https://sieuthibachviet.com"
139.162.49.171 - - [03/Jun/2026:22:47:55 +0700] "POST /wp-cron.php?doing_wp_cron=1780501675.1166620254516601562500 HTTP/1.1" 200 0 "-" "WordPress/7.0; https://sieuthibachviet.com"
116.179.32.76 - - [03/Jun/2026:22:56:32 +0700] "GET /shopping/page/4/?orderby=rating&add_to_wishlist=5523 HTTP/2" 200 31666 "-" "Mozilla/5.0 (compatible; Baiduspider/2.0; +http://www.baidu.com/search/spider.html)"
116.179.37.151 - - [03/Jun/2026:22:56:40 +0700] "GET /wp-content/plugins/wp-helper-lite/assets/frontend/css/mb-hp-wc-notification.css?ver=1780502194 HTTP/1.1" 200 499 "https://sieuthibachviet.com/shopping/page/4/?orderby=rating&add_to_wishlist=5523" "Mozilla/5.0 (compatible; Baiduspider-render/2.0; +http://www.baidu.com/search/spider.html)"
116.179.37.245 - - [03/Jun/2026:22:56:42 +0700] "GET /wp-content/plugins/wp-helper-lite/assets/frontend/js/mb-hp-wc-notification.js?ver=1780502194 HTTP/1.1" 200 868 "https://sieuthibachviet.com/shopping/page/4/?orderby=rating&add_to_wishlist=5523" "Mozilla/5.0 (compatible; Baiduspider-render/2.0; +http://www.baidu.com/search/spider.html)"
139.162.49.171 - - [03/Jun/2026:23:00:54 +0700] "POST /wp-cron.php?doing_wp_cron=1780502453.6878180503845214843750 HTTP/1.1" 200 0 "-" "WordPress/7.0; https://sieuthibachviet.com"
216.244.66.195 - - [03/Jun/2026:23:00:51 +0700] "GET /robots.txt HTTP/1.1" 200 269 "-" "Mozilla/5.0 (compatible; DotBot/1.2; +https://opensiteexplorer.org/dotbot; help@moz.com)"
85.208.96.201 - - [03/Jun/2026:22:57:16 +0700] "GET /shopping/?filter_size=l%2Cs%2Cxl%2Cm&orderby=price-desc HTTP/1.1" 200 32625 "-" "Mozilla/5.0 (compatible; SemrushBot/7~bl; +http://www.semrush.com/bot.html)"
151.123.177.14 - - [03/Jun/2026:23:04:29 +0700] "POST /xmlrpc.php HTTP/2" 403 1242 "-" "Mozilla/5.0 (Macintosh; Intel Mac OS X 10_15_7) AppleWebKit/605.1.15 (KHTML, like Gecko) Version/18.0 Safari/605.1.15"
193.24.211.48 - - [03/Jun/2026:23:04:41 +0700] "GET /wp-login.php HTTP/2" 200 3126 "-" "Mozilla/5.0 (Macintosh; Intel Mac OS X 10_15_7) AppleWebKit/605.1.15 (KHTML, like Gecko) Version/18.0 Safari/605.1.15"
66.249.71.65 - - [03/Jun/2026:23:07:10 +0700] "GET /wp-*.php HTTP/1.1" 301 0 "-" "Mozilla/5.0 (Linux; Android 6.0.1; Nexus 5X Build/MMB29P) AppleWebKit/537.36 (KHTML, like Gecko) Chrome/148.0.7778.96 Mobile Safari/537.36 (compatible; Googlebot/2.1; +http://www.google.com/bot.html)"
66.249.74.101 - - [03/Jun/2026:23:07:59 +0700] "POST /wp-admin/admin-ajax.php HTTP/1.1" 200 1123 "https://sieuthibachviet.com/" "Mozilla/5.0 (Linux; Android 6.0.1; Nexus 5X Build/MMB29P) AppleWebKit/537.36 (KHTML, like Gecko) Chrome/148.0.7778.96 Mobile Safari/537.36 (compatible; Googlebot/2.1; +http://www.google.com/bot.html)"
139.162.49.171 - - [03/Jun/2026:23:11:38 +0700] "POST /wp-cron.php?doing_wp_cron=1780503098.1677548885345458984375 HTTP/1.1" 200 0 "-" "WordPress/7.0; https://sieuthibachviet.com"
74.125.217.102 - - [03/Jun/2026:23:11:35 +0700] "GET /san-pham/bep-tu-don-bt062/ HTTP/1.1" 200 30144 "-" "Mozilla/5.0 (X11; Linux x86_64) AppleWebKit/537.36 (KHTML, like Gecko) Chrome/148.0.7778.96 Safari/537.36"
74.125.217.101 - - [03/Jun/2026:23:13:05 +0700] "GET /wp-content/plugins/woocommerce/assets/client/blocks/wc-blocks.css?ver=1772505142 HTTP/1.1" 200 2342 "https://sieuthibachviet.com/san-pham/bep-tu-don-bt062/" "Mozilla/5.0 (X11; Linux x86_64) AppleWebKit/537.36 (KHTML, like Gecko) Chrome/148.0.7778.96 Safari/537.36"
66.249.71.64 - - [03/Jun/2026:23:13:11 +0700] "GET /san-pham/noi-com-dien-18e022/ HTTP/1.1" 200 28359 "-" "Mozilla/5.0 (Linux; Android 6.0.1; Nexus 5X Build/MMB29P) AppleWebKit/537.36 (KHTML, like Gecko) Chrome/148.0.7778.96 Mobile Safari/537.36 (compatible; Googlebot/2.1; +http://www.google.com/bot.html)"
74.125.217.101 - - [03/Jun/2026:23:13:19 +0700] "GET /wp-content/plugins/wp-helper-lite/assets/frontend/css/mb-hp-wc-notification.css?ver=1780503097 HTTP/1.1" 200 421 "https://sieuthibachviet.com/san-pham/bep-tu-don-bt062/" "Mozilla/5.0 (X11; Linux x86_64) AppleWebKit/537.36 (KHTML, like Gecko) Chrome/148.0.7778.96 Safari/537.36"
74.125.217.101 - - [03/Jun/2026:23:13:34 +0700] "GET /wp-content/plugins/wp-helper-lite/assets/frontend/css/app.css?ver=1780503097 HTTP/1.1" 200 2589 "https://sieuthibachviet.com/san-pham/bep-tu-don-bt062/" "Mozilla/5.0 (X11; Linux x86_64) AppleWebKit/537.36 (KHTML, like Gecko) Chrome/148.0.7778.96 Safari/537.36"
66.249.71.64 - - [03/Jun/2026:23:13:36 +0700] "POST /wp-admin/admin-ajax.php HTTP/1.1" 200 1090 "https://sieuthibachviet.com/san-pham/noi-com-dien-18e022/" "Mozilla/5.0 (Linux; Android 6.0.1; Nexus 5X Build/MMB29P) AppleWebKit/537.36 (KHTML, like Gecko) Chrome/148.0.7778.96 Mobile Safari/537.36 (compatible; Googlebot/2.1; +http://www.google.com/bot.html)"
216.244.66.195 - - [03/Jun/2026:23:13:43 +0700] "GET /mua-sam/?add_to_wishlist=5254 HTTP/1.1" 200 289415 "-" "Mozilla/5.0 (compatible; DotBot/1.2; +https://opensiteexplorer.org/dotbot; help@moz.com)"
139.162.49.171 - - [03/Jun/2026:23:20:12 +0700] "POST /wp-cron.php?doing_wp_cron=1780503612.4072101116180419921875 HTTP/1.1" 200 0 "-" "WordPress/7.0; https://sieuthibachviet.com"
139.162.49.171 - - [03/Jun/2026:23:26:44 +0700] "POST /wp-cron.php?doing_wp_cron=1780504004.2159309387207031250000 HTTP/1.1" 200 0 "-" "WordPress/7.0; https://sieuthibachviet.com"
37.59.204.154 - - [03/Jun/2026:23:26:42 +0700] "GET /?action=yith-woocompare-add-product&id=5285 HTTP/2" 302 0 "-" "Mozilla/5.0 (compatible; AhrefsBot/7.0; +http://ahrefs.com/robot/)"
116.179.37.80 - - [03/Jun/2026:22:56:43 +0700] "POST /wp-admin/admin-ajax.php HTTP/1.1" 200 1470 "https://sieuthibachviet.com/shopping/page/4/?orderby=rating&add_to_wishlist=5523" "Mozilla/5.0 (compatible; Baiduspider-render/2.0; +http://www.baidu.com/search/spider.html)"
185.191.171.6 - - [03/Jun/2026:23:01:15 +0700] "GET /product-category/tat-ca-san-pham/?filter_size=m%2Cs%2Cxl HTTP/1.1" 200 32486 "-" "Mozilla/5.0 (compatible; SemrushBot/7~bl; +http://www.semrush.com/bot.html)"
193.24.211.48 - - [03/Jun/2026:23:03:54 +0700] "POST /xmlrpc.php HTTP/2" 403 1242 "-" "Mozilla/5.0 (Windows NT 10.0; Win64; x64) AppleWebKit/537.36 (KHTML, like Gecko) Chrome/124.0.0.0 Safari/537.36"
65.111.20.115 - - [03/Jun/2026:23:04:06 +0700] "POST /xmlrpc.php HTTP/2" 403 1242 "-" "Mozilla/5.0 (Macintosh; Intel Mac OS X 10_15_7) AppleWebKit/605.1.15 (KHTML, like Gecko) Version/18.0 Safari/605.1.15"
104.207.45.221 - - [03/Jun/2026:23:04:06 +0700] "POST /xmlrpc.php HTTP/2" 403 1242 "-" "Mozilla/5.0 (Windows NT 10.0; Win64; x64; rv:133.0) Gecko/20100101 Firefox/133.0"
216.26.251.74 - - [03/Jun/2026:23:04:15 +0700] "POST /xmlrpc.php HTTP/2" 403 1242 "-" "Mozilla/5.0 (Windows NT 10.0; Win64; x64; rv:133.0) Gecko/20100101 Firefox/133.0"
193.24.211.48 - - [03/Jun/2026:23:04:43 +0700] "GET /wp-login.php HTTP/2" 200 3126 "-" "Mozilla/5.0 (Windows NT 10.0; Win64; x64; rv:133.0) Gecko/20100101 Firefox/133.0"
139.162.49.171 - - [03/Jun/2026:23:04:45 +0700] "POST /wp-cron.php?doing_wp_cron=1780502684.9857840538024902343750 HTTP/1.1" 200 0 "-" "WordPress/7.0; https://sieuthibachviet.com"
161.35.125.213 - - [03/Jun/2026:23:06:11 +0700] "GET /wp-content/uploads/2024/09/18b061-02.jpg HTTP/1.1" 200 117180 "https://sieuthibachviet.com/" "Mozilla/5.0 (Windows NT 10.0; Win64; x64) AppleWebKit/537.36 (KHTML, like Gecko) Chrome/133.0.0.0 Safari/537.36"
139.162.49.171 - - [03/Jun/2026:23:07:13 +0700] "POST /wp-cron.php?doing_wp_cron=1780502832.9802780151367187500000 HTTP/1.1" 200 0 "-" "WordPress/7.0; https://sieuthibachviet.com"
66.249.74.101 - - [03/Jun/2026:23:07:46 +0700] "GET / HTTP/1.1" 200 29164 "-" "Mozilla/5.0 (Linux; Android 6.0.1; Nexus 5X Build/MMB29P) AppleWebKit/537.36 (KHTML, like Gecko) Chrome/148.0.7778.96 Mobile Safari/537.36 (compatible; Googlebot/2.1; +http://www.google.com/bot.html)"
85.208.96.195 - - [03/Jun/2026:23:08:09 +0700] "GET /robots.txt HTTP/1.1" 200 162 "-" "Mozilla/5.0 (compatible; SemrushBot/7~bl; +http://www.semrush.com/bot.html)"
92.222.104.218 - - [03/Jun/2026:23:08:32 +0700] "GET /?action=yith-woocompare-add-product&id=5362 HTTP/2" 302 0 "-" "Mozilla/5.0 (compatible; AhrefsBot/7.0; +http://ahrefs.com/robot/)"
74.125.217.102 - - [03/Jun/2026:23:12:54 +0700] "GET /wp-content/plugins/contact-form-7/includes/css/styles.css?ver=6.0.1 HTTP/1.1" 200 890 "https://sieuthibachviet.com/san-pham/bep-tu-don-bt062/" "Mozilla/5.0 (X11; Linux x86_64) AppleWebKit/537.36 (KHTML, like Gecko) Chrome/148.0.7778.96 Safari/537.36"
139.162.49.171 - - [03/Jun/2026:23:13:44 +0700] "POST /wp-cron.php?doing_wp_cron=1780503224.8235979080200195312500 HTTP/1.1" 200 0 "-" "WordPress/7.0; https://sieuthibachviet.com"
74.125.217.101 - - [03/Jun/2026:23:13:47 +0700] "GET /wp-content/uploads/2024/09/sato-bt062-2-1024x1024.jpg HTTP/1.1" 200 163025 "https://sieuthibachviet.com/san-pham/bep-tu-don-bt062/" "Mozilla/5.0 (X11; Linux x86_64) AppleWebKit/537.36 (KHTML, like Gecko) Chrome/148.0.7778.96 Safari/537.36"
74.125.217.101 - - [03/Jun/2026:23:13:49 +0700] "GET /wp-content/uploads/2024/09/4-9-300x300.png HTTP/1.1" 200 41682 "https://sieuthibachviet.com/san-pham/bep-tu-don-bt062/" "Mozilla/5.0 (X11; Linux x86_64) AppleWebKit/537.36 (KHTML, like Gecko) Chrome/148.0.7778.96 Safari/537.36"
139.162.49.171 - - [03/Jun/2026:23:19:42 +0700] "POST /wp-cron.php?doing_wp_cron=1780503582.5700590610504150390625 HTTP/1.1" 200 0 "-" "WordPress/7.0; https://sieuthibachviet.com"
51.68.247.196 - - [03/Jun/2026:23:36:39 +0700] "GET /?action=yith-woocompare-add-product&id=5494 HTTP/2" 302 0 "-" "Mozilla/5.0 (compatible; AhrefsBot/7.0; +http://ahrefs.com/robot/)"
14.171.47.12 - - [03/Jun/2026:22:47:59 +0700] "GET /wp-content/uploads/2024/09/40.png HTTP/3" 200 782268 "https://sieuthibachviet.com/product-category/thoi-trang/thoi-trang-me-bau/" "Mozilla/5.0 (Linux; Android 10; K) AppleWebKit/537.36 (KHTML, like Gecko) Chrome/148.0.0.0 Mobile Safari/537.36"
14.171.47.12 - - [03/Jun/2026:22:47:59 +0700] "POST /wp-admin/admin-ajax.php HTTP/3" 200 1034 "https://sieuthibachviet.com/product-category/thoi-trang/thoi-trang-me-bau/" "Mozilla/5.0 (Linux; Android 10; K) AppleWebKit/537.36 (KHTML, like Gecko) Chrome/148.0.0.0 Mobile Safari/537.36"
14.171.47.12 - - [03/Jun/2026:22:48:12 +0700] "GET /wp-content/uploads/2024/09/46.png HTTP/3" 200 1146966 "https://sieuthibachviet.com/" "Mozilla/5.0 (Linux; Android 10; K) AppleWebKit/537.36 (KHTML, like Gecko) Chrome/148.0.0.0 Mobile Safari/537.36"
139.162.49.171 - - [03/Jun/2026:22:51:03 +0700] "POST /wp-cron.php?doing_wp_cron=1780501863.3178710937500000000000 HTTP/1.1" 200 0 "-" "WordPress/7.0; https://sieuthibachviet.com"
66.249.74.103 - - [03/Jun/2026:22:51:00 +0700] "GET /san-pham/noi-com-dien-12a025/ HTTP/1.1" 200 28280 "-" "Mozilla/5.0 (Linux; Android 6.0.1; Nexus 5X Build/MMB29P) AppleWebKit/537.36 (KHTML, like Gecko) Chrome/148.0.7778.96 Mobile Safari/537.36 (compatible; Googlebot/2.1; +http://www.google.com/bot.html)"
139.162.49.171 - - [03/Jun/2026:22:56:35 +0700] "POST /wp-cron.php?doing_wp_cron=1780502194.9555931091308593750000 HTTP/1.1" 200 0 "-" "WordPress/7.0; https://sieuthibachviet.com"
193.24.211.48 - - [03/Jun/2026:23:03:55 +0700] "POST /xmlrpc.php HTTP/2" 403 1242 "-" "Mozilla/5.0 (Macintosh; Intel Mac OS X 10_15_7) AppleWebKit/605.1.15 (KHTML, like Gecko) Version/18.0 Safari/605.1.15"
104.207.63.91 - - [03/Jun/2026:23:04:14 +0700] "POST /xmlrpc.php HTTP/2" 403 1242 "-" "Mozilla/5.0 (Windows NT 10.0; Win64; x64; rv:133.0) Gecko/20100101 Firefox/133.0"
45.3.40.247 - - [03/Jun/2026:23:04:23 +0700] "POST /xmlrpc.php HTTP/2" 403 1242 "-" "Mozilla/5.0 (Windows NT 10.0; Win64; x64; rv:133.0) Gecko/20100101 Firefox/133.0"
139.162.49.171 - - [03/Jun/2026:23:13:07 +0700] "POST /wp-cron.php?doing_wp_cron=1780503187.1003930568695068359375 HTTP/1.1" 200 0 "-" "WordPress/7.0; https://sieuthibachviet.com"
216.244.66.195 - - [03/Jun/2026:23:13:04 +0700] "GET /mua-sam/?add_to_wishlist=4712 HTTP/1.1" 200 289415 "-" "Mozilla/5.0 (compatible; DotBot/1.2; +https://opensiteexplorer.org/dotbot; help@moz.com)"
85.208.96.197 - - [03/Jun/2026:23:14:09 +0700] "GET /product-category/tat-ca-san-pham/?filter_size=xl%2Cl%2Cm%2Cs&orderby=date HTTP/1.1" 200 32511 "-" "Mozilla/5.0 (compatible; SemrushBot/7~bl; +http://www.semrush.com/bot.html)"
216.244.66.195 - - [03/Jun/2026:23:19:41 +0700] "GET /shopping/?orderby=rating&add-to-cart=5561 HTTP/1.1" 302 0 "-" "Mozilla/5.0 (compatible; DotBot/1.2; +https://opensiteexplorer.org/dotbot; help@moz.com)"
216.244.66.195 - - [03/Jun/2026:23:20:11 +0700] "GET /shopping/?orderby=rating&add-to-cart=5581 HTTP/1.1" 302 0 "-" "Mozilla/5.0 (compatible; DotBot/1.2; +https://opensiteexplorer.org/dotbot; help@moz.com)"
139.162.49.171 - - [03/Jun/2026:23:36:42 +0700] "POST /wp-cron.php?doing_wp_cron=1780504601.6872730255126953125000 HTTP/1.1" 200 0 "-" "WordPress/7.0; https://sieuthibachviet.com"
66.249.74.101 - - [03/Jun/2026:23:38:22 +0700] "POST /wp-admin/admin-ajax.php HTTP/1.1" 200 1123 "https://sieuthibachviet.com/" "Mozilla/5.0 (Linux; Android 6.0.1; Nexus 5X Build/MMB29P) AppleWebKit/537.36 (KHTML, like Gecko) Chrome/148.0.7778.96 Mobile Safari/537.36 (compatible; Googlebot/2.1; +http://www.google.com/bot.html)"
66.249.74.101 - - [03/Jun/2026:23:38:30 +0700] "GET /wp-content/plugins/* HTTP/1.1" 301 0 "-" "Mozilla/5.0 (Linux; Android 6.0.1; Nexus 5X Build/MMB29P) AppleWebKit/537.36 (KHTML, like Gecko) Chrome/148.0.7778.96 Mobile Safari/537.36 (compatible; Googlebot/2.1; +http://www.google.com/bot.html)"
85.208.96.193 - - [03/Jun/2026:23:26:51 +0700] "GET /product-category/tat-ca-san-pham/?filter_size=s%2Cl%2Cxl%2Cm&orderby=price-desc HTTP/1.1" 200 32717 "-" "Mozilla/5.0 (compatible; SemrushBot/7~bl; +http://www.semrush.com/bot.html)"
40.77.167.13 - - [03/Jun/2026:23:37:57 +0700] "GET /wp-content/uploads/2024/09/bt061-scaled.jpg HTTP/2" 200 97157 "-" "Mozilla/5.0 AppleWebKit/537.36 (KHTML, like Gecko; compatible; bingbot/2.0; +http://www.bing.com/bingbot.htm) Chrome/116.0.1938.76 Safari/537.36"
66.249.71.65 - - [03/Jun/2026:23:37:31 +0700] "GET /?action=yith-woocompare-add-product&id=5589 HTTP/1.1" 302 0 "-" "Mozilla/5.0 (Linux; Android 6.0.1; Nexus 5X Build/MMB29P) AppleWebKit/537.36 (KHTML, like Gecko) Chrome/148.0.7778.96 Mobile Safari/537.36 (compatible; Googlebot/2.1; +http://www.google.com/bot.html)"
139.162.49.171 - - [03/Jun/2026:23:37:49 +0700] "POST /wp-cron.php?doing_wp_cron=1780504669.3075509071350097656250 HTTP/1.1" 200 0 "-" "WordPress/7.0; https://sieuthibachviet.com"
52.167.144.59 - - [03/Jun/2026:23:37:48 +0700] "GET /robots.txt HTTP/2" 200 143 "-" "Mozilla/5.0 AppleWebKit/537.36 (KHTML, like Gecko; compatible; bingbot/2.0; +http://www.bing.com/bingbot.htm) Chrome/116.0.1938.76 Safari/537.36"
66.249.74.101 - - [03/Jun/2026:23:38:57 +0700] "GET /wp-content/plugins/woocommerce/assets/js/photoswipe/photoswipe.js?ver=4.1.1-wc.9.4.5 HTTP/1.1" 200 24821 "https://sieuthibachviet.com/" "Mozilla/5.0 (Linux; Android 6.0.1; Nexus 5X Build/MMB29P) AppleWebKit/537.36 (KHTML, like Gecko) Chrome/148.0.7778.96 Mobile Safari/537.36 (compatible; Googlebot/2.1; +http://www.google.com/bot.html)"
139.162.49.171 - - [03/Jun/2026:23:02:11 +0700] "POST /wp-cron.php?doing_wp_cron=1780502530.9293498992919921875000 HTTP/1.1" 200 0 "-" "WordPress/7.0; https://sieuthibachviet.com"
85.208.96.206 - - [03/Jun/2026:23:02:10 +0700] "GET /product-category/thoi-trang/?filter_size=xl%2Cm%2Cl&orderby=popularity HTTP/1.1" 200 32605 "-" "Mozilla/5.0 (compatible; SemrushBot/7~bl; +http://www.semrush.com/bot.html)"
193.24.211.48 - - [03/Jun/2026:23:03:55 +0700] "POST /xmlrpc.php HTTP/2" 403 1242 "-" "Mozilla/5.0 (Macintosh; Intel Mac OS X 10_15_7) AppleWebKit/605.1.15 (KHTML, like Gecko) Version/18.0 Safari/605.1.15"
65.111.13.161 - - [03/Jun/2026:23:04:06 +0700] "POST /xmlrpc.php HTTP/2" 403 1242 "-" "Mozilla/5.0 (Windows NT 10.0; Win64; x64; rv:133.0) Gecko/20100101 Firefox/133.0"
216.26.242.59 - - [03/Jun/2026:23:04:28 +0700] "POST /xmlrpc.php HTTP/2" 403 1242 "-" "Mozilla/5.0 (Windows NT 10.0; Win64; x64; rv:133.0) Gecko/20100101 Firefox/133.0"
139.162.49.171 - - [03/Jun/2026:23:04:45 +0700] "POST /wp-cron.php?doing_wp_cron=1780502684.9858250617980957031250 HTTP/1.1" 200 0 "-" "WordPress/7.0; https://sieuthibachviet.com"
193.24.211.48 - - [03/Jun/2026:23:04:42 +0700] "GET /wp-login.php HTTP/2" 200 3126 "-" "Mozilla/5.0 (Windows NT 10.0; Win64; x64) AppleWebKit/537.36 (KHTML, like Gecko) Chrome/124.0.0.0 Safari/537.36"
139.162.49.171 - - [03/Jun/2026:23:07:47 +0700] "POST /wp-cron.php?doing_wp_cron=1780502867.0531609058380126953125 HTTP/1.1" 200 0 "-" "WordPress/7.0; https://sieuthibachviet.com"
185.191.171.19 - - [03/Jun/2026:23:08:11 +0700] "GET /product-category/thoi-trang/thoi-trang-me-bau/?filter_size=xl%2Cl%2Cm%2Cs&orderby=price-desc HTTP/1.1" 200 32750 "-" "Mozilla/5.0 (compatible; SemrushBot/7~bl; +http://www.semrush.com/bot.html)"
66.249.71.64 - - [03/Jun/2026:23:13:28 +0700] "GET /wp-content/uploads/elementor/css/post-5567.css?ver=1734102964 HTTP/1.1" 200 101 "https://sieuthibachviet.com/san-pham/noi-com-dien-18e022/" "Mozilla/5.0 (Linux; Android 6.0.1; Nexus 5X Build/MMB29P) AppleWebKit/537.36 (KHTML, like Gecko) Chrome/148.0.7778.96 Mobile Safari/537.36 (compatible; Googlebot/2.1; +http://www.google.com/bot.html)"
74.125.217.101 - - [03/Jun/2026:23:13:56 +0700] "GET /wp-includes/js/dist/hooks.js?ver=7496969728ca0f95732d HTTP/1.1" 200 2393 "https://sieuthibachviet.com/san-pham/bep-tu-don-bt062/" "Mozilla/5.0 (X11; Linux x86_64) AppleWebKit/537.36 (KHTML, like Gecko) Chrome/148.0.7778.96 Safari/537.36"
139.162.49.171 - - [03/Jun/2026:23:19:11 +0700] "POST /wp-cron.php?doing_wp_cron=1780503551.5757369995117187500000 HTTP/1.1" 200 0 "-" "WordPress/7.0; https://sieuthibachviet.com"
216.244.66.195 - - [03/Jun/2026:23:19:09 +0700] "GET /shopping/?orderby=rating&add-to-cart=5339 HTTP/1.1" 302 0 "-" "Mozilla/5.0 (compatible; DotBot/1.2; +https://opensiteexplorer.org/dotbot; help@moz.com)"
139.162.49.171 - - [03/Jun/2026:23:25:12 +0700] "POST /wp-cron.php?doing_wp_cron=1780503912.3694729804992675781250 HTTP/1.1" 200 0 "-" "WordPress/7.0; https://sieuthibachviet.com"
185.191.171.6 - - [03/Jun/2026:23:25:10 +0700] "GET /product-category/thoi-trang/thoi-trang-me-bau/?filter_size=s%2Cm%2Cxl%2Cl&orderby=price HTTP/1.1" 200 32726 "-" "Mozilla/5.0 (compatible; SemrushBot/7~bl; +http://www.semrush.com/bot.html)"
66.249.74.102 - - [03/Jun/2026:23:37:56 +0700] "GET / HTTP/1.1" 200 29195 "-" "Mozilla/5.0 (Linux; Android 6.0.1; Nexus 5X Build/MMB29P) AppleWebKit/537.36 (KHTML, like Gecko) Chrome/148.0.7778.96 Mobile Safari/537.36 (compatible; Googlebot/2.1; +http://www.google.com/bot.html)"
139.162.49.171 - - [03/Jun/2026:23:47:37 +0700] "POST /wp-cron.php?doing_wp_cron=1780505257.4854769706726074218750 HTTP/1.1" 200 0 "-" "WordPress/7.0; https://sieuthibachviet.com"
216.244.66.195 - - [03/Jun/2026:23:47:35 +0700] "GET /robots.txt HTTP/1.1" 200 269 "-" "Mozilla/5.0 (compatible; DotBot/1.2; +https://opensiteexplorer.org/dotbot; help@moz.com)"
45.3.36.18 - - [03/Jun/2026:23:48:14 +0700] "POST /xmlrpc.php HTTP/2" 403 1242 "-" "Mozilla/5.0 (Windows NT 10.0; Win64; x64) AppleWebKit/537.36 (KHTML, like Gecko) Chrome/124.0.0.0 Safari/537.36"
104.207.51.180 - - [03/Jun/2026:23:48:23 +0700] "POST /xmlrpc.php HTTP/2" 403 1242 "-" "Mozilla/5.0 (Macintosh; Intel Mac OS X 10_15_7) AppleWebKit/605.1.15 (KHTML, like Gecko) Version/18.0 Safari/605.1.15"
65.111.20.152 - - [03/Jun/2026:23:48:32 +0700] "GET /wp-login.php HTTP/2" 200 3126 "-" "Mozilla/5.0 (Windows NT 10.0; Win64; x64) AppleWebKit/537.36 (KHTML, like Gecko) Chrome/124.0.0.0 Safari/537.36"
65.111.20.152 - - [03/Jun/2026:23:48:33 +0700] "POST /wp-login.php HTTP/2" 302 0 "https://sieuthibachviet.com/wp-login.php" "Mozilla/5.0 (Windows NT 10.0; Win64; x64) AppleWebKit/537.36 (KHTML, like Gecko) Chrome/124.0.0.0 Safari/537.36"
65.111.20.152 - - [03/Jun/2026:23:48:34 +0700] "GET /wp-admin/ HTTP/2" 200 94907 "https://sieuthibachviet.com/wp-login.php" "Mozilla/5.0 (Windows NT 10.0; Win64; x64) AppleWebKit/537.36 (KHTML, like Gecko) Chrome/124.0.0.0 Safari/537.36"
65.111.20.152 - - [03/Jun/2026:23:48:38 +0700] "GET /wp-admin/admin-ajax.php?action=rest-nonce HTTP/2" 200 14 "-" "Mozilla/5.0 (Windows NT 10.0; Win64; x64) AppleWebKit/537.36 (KHTML, like Gecko) Chrome/124.0.0.0 Safari/537.36"
65.111.20.152 - - [03/Jun/2026:23:48:39 +0700] "GET /wp-json/wp/v2/users/me HTTP/2" 200 609 "-" "Mozilla/5.0 (Windows NT 10.0; Win64; x64) AppleWebKit/537.36 (KHTML, like Gecko) Chrome/124.0.0.0 Safari/537.36"
65.111.20.152 - - [03/Jun/2026:23:48:41 +0700] "GET /wp-admin/plugin-install.php HTTP/2" 200 84049 "-" "Mozilla/5.0 (Windows NT 10.0; Win64; x64) AppleWebKit/537.36 (KHTML, like Gecko) Chrome/124.0.0.0 Safari/537.36"
65.111.20.152 - - [03/Jun/2026:23:48:45 +0700] "POST /wp-admin/update.php?action=upload-plugin HTTP/2" 403 1242 "https://sieuthibachviet.com/wp-admin/update.php?action=upload-plugin" "Mozilla/5.0 (Windows NT 10.0; Win64; x64) AppleWebKit/537.36 (KHTML, like Gecko) Chrome/124.0.0.0 Safari/537.36"
65.111.20.152 - - [03/Jun/2026:23:48:45 +0700] "GET /wp-admin/admin.php?page=wc-reports&range=last_month HTTP/2" 200 234745 "-" "Mozilla/5.0 (Windows NT 10.0; Win64; x64) AppleWebKit/537.36 (KHTML, like Gecko) Chrome/124.0.0.0 Safari/537.36"
65.111.20.152 - - [03/Jun/2026:23:48:48 +0700] "GET /wp-admin/admin.php?page=wc-orders HTTP/2" 301 0 "-" "Mozilla/5.0 (Windows NT 10.0; Win64; x64) AppleWebKit/537.36 (KHTML, like Gecko) Chrome/124.0.0.0 Safari/537.36"
65.111.20.152 - - [03/Jun/2026:23:48:49 +0700] "GET /wp-admin/edit.php?post_type=shop_order HTTP/2" 200 260849 "-" "Mozilla/5.0 (Windows NT 10.0; Win64; x64) AppleWebKit/537.36 (KHTML, like Gecko) Chrome/124.0.0.0 Safari/537.36"
209.50.162.89 - - [03/Jun/2026:23:49:02 +0700] "POST /xmlrpc.php HTTP/2" 403 1242 "-" "Mozilla/5.0 (Macintosh; Intel Mac OS X 10_15_7) AppleWebKit/605.1.15 (KHTML, like Gecko) Version/18.0 Safari/605.1.15"
209.50.191.75 - - [03/Jun/2026:23:49:03 +0700] "POST /xmlrpc.php HTTP/2" 403 1242 "-" "Mozilla/5.0 (Macintosh; Intel Mac OS X 10_15_7) AppleWebKit/605.1.15 (KHTML, like Gecko) Version/18.0 Safari/605.1.15"
65.111.2.185 - - [03/Jun/2026:23:49:05 +0700] "POST /xmlrpc.php HTTP/2" 403 1242 "-" "Mozilla/5.0 (Windows NT 10.0; Win64; x64; rv:133.0) Gecko/20100101 Firefox/133.0"
65.111.20.152 - - [03/Jun/2026:23:49:10 +0700] "GET /wp-login.php HTTP/2" 200 3126 "-" "Mozilla/5.0 (Windows NT 10.0; Win64; x64) AppleWebKit/537.36 (KHTML, like Gecko) Chrome/124.0.0.0 Safari/537.36"
65.111.20.152 - - [03/Jun/2026:23:49:11 +0700] "POST /wp-login.php HTTP/2" 302 0 "https://sieuthibachviet.com/wp-login.php" "Mozilla/5.0 (Windows NT 10.0; Win64; x64) AppleWebKit/537.36 (KHTML, like Gecko) Chrome/124.0.0.0 Safari/537.36"
65.111.20.152 - - [03/Jun/2026:23:49:12 +0700] "GET /wp-admin/ HTTP/2" 200 94625 "https://sieuthibachviet.com/wp-login.php" "Mozilla/5.0 (Windows NT 10.0; Win64; x64) AppleWebKit/537.36 (KHTML, like Gecko) Chrome/124.0.0.0 Safari/537.36"
65.111.20.152 - - [03/Jun/2026:23:49:14 +0700] "GET /wp-admin/admin-ajax.php?action=rest-nonce HTTP/2" 200 14 "-" "Mozilla/5.0 (Windows NT 10.0; Win64; x64) AppleWebKit/537.36 (KHTML, like Gecko) Chrome/124.0.0.0 Safari/537.36"
65.111.20.152 - - [03/Jun/2026:23:49:15 +0700] "GET /wp-json/wp/v2/users/me HTTP/2" 200 632 "-" "Mozilla/5.0 (Windows NT 10.0; Win64; x64) AppleWebKit/537.36 (KHTML, like Gecko) Chrome/124.0.0.0 Safari/537.36"
65.111.20.152 - - [03/Jun/2026:23:49:17 +0700] "GET /wp-admin/plugin-install.php HTTP/2" 200 83628 "-" "Mozilla/5.0 (Windows NT 10.0; Win64; x64) AppleWebKit/537.36 (KHTML, like Gecko) Chrome/124.0.0.0 Safari/537.36"
65.111.20.152 - - [03/Jun/2026:23:49:19 +0700] "POST /wp-admin/update.php?action=upload-plugin HTTP/2" 403 1242 "https://sieuthibachviet.com/wp-admin/update.php?action=upload-plugin" "Mozilla/5.0 (Windows NT 10.0; Win64; x64) AppleWebKit/537.36 (KHTML, like Gecko) Chrome/124.0.0.0 Safari/537.36"
104.207.42.100 - - [03/Jun/2026:23:48:15 +0700] "POST /xmlrpc.php HTTP/2" 403 1242 "-" "Mozilla/5.0 (Windows NT 10.0; Win64; x64; rv:133.0) Gecko/20100101 Firefox/133.0"
209.50.180.150 - - [03/Jun/2026:23:48:22 +0700] "POST /xmlrpc.php HTTP/2" 403 1242 "-" "Mozilla/5.0 (Windows NT 10.0; Win64; x64) AppleWebKit/537.36 (KHTML, like Gecko) Chrome/124.0.0.0 Safari/537.36"
217.181.92.174 - - [03/Jun/2026:23:48:57 +0700] "POST /xmlrpc.php HTTP/2" 403 1242 "-" "Mozilla/5.0 (Windows NT 10.0; Win64; x64) AppleWebKit/537.36 (KHTML, like Gecko) Chrome/124.0.0.0 Safari/537.36"
216.26.238.113 - - [03/Jun/2026:23:49:08 +0700] "POST /xmlrpc.php HTTP/2" 403 1242 "-" "Mozilla/5.0 (Windows NT 10.0; Win64; x64; rv:133.0) Gecko/20100101 Firefox/133.0"
65.111.3.115 - - [03/Jun/2026:23:49:26 +0700] "POST /xmlrpc.php HTTP/2" 403 1242 "-" "Mozilla/5.0 (Macintosh; Intel Mac OS X 10_15_7) AppleWebKit/605.1.15 (KHTML, like Gecko) Version/18.0 Safari/605.1.15"
209.50.163.65 - - [03/Jun/2026:23:49:28 +0700] "POST /xmlrpc.php HTTP/2" 403 1242 "-" "Mozilla/5.0 (Macintosh; Intel Mac OS X 10_15_7) AppleWebKit/605.1.15 (KHTML, like Gecko) Version/18.0 Safari/605.1.15"
104.207.54.238 - - [03/Jun/2026:23:49:29 +0700] "POST /xmlrpc.php HTTP/2" 403 1242 "-" "Mozilla/5.0 (Windows NT 10.0; Win64; x64; rv:133.0) Gecko/20100101 Firefox/133.0"
45.3.45.186 - - [03/Jun/2026:23:49:32 +0700] "POST /xmlrpc.php HTTP/2" 403 1242 "-" "Mozilla/5.0 (Macintosh; Intel Mac OS X 10_15_7) AppleWebKit/605.1.15 (KHTML, like Gecko) Version/18.0 Safari/605.1.15"
104.207.51.187 - - [03/Jun/2026:23:49:35 +0700] "POST /xmlrpc.php HTTP/2" 403 1242 "-" "Mozilla/5.0 (Windows NT 10.0; Win64; x64; rv:133.0) Gecko/20100101 Firefox/133.0"
139.162.49.171 - - [03/Jun/2026:23:50:23 +0700] "POST /wp-cron.php?doing_wp_cron=1780505422.8500521183013916015625 HTTP/1.1" 200 0 "-" "WordPress/7.0; https://sieuthibachviet.com"
104.207.49.171 - - [03/Jun/2026:23:50:22 +0700] "GET /wp-login.php HTTP/2" 200 3126 "-" "Mozilla/5.0 (Windows NT 10.0; Win64; x64) AppleWebKit/537.36 (KHTML, like Gecko) Chrome/124.0.0.0 Safari/537.36"
104.207.49.171 - - [03/Jun/2026:23:50:23 +0700] "POST /wp-login.php HTTP/2" 302 0 "https://sieuthibachviet.com/wp-login.php" "Mozilla/5.0 (Windows NT 10.0; Win64; x64) AppleWebKit/537.36 (KHTML, like Gecko) Chrome/124.0.0.0 Safari/537.36"
104.207.49.171 - - [03/Jun/2026:23:50:24 +0700] "GET /wp-admin/ HTTP/2" 200 94759 "https://sieuthibachviet.com/wp-login.php" "Mozilla/5.0 (Windows NT 10.0; Win64; x64) AppleWebKit/537.36 (KHTML, like Gecko) Chrome/124.0.0.0 Safari/537.36"
104.207.49.171 - - [03/Jun/2026:23:50:26 +0700] "GET /wp-admin/admin-ajax.php?action=rest-nonce HTTP/2" 200 14 "-" "Mozilla/5.0 (Windows NT 10.0; Win64; x64) AppleWebKit/537.36 (KHTML, like Gecko) Chrome/124.0.0.0 Safari/537.36"
104.207.49.171 - - [03/Jun/2026:23:50:27 +0700] "GET /wp-json/wp/v2/users/me HTTP/2" 200 632 "-" "Mozilla/5.0 (Windows NT 10.0; Win64; x64) AppleWebKit/537.36 (KHTML, like Gecko) Chrome/124.0.0.0 Safari/537.36"
104.207.49.171 - - [03/Jun/2026:23:50:31 +0700] "GET /wp-admin/plugin-install.php HTTP/2" 200 83616 "-" "Mozilla/5.0 (Windows NT 10.0; Win64; x64) AppleWebKit/537.36 (KHTML, like Gecko) Chrome/124.0.0.0 Safari/537.36"
104.207.49.171 - - [03/Jun/2026:23:50:34 +0700] "POST /wp-admin/update.php?action=upload-plugin HTTP/2" 403 1242 "https://sieuthibachviet.com/wp-admin/update.php?action=upload-plugin" "Mozilla/5.0 (Windows NT 10.0; Win64; x64) AppleWebKit/537.36 (KHTML, like Gecko) Chrome/124.0.0.0 Safari/537.36"
