119.28.9.114 - - [04/Jun/2026:04:11:25 +0700] "GET /wp-includes/js/imagesloaded.min.js?ver=5.0.0 HTTP/2" 200 1687 "https://sieuthibachviet.com/shopping/?orderby=rating&filter_size=l,m,xl" "Mozilla/5.0 (Windows NT 10.0; Win64; x64) AppleWebKit/537.36 (KHTML, like Gecko) Chrome/144.0.0.0 Safari/537.36"
119.28.9.114 - - [04/Jun/2026:04:11:25 +0700] "GET /wp-content/themes/martfury/js/plugins/jquery.tabs.js?ver=1.0.0 HTTP/2" 200 376 "https://sieuthibachviet.com/shopping/?orderby=rating&filter_size=l,m,xl" "Mozilla/5.0 (Windows NT 10.0; Win64; x64) AppleWebKit/537.36 (KHTML, like Gecko) Chrome/144.0.0.0 Safari/537.36"
119.28.9.114 - - [04/Jun/2026:04:11:25 +0700] "GET /wp-content/themes/martfury/js/plugins/nprogress.js?ver=1.0.0 HTTP/2" 200 3393 "https://sieuthibachviet.com/shopping/?orderby=rating&filter_size=l,m,xl" "Mozilla/5.0 (Windows NT 10.0; Win64; x64) AppleWebKit/537.36 (KHTML, like Gecko) Chrome/144.0.0.0 Safari/537.36"
119.28.9.114 - - [04/Jun/2026:04:11:25 +0700] "GET /wp-content/themes/martfury/js/plugins/jquery.lazyload.min.js?ver=1.9.7 HTTP/2" 200 1183 "https://sieuthibachviet.com/shopping/?orderby=rating&filter_size=l,m,xl" "Mozilla/5.0 (Windows NT 10.0; Win64; x64) AppleWebKit/537.36 (KHTML, like Gecko) Chrome/144.0.0.0 Safari/537.36"
119.28.9.114 - - [04/Jun/2026:04:11:25 +0700] "GET /wp-content/plugins/woocommerce/assets/js/accounting/accounting.js?ver=0.4.2 HTTP/2" 200 4362 "https://sieuthibachviet.com/shopping/?orderby=rating&filter_size=l,m,xl" "Mozilla/5.0 (Windows NT 10.0; Win64; x64) AppleWebKit/537.36 (KHTML, like Gecko) Chrome/144.0.0.0 Safari/537.36"
119.28.9.114 - - [04/Jun/2026:04:11:25 +0700] "GET /wp-content/plugins/woocommerce/assets/js/frontend/price-slider.js?ver=9.4.5 HTTP/2" 200 728 "https://sieuthibachviet.com/shopping/?orderby=rating&filter_size=l,m,xl" "Mozilla/5.0 (Windows NT 10.0; Win64; x64) AppleWebKit/537.36 (KHTML, like Gecko) Chrome/144.0.0.0 Safari/537.36"
119.28.9.114 - - [04/Jun/2026:04:11:25 +0700] "GET /wp-content/plugins/woocommerce/assets/js/sourcebuster/sourcebuster.js?ver=9.4.5 HTTP/2" 200 6763 "https://sieuthibachviet.com/shopping/?orderby=rating&filter_size=l,m,xl" "Mozilla/5.0 (Windows NT 10.0; Win64; x64) AppleWebKit/537.36 (KHTML, like Gecko) Chrome/144.0.0.0 Safari/537.36"
119.28.9.114 - - [04/Jun/2026:04:11:25 +0700] "GET /wp-content/plugins/yith-woocommerce-wishlist/assets/js/unminified/jquery.yith-wcwl.js?ver=4.0.1 HTTP/2" 200 9948 "https://sieuthibachviet.com/shopping/?orderby=rating&filter_size=l,m,xl" "Mozilla/5.0 (Windows NT 10.0; Win64; x64) AppleWebKit/537.36 (KHTML, like Gecko) Chrome/144.0.0.0 Safari/537.36"
119.28.9.114 - - [04/Jun/2026:04:11:25 +0700] "GET /wp-includes/js/jquery/jquery.js?ver=3.7.1 HTTP/2" 200 81316 "https://sieuthibachviet.com/shopping/?orderby=rating&filter_size=l,m,xl" "Mozilla/5.0 (Windows NT 10.0; Win64; x64) AppleWebKit/537.36 (KHTML, like Gecko) Chrome/144.0.0.0 Safari/537.36"
119.28.9.114 - - [04/Jun/2026:04:11:25 +0700] "GET /wp-content/themes/martfury/js/scripts.js?ver=20201224 HTTP/2" 200 17753 "https://sieuthibachviet.com/shopping/?orderby=rating&filter_size=l,m,xl" "Mozilla/5.0 (Windows NT 10.0; Win64; x64) AppleWebKit/537.36 (KHTML, like Gecko) Chrome/144.0.0.0 Safari/537.36"
119.28.9.114 - - [04/Jun/2026:04:11:22 +0700] "GET /shopping/?orderby=rating&filter_size=l,m,xl HTTP/2" 200 27694 "-" "Mozilla/5.0 (Windows NT 10.0; Win64; x64) AppleWebKit/537.36 (KHTML, like Gecko) Chrome/144.0.0.0 Safari/537.36"
119.28.9.114 - - [04/Jun/2026:04:11:27 +0700] "GET /wp-content/plugins/woocommerce/assets/js/jquery-blockui/jquery.blockUI.js?ver=2.7.0-wc.9.4.5 HTTP/2" 200 6268 "https://sieuthibachviet.com/shopping/?orderby=rating&filter_size=l,m,xl" "Mozilla/5.0 (Windows NT 10.0; Win64; x64) AppleWebKit/537.36 (KHTML, like Gecko) Chrome/144.0.0.0 Safari/537.36"
139.162.49.171 - - [04/Jun/2026:04:11:25 +0700] "POST /wp-cron.php?doing_wp_cron=1780521085.4559760093688964843750 HTTP/1.1" 200 0 "-" "WordPress/7.0; https://sieuthibachviet.com"
216.244.66.195 - - [04/Jun/2026:04:15:17 +0700] "GET /robots.txt HTTP/1.1" 200 269 "-" "Mozilla/5.0 (compatible; DotBot/1.2; +https://opensiteexplorer.org/dotbot; help@moz.com)"
119.28.9.114 - - [04/Jun/2026:04:11:27 +0700] "GET /wp-content/plugins/woocommerce/assets/js/frontend/add-to-cart.js?ver=9.4.5 HTTP/2" 200 2097 "https://sieuthibachviet.com/shopping/?orderby=rating&filter_size=l,m,xl" "Mozilla/5.0 (Windows NT 10.0; Win64; x64) AppleWebKit/537.36 (KHTML, like Gecko) Chrome/144.0.0.0 Safari/537.36"
119.28.9.114 - - [04/Jun/2026:04:11:27 +0700] "GET /wp-content/plugins/woocommerce/assets/js/js-cookie/js.cookie.js?ver=2.1.4-wc.9.4.5 HTTP/2" 200 1319 "https://sieuthibachviet.com/shopping/?orderby=rating&filter_size=l,m,xl" "Mozilla/5.0 (Windows NT 10.0; Win64; x64) AppleWebKit/537.36 (KHTML, like Gecko) Chrome/144.0.0.0 Safari/537.36"
119.28.9.114 - - [04/Jun/2026:04:11:27 +0700] "GET /wp-content/plugins/woocommerce/assets/js/frontend/woocommerce.js?ver=9.4.5 HTTP/2" 200 1744 "https://sieuthibachviet.com/shopping/?orderby=rating&filter_size=l,m,xl" "Mozilla/5.0 (Windows NT 10.0; Win64; x64) AppleWebKit/537.36 (KHTML, like Gecko) Chrome/144.0.0.0 Safari/537.36"
119.28.9.114 - - [04/Jun/2026:04:11:27 +0700] "GET /wp-content/plugins/woocommerce/assets/js/frontend/add-to-cart-variation.js?ver=9.4.5 HTTP/2" 200 6224 "https://sieuthibachviet.com/shopping/?orderby=rating&filter_size=l,m,xl" "Mozilla/5.0 (Windows NT 10.0; Win64; x64) AppleWebKit/537.36 (KHTML, like Gecko) Chrome/144.0.0.0 Safari/537.36"
119.28.9.114 - - [04/Jun/2026:04:11:27 +0700] "GET /wp-content/plugins/revslider/public/assets/js/rbtools.min.js?ver=6.5.18 HTTP/2" 200 47297 "https://sieuthibachviet.com/shopping/?orderby=rating&filter_size=l,m,xl" "Mozilla/5.0 (Windows NT 10.0; Win64; x64) AppleWebKit/537.36 (KHTML, like Gecko) Chrome/144.0.0.0 Safari/537.36"
119.28.9.114 - - [04/Jun/2026:04:11:28 +0700] "GET /wp-content/plugins/revslider/public/assets/js/rs6.min.js?ver=6.5.31 HTTP/2" 200 97780 "https://sieuthibachviet.com/shopping/?orderby=rating&filter_size=l,m,xl" "Mozilla/5.0 (Windows NT 10.0; Win64; x64) AppleWebKit/537.36 (KHTML, like Gecko) Chrome/144.0.0.0 Safari/537.36"
119.28.9.114 - - [04/Jun/2026:04:11:28 +0700] "POST /wp-admin/admin-ajax.php HTTP/2" 200 999 "https://sieuthibachviet.com/shopping/?orderby=rating&filter_size=l,m,xl" "Mozilla/5.0 (Windows NT 10.0; Win64; x64) AppleWebKit/537.36 (KHTML, like Gecko) Chrome/144.0.0.0 Safari/537.36"
139.162.49.171 - - [04/Jun/2026:04:15:19 +0700] "POST /wp-cron.php?doing_wp_cron=1780521319.4756669998168945312500 HTTP/1.1" 200 0 "-" "WordPress/7.0; https://sieuthibachviet.com"
139.162.49.171 - - [04/Jun/2026:04:25:02 +0700] "POST /wp-cron.php?doing_wp_cron=1780521902.2838990688323974609375 HTTP/1.1" 200 0 "-" "WordPress/7.0; https://sieuthibachviet.com"
116.179.37.173 - - [04/Jun/2026:04:25:07 +0700] "GET /wp-content/plugins/wp-helper-lite/assets/frontend/css/mb-hp-wc-notification.css?ver=1780521902 HTTP/1.1" 200 499 "https://sieuthibachviet.com/shopping/page/10/?add_to_wishlist=4976" "Mozilla/5.0 (compatible; Baiduspider-render/2.0; +http://www.baidu.com/search/spider.html)"
116.179.37.172 - - [04/Jun/2026:04:25:08 +0700] "GET /wp-content/plugins/wp-helper-lite/assets/frontend/js/disableCopy.js?ver=1780521902 HTTP/1.1" 200 658 "https://sieuthibachviet.com/shopping/page/10/?add_to_wishlist=4976" "Mozilla/5.0 (compatible; Baiduspider-render/2.0; +http://www.baidu.com/search/spider.html)"
116.179.37.215 - - [04/Jun/2026:04:25:08 +0700] "GET /wp-content/plugins/wp-helper-lite/assets/frontend/js/app.js?ver=1780521902 HTTP/1.1" 200 573 "https://sieuthibachviet.com/shopping/page/10/?add_to_wishlist=4976" "Mozilla/5.0 (compatible; Baiduspider-render/2.0; +http://www.baidu.com/search/spider.html)"
116.179.37.206 - - [04/Jun/2026:04:25:08 +0700] "GET /wp-content/plugins/wp-helper-lite/assets/frontend/js/mb-hp-wc-notification.js?ver=1780521902 HTTP/1.1" 200 868 "https://sieuthibachviet.com/shopping/page/10/?add_to_wishlist=4976" "Mozilla/5.0 (compatible; Baiduspider-render/2.0; +http://www.baidu.com/search/spider.html)"
116.179.37.41 - - [04/Jun/2026:04:25:10 +0700] "POST /wp-admin/admin-ajax.php HTTP/1.1" 200 1156 "https://sieuthibachviet.com/shopping/page/10/?add_to_wishlist=4976" "Mozilla/5.0 (compatible; Baiduspider-render/2.0; +http://www.baidu.com/search/spider.html)"
116.179.37.30 - - [04/Jun/2026:04:25:18 +0700] "POST /wp-admin/admin-ajax.php HTTP/1.1" 200 1156 "https://sieuthibachviet.com/shopping/page/10/?add_to_wishlist=4976" "Mozilla/5.0 (compatible; Baiduspider-render/2.0; +http://www.baidu.com/search/spider.html)"
85.208.96.203 - - [04/Jun/2026:04:30:32 +0700] "GET /robots.txt HTTP/1.1" 200 162 "-" "Mozilla/5.0 (compatible; SemrushBot/7~bl; +http://www.semrush.com/bot.html)"
185.191.171.18 - - [04/Jun/2026:04:30:35 +0700] "GET /product-category/tat-ca-san-pham/?filter_size=m%2Cxl&orderby=price-desc HTTP/1.1" 200 32688 "-" "Mozilla/5.0 (compatible; SemrushBot/7~bl; +http://www.semrush.com/bot.html)"
216.244.66.195 - - [04/Jun/2026:04:31:38 +0700] "GET /shopping/?orderby=rating&add-to-cart=5519 HTTP/1.1" 302 0 "-" "Mozilla/5.0 (compatible; DotBot/1.2; +https://opensiteexplorer.org/dotbot; help@moz.com)"
220.181.108.175 - - [04/Jun/2026:04:24:59 +0700] "GET /shopping/page/10/?add_to_wishlist=4976 HTTP/2" 200 32021 "-" "Mozilla/5.0 (compatible; Baiduspider/2.0; +http://www.baidu.com/search/spider.html)"
139.162.49.171 - - [04/Jun/2026:04:26:39 +0700] "POST /wp-cron.php?doing_wp_cron=1780521999.1146590709686279296875 HTTP/1.1" 200 0 "-" "WordPress/7.0; https://sieuthibachviet.com"
139.162.49.171 - - [04/Jun/2026:04:30:34 +0700] "POST /wp-cron.php?doing_wp_cron=1780522234.0199348926544189453125 HTTP/1.1" 200 0 "-" "WordPress/7.0; https://sieuthibachviet.com"
139.162.49.171 - - [04/Jun/2026:04:31:26 +0700] "POST /wp-cron.php?doing_wp_cron=1780522286.1757979393005371093750 HTTP/1.1" 200 0 "-" "WordPress/7.0; https://sieuthibachviet.com"
216.244.66.195 - - [04/Jun/2026:04:31:25 +0700] "GET /shopping/?orderby=date&add-to-cart=5248 HTTP/1.1" 302 0 "-" "Mozilla/5.0 (compatible; DotBot/1.2; +https://opensiteexplorer.org/dotbot; help@moz.com)"
139.162.49.171 - - [04/Jun/2026:04:31:38 +0700] "POST /wp-cron.php?doing_wp_cron=1780522298.9074859619140625000000 HTTP/1.1" 200 0 "-" "WordPress/7.0; https://sieuthibachviet.com"
116.179.37.117 - - [04/Jun/2026:04:25:07 +0700] "GET /wp-content/plugins/wp-helper-lite/assets/frontend/css/app.css?ver=1780521902 HTTP/1.1" 200 2731 "https://sieuthibachviet.com/shopping/page/10/?add_to_wishlist=4976" "Mozilla/5.0 (compatible; Baiduspider-render/2.0; +http://www.baidu.com/search/spider.html)"
139.162.49.171 - - [04/Jun/2026:04:28:25 +0700] "POST /wp-cron.php?doing_wp_cron=1780522104.7498359680175781250000 HTTP/1.1" 200 0 "-" "WordPress/7.0; https://sieuthibachviet.com"
54.38.147.162 - - [04/Jun/2026:04:28:22 +0700] "GET /robots.txt HTTP/2" 200 143 "-" "Mozilla/5.0 (compatible; AhrefsBot/7.0; +http://ahrefs.com/robot/)"
216.244.66.195 - - [04/Jun/2026:04:31:32 +0700] "GET /shopping/?orderby=date&add-to-cart=5483 HTTP/1.1" 302 0 "-" "Mozilla/5.0 (compatible; DotBot/1.2; +https://opensiteexplorer.org/dotbot; help@moz.com)"
216.244.66.195 - - [04/Jun/2026:04:26:37 +0700] "GET /san-pham/noi-com-dien-dien-tu-18dt017-t/feed/ HTTP/1.1" 200 826 "-" "Mozilla/5.0 (compatible; DotBot/1.2; +https://opensiteexplorer.org/dotbot; help@moz.com)"
54.37.118.92 - - [04/Jun/2026:04:28:31 +0700] "GET /?action=yith-woocompare-add-product&id=5283 HTTP/2" 302 0 "-" "Mozilla/5.0 (compatible; AhrefsBot/7.0; +http://ahrefs.com/robot/)"
139.162.49.171 - - [04/Jun/2026:04:34:24 +0700] "POST /wp-cron.php?doing_wp_cron=1780522464.2894380092620849609375 HTTP/1.1" 200 0 "-" "WordPress/7.0; https://sieuthibachviet.com"
216.244.66.195 - - [04/Jun/2026:04:34:22 +0700] "GET /shopping/?filter_size=l,xl,s HTTP/1.1" 200 172944 "-" "Mozilla/5.0 (compatible; DotBot/1.2; +https://opensiteexplorer.org/dotbot; help@moz.com)"
155.212.110.54 - - [04/Jun/2026:04:39:57 +0700] "GET /wp-login.php?wp_lang=en_US HTTP/2" 200 2167 "-" "Mozilla/5.0 (Windows NT 10.0; Win64; x64) AppleWebKit/537.36 (KHTML, like Gecko) Chrome/124.0.0.0 Safari/537.36"
155.212.110.54 - - [04/Jun/2026:04:40:00 +0700] "POST /wp-login.php?wp_lang=en_US HTTP/2" 302 0 "https://sieuthibachviet.com/wp-login.php?wp_lang=en_US" "Mozilla/5.0 (Windows NT 10.0; Win64; x64) AppleWebKit/537.36 (KHTML, like Gecko) Chrome/124.0.0.0 Safari/537.36"
155.212.110.54 - - [04/Jun/2026:04:40:01 +0700] "GET /wp-admin/ HTTP/2" 200 94828 "https://sieuthibachviet.com/wp-login.php?wp_lang=en_US" "Mozilla/5.0 (Windows NT 10.0; Win64; x64) AppleWebKit/537.36 (KHTML, like Gecko) Chrome/124.0.0.0 Safari/537.36"
155.212.110.54 - - [04/Jun/2026:04:40:05 +0700] "GET /wp-admin/plugins.php HTTP/2" 200 252060 "-" "Mozilla/5.0 (Windows NT 10.0; Win64; x64) AppleWebKit/537.36 (KHTML, like Gecko) Chrome/124.0.0.0 Safari/537.36"
155.212.110.54 - - [04/Jun/2026:04:40:09 +0700] "GET /wp-admin/plugins.php HTTP/2" 200 252060 "-" "Mozilla/5.0 (Windows NT 10.0; Win64; x64) AppleWebKit/537.36 (KHTML, like Gecko) Chrome/124.0.0.0 Safari/537.36"
139.162.49.171 - - [04/Jun/2026:04:40:13 +0700] "POST /wp-cron.php?doing_wp_cron=1780522813.3145680427551269531250 HTTP/1.1" 200 0 "-" "WordPress/7.0; https://sieuthibachviet.com"
155.212.110.54 - - [04/Jun/2026:04:40:10 +0700] "GET /wp-admin/plugin-install.php HTTP/2" 200 84076 "-" "Mozilla/5.0 (Windows NT 10.0; Win64; x64) AppleWebKit/537.36 (KHTML, like Gecko) Chrome/124.0.0.0 Safari/537.36"
155.212.110.54 - - [04/Jun/2026:04:40:13 +0700] "POST /wp-admin/update.php?action=upload-plugin HTTP/2" 500 1178 "https://sieuthibachviet.com/wp-admin/update.php?action=upload-plugin" "Mozilla/5.0 (Windows NT 10.0; Win64; x64) AppleWebKit/537.36 (KHTML, like Gecko) Chrome/124.0.0.0 Safari/537.36"
155.212.110.54 - - [04/Jun/2026:04:40:15 +0700] "POST /wp-admin/update.php?action=upload-plugin HTTP/2" 500 1178 "https://sieuthibachviet.com/wp-admin/update.php?action=upload-plugin" "Mozilla/5.0 (Windows NT 10.0; Win64; x64) AppleWebKit/537.36 (KHTML, like Gecko) Chrome/124.0.0.0 Safari/537.36"
155.212.110.54 - - [04/Jun/2026:04:40:16 +0700] "POST /wp-admin/update.php?action=upload-plugin HTTP/2" 500 1178 "https://sieuthibachviet.com/wp-admin/update.php?action=upload-plugin" "Mozilla/5.0 (Windows NT 10.0; Win64; x64) AppleWebKit/537.36 (KHTML, like Gecko) Chrome/124.0.0.0 Safari/537.36"
155.212.110.54 - - [04/Jun/2026:04:40:17 +0700] "POST /wp-admin/update.php?action=upload-plugin HTTP/2" 500 1178 "https://sieuthibachviet.com/wp-admin/update.php?action=upload-plugin" "Mozilla/5.0 (Windows NT 10.0; Win64; x64) AppleWebKit/537.36 (KHTML, like Gecko) Chrome/124.0.0.0 Safari/537.36"
155.212.110.54 - - [04/Jun/2026:04:40:18 +0700] "POST /wp-admin/update.php?action=upload-plugin HTTP/2" 500 1178 "https://sieuthibachviet.com/wp-admin/update.php?action=upload-plugin" "Mozilla/5.0 (Windows NT 10.0; Win64; x64) AppleWebKit/537.36 (KHTML, like Gecko) Chrome/124.0.0.0 Safari/537.36"
155.212.110.54 - - [04/Jun/2026:04:40:19 +0700] "GET /wp-admin/themes.php HTTP/2" 200 81732 "-" "Mozilla/5.0 (Windows NT 10.0; Win64; x64) AppleWebKit/537.36 (KHTML, like Gecko) Chrome/124.0.0.0 Safari/537.36"
155.212.110.54 - - [04/Jun/2026:04:40:20 +0700] "GET /wp-admin/theme-install.php?browse=popular HTTP/2" 200 80609 "-" "Mozilla/5.0 (Windows NT 10.0; Win64; x64) AppleWebKit/537.36 (KHTML, like Gecko) Chrome/124.0.0.0 Safari/537.36"
155.212.110.54 - - [04/Jun/2026:04:40:25 +0700] "POST /wp-admin/update.php?action=upload-theme HTTP/2" 500 1178 "https://sieuthibachviet.com/wp-admin/update.php?action=upload-theme" "Mozilla/5.0 (Windows NT 10.0; Win64; x64) AppleWebKit/537.36 (KHTML, like Gecko) Chrome/124.0.0.0 Safari/537.36"
155.212.110.54 - - [04/Jun/2026:04:40:31 +0700] "POST /wp-admin/update.php?action=upload-theme HTTP/2" 403 1165 "https://sieuthibachviet.com/wp-admin/update.php?action=upload-theme" "Mozilla/5.0 (Windows NT 10.0; Win64; x64) AppleWebKit/537.36 (KHTML, like Gecko) Chrome/124.0.0.0 Safari/537.36"
213.108.0.156 - - [04/Jun/2026:04:40:16 +0700] "GET /wp-login.php?wp_lang=en_US HTTP/2" 200 2167 "-" "Mozilla/5.0 (Macintosh; Intel Mac OS X 10_15_7) AppleWebKit/605.1.15 (KHTML, like Gecko) Version/18.0 Safari/605.1.15"
213.108.0.156 - - [04/Jun/2026:04:40:17 +0700] "POST /wp-login.php?wp_lang=en_US HTTP/2" 302 0 "https://sieuthibachviet.com/wp-login.php?wp_lang=en_US" "Mozilla/5.0 (Macintosh; Intel Mac OS X 10_15_7) AppleWebKit/605.1.15 (KHTML, like Gecko) Version/18.0 Safari/605.1.15"
213.108.0.156 - - [04/Jun/2026:04:40:18 +0700] "GET /wp-admin/ HTTP/2" 200 94987 "https://sieuthibachviet.com/wp-login.php?wp_lang=en_US" "Mozilla/5.0 (Macintosh; Intel Mac OS X 10_15_7) AppleWebKit/605.1.15 (KHTML, like Gecko) Version/18.0 Safari/605.1.15"
213.108.0.156 - - [04/Jun/2026:04:40:19 +0700] "GET /wp-admin/plugins.php HTTP/2" 200 252156 "-" "Mozilla/5.0 (Macintosh; Intel Mac OS X 10_15_7) AppleWebKit/605.1.15 (KHTML, like Gecko) Version/18.0 Safari/605.1.15"
213.108.0.156 - - [04/Jun/2026:04:40:22 +0700] "GET /wp-admin/plugins.php HTTP/2" 200 252158 "-" "Mozilla/5.0 (Macintosh; Intel Mac OS X 10_15_7) AppleWebKit/605.1.15 (KHTML, like Gecko) Version/18.0 Safari/605.1.15"
213.108.0.156 - - [04/Jun/2026:04:40:24 +0700] "GET /wp-admin/plugin-install.php HTTP/2" 200 84066 "-" "Mozilla/5.0 (Macintosh; Intel Mac OS X 10_15_7) AppleWebKit/605.1.15 (KHTML, like Gecko) Version/18.0 Safari/605.1.15"
213.108.0.156 - - [04/Jun/2026:04:40:27 +0700] "POST /wp-admin/update.php?action=upload-plugin HTTP/2" 500 1178 "https://sieuthibachviet.com/wp-admin/update.php?action=upload-plugin" "Mozilla/5.0 (Macintosh; Intel Mac OS X 10_15_7) AppleWebKit/605.1.15 (KHTML, like Gecko) Version/18.0 Safari/605.1.15"
213.108.0.156 - - [04/Jun/2026:04:40:28 +0700] "POST /wp-admin/update.php?action=upload-plugin HTTP/2" 500 1178 "https://sieuthibachviet.com/wp-admin/update.php?action=upload-plugin" "Mozilla/5.0 (Macintosh; Intel Mac OS X 10_15_7) AppleWebKit/605.1.15 (KHTML, like Gecko) Version/18.0 Safari/605.1.15"
213.108.0.156 - - [04/Jun/2026:04:40:30 +0700] "POST /wp-admin/update.php?action=upload-plugin HTTP/2" 500 1178 "https://sieuthibachviet.com/wp-admin/update.php?action=upload-plugin" "Mozilla/5.0 (Macintosh; Intel Mac OS X 10_15_7) AppleWebKit/605.1.15 (KHTML, like Gecko) Version/18.0 Safari/605.1.15"
213.108.0.156 - - [04/Jun/2026:04:40:31 +0700] "POST /wp-admin/update.php?action=upload-plugin HTTP/2" 500 1178 "https://sieuthibachviet.com/wp-admin/update.php?action=upload-plugin" "Mozilla/5.0 (Macintosh; Intel Mac OS X 10_15_7) AppleWebKit/605.1.15 (KHTML, like Gecko) Version/18.0 Safari/605.1.15"
213.108.0.156 - - [04/Jun/2026:04:40:32 +0700] "POST /wp-admin/update.php?action=upload-plugin HTTP/2" 500 1178 "https://sieuthibachviet.com/wp-admin/update.php?action=upload-plugin" "Mozilla/5.0 (Macintosh; Intel Mac OS X 10_15_7) AppleWebKit/605.1.15 (KHTML, like Gecko) Version/18.0 Safari/605.1.15"
213.108.0.156 - - [04/Jun/2026:04:40:34 +0700] "GET /wp-admin/themes.php HTTP/2" 200 81791 "-" "Mozilla/5.0 (Macintosh; Intel Mac OS X 10_15_7) AppleWebKit/605.1.15 (KHTML, like Gecko) Version/18.0 Safari/605.1.15"
213.108.0.156 - - [04/Jun/2026:04:40:36 +0700] "GET /wp-admin/theme-install.php?browse=popular HTTP/2" 200 80758 "-" "Mozilla/5.0 (Macintosh; Intel Mac OS X 10_15_7) AppleWebKit/605.1.15 (KHTML, like Gecko) Version/18.0 Safari/605.1.15"
213.108.0.156 - - [04/Jun/2026:04:40:39 +0700] "POST /wp-admin/update.php?action=upload-theme HTTP/2" 500 1178 "https://sieuthibachviet.com/wp-admin/update.php?action=upload-theme" "Mozilla/5.0 (Macintosh; Intel Mac OS X 10_15_7) AppleWebKit/605.1.15 (KHTML, like Gecko) Version/18.0 Safari/605.1.15"
213.108.0.156 - - [04/Jun/2026:04:40:42 +0700] "POST /wp-admin/update.php?action=upload-theme HTTP/2" 403 1165 "https://sieuthibachviet.com/wp-admin/update.php?action=upload-theme" "Mozilla/5.0 (Macintosh; Intel Mac OS X 10_15_7) AppleWebKit/605.1.15 (KHTML, like Gecko) Version/18.0 Safari/605.1.15"
155.212.110.54 - - [04/Jun/2026:04:40:32 +0700] "GET /wp-admin/admin.php?page=wp_file_manager HTTP/2" 403 1036 "-" "Mozilla/5.0 (Windows NT 10.0; Win64; x64) AppleWebKit/537.36 (KHTML, like Gecko) Chrome/124.0.0.0 Safari/537.36"
155.212.110.54 - - [04/Jun/2026:04:40:33 +0700] "GET /wp-admin/admin.php?page=wp_file_manager HTTP/2" 403 1036 "-" "Mozilla/5.0 (Windows NT 10.0; Win64; x64) AppleWebKit/537.36 (KHTML, like Gecko) Chrome/124.0.0.0 Safari/537.36"
155.212.110.54 - - [04/Jun/2026:04:40:34 +0700] "GET /wp-admin/admin.php?page=wp_file_manager HTTP/2" 403 1036 "-" "Mozilla/5.0 (Windows NT 10.0; Win64; x64) AppleWebKit/537.36 (KHTML, like Gecko) Chrome/124.0.0.0 Safari/537.36"
155.212.110.54 - - [04/Jun/2026:04:40:35 +0700] "GET /wp-admin/admin.php?page=wp_file_manager HTTP/2" 403 1036 "-" "Mozilla/5.0 (Windows NT 10.0; Win64; x64) AppleWebKit/537.36 (KHTML, like Gecko) Chrome/124.0.0.0 Safari/537.36"
155.212.110.54 - - [04/Jun/2026:04:40:35 +0700] "GET /wp-admin/admin.php?page=wp_file_manager HTTP/2" 403 1036 "-" "Mozilla/5.0 (Windows NT 10.0; Win64; x64) AppleWebKit/537.36 (KHTML, like Gecko) Chrome/124.0.0.0 Safari/537.36"
155.212.110.54 - - [04/Jun/2026:04:40:36 +0700] "GET /wp-admin/plugins.php HTTP/2" 200 252060 "-" "Mozilla/5.0 (Windows NT 10.0; Win64; x64) AppleWebKit/537.36 (KHTML, like Gecko) Chrome/124.0.0.0 Safari/537.36"
155.212.110.54 - - [04/Jun/2026:04:40:38 +0700] "POST /wp-admin/admin-ajax.php HTTP/2" 200 186 "https://sieuthibachviet.com/wp-admin/admin-ajax.php" "Mozilla/5.0 (Windows NT 10.0; Win64; x64) AppleWebKit/537.36 (KHTML, like Gecko) Chrome/124.0.0.0 Safari/537.36"
155.212.110.54 - - [04/Jun/2026:04:40:46 +0700] "GET /wp-admin/plugins.php?_wpnonce=700d50738e&action=activate&plugin=wp-file-manager/file_folder_manager.php HTTP/2" 302 0 "-" "Mozilla/5.0 (Windows NT 10.0; Win64; x64) AppleWebKit/537.36 (KHTML, like Gecko) Chrome/124.0.0.0 Safari/537.36"
155.212.110.54 - - [04/Jun/2026:04:40:48 +0700] "GET /wp-admin/plugins.php?activate=true&plugin_status=all&paged=1&s= HTTP/2" 200 252744 "-" "Mozilla/5.0 (Windows NT 10.0; Win64; x64) AppleWebKit/537.36 (KHTML, like Gecko) Chrome/124.0.0.0 Safari/537.36"
155.212.110.54 - - [04/Jun/2026:04:40:50 +0700] "GET /wp-admin/admin.php?page=wp_file_manager HTTP/2" 200 77717 "-" "Mozilla/5.0 (Windows NT 10.0; Win64; x64) AppleWebKit/537.36 (KHTML, like Gecko) Chrome/124.0.0.0 Safari/537.36"
155.212.110.54 - - [04/Jun/2026:04:40:51 +0700] "GET /wp-admin/admin-ajax.php?action=mk_file_folder_manager&_wpnonce=b40bd6803b&networkhref=&cmd=tree&target=l1_Lw&reqid=146dd0631377cbfb6b29d7179fe7 HTTP/2" 200 833 "-" "Mozilla/5.0 (Windows NT 10.0; Win64; x64) AppleWebKit/537.36 (KHTML, like Gecko) Chrome/124.0.0.0 Safari/537.36"
155.212.110.54 - - [04/Jun/2026:04:40:55 +0700] "GET /wp-admin/admin-ajax.php?action=mk_file_folder_manager&_wpnonce=b40bd6803b&networkhref=&cmd=tree&target=l1_d3AtaW5jbHVkZXM&reqid=a6d915324c54dddf96922f6d0e6a HTTP/2" 200 885 "-" "Mozilla/5.0 (Windows NT 10.0; Win64; x64) AppleWebKit/537.36 (KHTML, like Gecko) Chrome/124.0.0.0 Safari/537.36"
155.212.110.54 - - [04/Jun/2026:04:40:56 +0700] "GET /wp-admin/admin-ajax.php?action=mk_file_folder_manager&_wpnonce=b40bd6803b&networkhref=&cmd=tree&target=l1_LndlbGwta25vd24&reqid=604a30b65ca6399092da18ca7c0d HTTP/2" 200 240 "-" "Mozilla/5.0 (Windows NT 10.0; Win64; x64) AppleWebKit/537.36 (KHTML, like Gecko) Chrome/124.0.0.0 Safari/537.36"
155.212.110.54 - - [04/Jun/2026:04:40:57 +0700] "GET /wp-admin/admin-ajax.php?action=mk_file_folder_manager&_wpnonce=b40bd6803b&networkhref=&cmd=tree&target=l1_d29yZHByZXNz&reqid=1f1ce5d60f3518eebbd92e75ebc1 HTTP/2" 200 186 "-" "Mozilla/5.0 (Windows NT 10.0; Win64; x64) AppleWebKit/537.36 (KHTML, like Gecko) Chrome/124.0.0.0 Safari/537.36"
213.108.0.156 - - [04/Jun/2026:04:40:46 +0700] "GET /wp-admin/admin.php?page=wp_file_manager HTTP/2" 403 1036 "-" "Mozilla/5.0 (Macintosh; Intel Mac OS X 10_15_7) AppleWebKit/605.1.15 (KHTML, like Gecko) Version/18.0 Safari/605.1.15"
213.108.0.156 - - [04/Jun/2026:04:40:47 +0700] "GET /wp-admin/admin.php?page=wp_file_manager HTTP/2" 403 1036 "-" "Mozilla/5.0 (Macintosh; Intel Mac OS X 10_15_7) AppleWebKit/605.1.15 (KHTML, like Gecko) Version/18.0 Safari/605.1.15"
213.108.0.156 - - [04/Jun/2026:04:40:47 +0700] "GET /wp-admin/admin.php?page=wp_file_manager HTTP/2" 403 1036 "-" "Mozilla/5.0 (Macintosh; Intel Mac OS X 10_15_7) AppleWebKit/605.1.15 (KHTML, like Gecko) Version/18.0 Safari/605.1.15"
213.108.0.156 - - [04/Jun/2026:04:40:48 +0700] "GET /wp-admin/admin.php?page=wp_file_manager HTTP/2" 200 77756 "-" "Mozilla/5.0 (Macintosh; Intel Mac OS X 10_15_7) AppleWebKit/605.1.15 (KHTML, like Gecko) Version/18.0 Safari/605.1.15"
213.108.0.156 - - [04/Jun/2026:04:40:50 +0700] "GET /wp-admin/admin-ajax.php?action=mk_file_folder_manager&_wpnonce=0a76e6d8f4&networkhref=&cmd=tree&target=l1_Lw&reqid=face2f74b8833f70e86e10254d8a HTTP/2" 200 833 "-" "Mozilla/5.0 (Macintosh; Intel Mac OS X 10_15_7) AppleWebKit/605.1.15 (KHTML, like Gecko) Version/18.0 Safari/605.1.15"
213.108.0.156 - - [04/Jun/2026:04:40:51 +0700] "GET /wp-admin/admin-ajax.php?action=mk_file_folder_manager&_wpnonce=0a76e6d8f4&networkhref=&cmd=tree&target=l1_d3AtaW5jbHVkZXM&reqid=646e1bedb31f0dfa339fd77339df HTTP/2" 200 885 "-" "Mozilla/5.0 (Macintosh; Intel Mac OS X 10_15_7) AppleWebKit/605.1.15 (KHTML, like Gecko) Version/18.0 Safari/605.1.15"
213.108.0.156 - - [04/Jun/2026:04:40:52 +0700] "GET /wp-admin/admin-ajax.php?action=mk_file_folder_manager&_wpnonce=0a76e6d8f4&networkhref=&cmd=tree&target=l1_LndlbGwta25vd24&reqid=0786127bc2888961103cfd3dbb36 HTTP/2" 200 240 "-" "Mozilla/5.0 (Macintosh; Intel Mac OS X 10_15_7) AppleWebKit/605.1.15 (KHTML, like Gecko) Version/18.0 Safari/605.1.15"
213.108.0.156 - - [04/Jun/2026:04:40:53 +0700] "GET /wp-admin/admin-ajax.php?action=mk_file_folder_manager&_wpnonce=0a76e6d8f4&networkhref=&cmd=tree&target=l1_d29yZHByZXNz&reqid=a7eb5384d2b8a4d9eec47f1c1552 HTTP/2" 200 186 "-" "Mozilla/5.0 (Macintosh; Intel Mac OS X 10_15_7) AppleWebKit/605.1.15 (KHTML, like Gecko) Version/18.0 Safari/605.1.15"
213.108.0.156 - - [04/Jun/2026:04:40:54 +0700] "GET /wp-admin/admin-ajax.php?action=mk_file_folder_manager&_wpnonce=0a76e6d8f4&networkhref=&cmd=tree&target=l1_d3AtYWRtaW4&reqid=614cf2e93d45a705f95f0ac86b4c HTTP/2" 200 303 "-" "Mozilla/5.0 (Macintosh; Intel Mac OS X 10_15_7) AppleWebKit/605.1.15 (KHTML, like Gecko) Version/18.0 Safari/605.1.15"
213.108.0.156 - - [04/Jun/2026:04:40:55 +0700] "GET /wp-admin/admin-ajax.php?action=mk_file_folder_manager&_wpnonce=0a76e6d8f4&networkhref=&cmd=tree&target=l1_Y2dpLWJpbg&reqid=7103687ab8fd3ea37bfcadc8f5dd HTTP/2" 200 164 "-" "Mozilla/5.0 (Macintosh; Intel Mac OS X 10_15_7) AppleWebKit/605.1.15 (KHTML, like Gecko) Version/18.0 Safari/605.1.15"
213.108.0.156 - - [04/Jun/2026:04:40:56 +0700] "GET /wp-admin/admin-ajax.php?action=mk_file_folder_manager&_wpnonce=0a76e6d8f4&networkhref=&cmd=tree&target=l1_d3AtY29udGVudA&reqid=c8248abe642bcfe7437eab086963 HTTP/2" 200 383 "-" "Mozilla/5.0 (Macintosh; Intel Mac OS X 10_15_7) AppleWebKit/605.1.15 (KHTML, like Gecko) Version/18.0 Safari/605.1.15"
213.108.0.156 - - [04/Jun/2026:04:40:57 +0700] "GET /wp-admin/admin-ajax.php?action=mk_file_folder_manager&_wpnonce=0a76e6d8f4&networkhref=&cmd=mkfile&name=search.template.1780522857.php&target=l1_d3AtY29udGVudC9sYW5ndWFnZXM&reqid=625151df3b0ef3cf9324c9ee5e18 HTTP/2" 200 248 "-" "Mozilla/5.0 (Macintosh; Intel Mac OS X 10_15_7) AppleWebKit/605.1.15 (KHTML, like Gecko) Version/18.0 Safari/605.1.15"
213.108.0.156 - - [04/Jun/2026:04:40:58 +0700] "POST /wp-admin/admin-ajax.php HTTP/2" 200 193 "https://sieuthibachviet.com/wp-admin/admin-ajax.php" "Mozilla/5.0 (Macintosh; Intel Mac OS X 10_15_7) AppleWebKit/605.1.15 (KHTML, like Gecko) Version/18.0 Safari/605.1.15"
139.162.49.171 - - [04/Jun/2026:04:39:59 +0700] "POST /wp-cron.php?doing_wp_cron=1780522799.4883589744567871093750 HTTP/1.1" 200 0 "-" "WordPress/7.0; https://sieuthibachviet.com"
155.212.110.54 - - [04/Jun/2026:04:41:03 +0700] "GET /wp-content/uploads/custom_file_3_1780522860.php HTTP/2" 500 0 "-" "Mozilla/5.0 (Windows NT 10.0; Win64; x64) AppleWebKit/537.36 (KHTML, like Gecko) Chrome/124.0.0.0 Safari/537.36"
193.202.82.204 - - [04/Jun/2026:04:41:10 +0700] "GET /wp-content/uploads/custom_file_3_1780522860.php HTTP/2" 500 0 "-" "Mozilla/5.0 (Windows NT 10.0; Win64; x64; rv:133.0) Gecko/20100101 Firefox/133.0"
146.19.44.246 - - [04/Jun/2026:04:41:15 +0700] "GET /wp-content/uploads/custom_file_3_1780522860.php HTTP/2" 500 0 "-" "Mozilla/5.0 (Windows NT 10.0; Win64; x64) AppleWebKit/537.36 (KHTML, like Gecko) Chrome/124.0.0.0 Safari/537.36"
5.181.170.191 - - [04/Jun/2026:04:41:24 +0700] "GET /wp-login.php HTTP/2" 200 3126 "-" "Mozilla/5.0 (Windows NT 10.0; Win64; x64; rv:133.0) Gecko/20100101 Firefox/133.0"
5.181.170.191 - - [04/Jun/2026:04:41:26 +0700] "GET /wp-login.php?wp_lang=en_US HTTP/2" 200 2167 "-" "Mozilla/5.0 (Macintosh; Intel Mac OS X 10_15_7) AppleWebKit/605.1.15 (KHTML, like Gecko) Version/18.0 Safari/605.1.15"
5.181.170.191 - - [04/Jun/2026:04:41:26 +0700] "POST /wp-login.php?wp_lang=en_US HTTP/2" 302 0 "https://sieuthibachviet.com/wp-login.php?wp_lang=en_US" "Mozilla/5.0 (Macintosh; Intel Mac OS X 10_15_7) AppleWebKit/605.1.15 (KHTML, like Gecko) Version/18.0 Safari/605.1.15"
5.181.170.191 - - [04/Jun/2026:04:41:27 +0700] "GET /wp-admin/ HTTP/2" 200 94979 "https://sieuthibachviet.com/wp-login.php?wp_lang=en_US" "Mozilla/5.0 (Macintosh; Intel Mac OS X 10_15_7) AppleWebKit/605.1.15 (KHTML, like Gecko) Version/18.0 Safari/605.1.15"
5.181.170.191 - - [04/Jun/2026:04:41:29 +0700] "GET /wp-admin/plugins.php HTTP/2" 200 252241 "-" "Mozilla/5.0 (Macintosh; Intel Mac OS X 10_15_7) AppleWebKit/605.1.15 (KHTML, like Gecko) Version/18.0 Safari/605.1.15"
5.181.170.191 - - [04/Jun/2026:04:41:31 +0700] "GET /wp-admin/plugins.php HTTP/2" 200 252165 "-" "Mozilla/5.0 (Macintosh; Intel Mac OS X 10_15_7) AppleWebKit/605.1.15 (KHTML, like Gecko) Version/18.0 Safari/605.1.15"
5.181.170.191 - - [04/Jun/2026:04:41:33 +0700] "GET /wp-admin/plugin-install.php HTTP/2" 200 84047 "-" "Mozilla/5.0 (Macintosh; Intel Mac OS X 10_15_7) AppleWebKit/605.1.15 (KHTML, like Gecko) Version/18.0 Safari/605.1.15"
5.181.170.191 - - [04/Jun/2026:04:41:39 +0700] "POST /wp-admin/update.php?action=upload-plugin HTTP/2" 500 1178 "https://sieuthibachviet.com/wp-admin/update.php?action=upload-plugin" "Mozilla/5.0 (Macintosh; Intel Mac OS X 10_15_7) AppleWebKit/605.1.15 (KHTML, like Gecko) Version/18.0 Safari/605.1.15"
5.181.170.191 - - [04/Jun/2026:04:41:40 +0700] "POST /wp-admin/update.php?action=upload-plugin HTTP/2" 500 1178 "https://sieuthibachviet.com/wp-admin/update.php?action=upload-plugin" "Mozilla/5.0 (Macintosh; Intel Mac OS X 10_15_7) AppleWebKit/605.1.15 (KHTML, like Gecko) Version/18.0 Safari/605.1.15"
5.181.170.191 - - [04/Jun/2026:04:41:41 +0700] "POST /wp-admin/update.php?action=upload-plugin HTTP/2" 500 1178 "https://sieuthibachviet.com/wp-admin/update.php?action=upload-plugin" "Mozilla/5.0 (Macintosh; Intel Mac OS X 10_15_7) AppleWebKit/605.1.15 (KHTML, like Gecko) Version/18.0 Safari/605.1.15"
5.181.170.191 - - [04/Jun/2026:04:41:45 +0700] "POST /wp-admin/update.php?action=upload-plugin HTTP/2" 500 1178 "https://sieuthibachviet.com/wp-admin/update.php?action=upload-plugin" "Mozilla/5.0 (Macintosh; Intel Mac OS X 10_15_7) AppleWebKit/605.1.15 (KHTML, like Gecko) Version/18.0 Safari/605.1.15"
5.181.170.191 - - [04/Jun/2026:04:41:47 +0700] "POST /wp-admin/update.php?action=upload-plugin HTTP/2" 500 1178 "https://sieuthibachviet.com/wp-admin/update.php?action=upload-plugin" "Mozilla/5.0 (Macintosh; Intel Mac OS X 10_15_7) AppleWebKit/605.1.15 (KHTML, like Gecko) Version/18.0 Safari/605.1.15"
5.181.170.191 - - [04/Jun/2026:04:41:48 +0700] "GET /wp-admin/themes.php HTTP/2" 200 81795 "-" "Mozilla/5.0 (Macintosh; Intel Mac OS X 10_15_7) AppleWebKit/605.1.15 (KHTML, like Gecko) Version/18.0 Safari/605.1.15"
5.181.170.191 - - [04/Jun/2026:04:41:50 +0700] "GET /wp-admin/theme-install.php?browse=popular HTTP/2" 200 80759 "-" "Mozilla/5.0 (Macintosh; Intel Mac OS X 10_15_7) AppleWebKit/605.1.15 (KHTML, like Gecko) Version/18.0 Safari/605.1.15"
5.181.170.191 - - [04/Jun/2026:04:41:51 +0700] "POST /wp-admin/update.php?action=upload-theme HTTP/2" 500 1178 "https://sieuthibachviet.com/wp-admin/update.php?action=upload-theme" "Mozilla/5.0 (Macintosh; Intel Mac OS X 10_15_7) AppleWebKit/605.1.15 (KHTML, like Gecko) Version/18.0 Safari/605.1.15"
5.181.170.191 - - [04/Jun/2026:04:41:55 +0700] "POST /wp-admin/update.php?action=upload-theme HTTP/2" 403 1165 "https://sieuthibachviet.com/wp-admin/update.php?action=upload-theme" "Mozilla/5.0 (Macintosh; Intel Mac OS X 10_15_7) AppleWebKit/605.1.15 (KHTML, like Gecko) Version/18.0 Safari/605.1.15"
5.181.170.191 - - [04/Jun/2026:04:41:55 +0700] "GET /wp-admin/admin.php?page=wp_file_manager HTTP/2" 403 1036 "-" "Mozilla/5.0 (Macintosh; Intel Mac OS X 10_15_7) AppleWebKit/605.1.15 (KHTML, like Gecko) Version/18.0 Safari/605.1.15"
5.181.170.191 - - [04/Jun/2026:04:41:56 +0700] "GET /wp-admin/admin.php?page=wp_file_manager HTTP/2" 403 1036 "-" "Mozilla/5.0 (Macintosh; Intel Mac OS X 10_15_7) AppleWebKit/605.1.15 (KHTML, like Gecko) Version/18.0 Safari/605.1.15"
5.181.170.191 - - [04/Jun/2026:04:41:57 +0700] "GET /wp-admin/admin.php?page=wp_file_manager HTTP/2" 403 1036 "-" "Mozilla/5.0 (Macintosh; Intel Mac OS X 10_15_7) AppleWebKit/605.1.15 (KHTML, like Gecko) Version/18.0 Safari/605.1.15"
5.181.170.191 - - [04/Jun/2026:04:41:58 +0700] "GET /wp-admin/admin.php?page=wp_file_manager HTTP/2" 403 1036 "-" "Mozilla/5.0 (Macintosh; Intel Mac OS X 10_15_7) AppleWebKit/605.1.15 (KHTML, like Gecko) Version/18.0 Safari/605.1.15"
5.181.170.191 - - [04/Jun/2026:04:41:59 +0700] "GET /wp-admin/admin.php?page=wp_file_manager HTTP/2" 403 1036 "-" "Mozilla/5.0 (Macintosh; Intel Mac OS X 10_15_7) AppleWebKit/605.1.15 (KHTML, like Gecko) Version/18.0 Safari/605.1.15"
5.181.170.191 - - [04/Jun/2026:04:42:00 +0700] "GET /wp-admin/plugins.php HTTP/2" 200 252162 "-" "Mozilla/5.0 (Macintosh; Intel Mac OS X 10_15_7) AppleWebKit/605.1.15 (KHTML, like Gecko) Version/18.0 Safari/605.1.15"
5.181.170.191 - - [04/Jun/2026:04:42:02 +0700] "POST /wp-admin/admin-ajax.php HTTP/2" 200 186 "https://sieuthibachviet.com/wp-admin/admin-ajax.php" "Mozilla/5.0 (Macintosh; Intel Mac OS X 10_15_7) AppleWebKit/605.1.15 (KHTML, like Gecko) Version/18.0 Safari/605.1.15"
5.181.170.191 - - [04/Jun/2026:04:42:11 +0700] "GET /wp-admin/plugins.php?_wpnonce=90b95a36ca&action=activate&plugin=wp-file-manager/file_folder_manager.php HTTP/2" 302 0 "-" "Mozilla/5.0 (Macintosh; Intel Mac OS X 10_15_7) AppleWebKit/605.1.15 (KHTML, like Gecko) Version/18.0 Safari/605.1.15"
5.181.170.191 - - [04/Jun/2026:04:42:13 +0700] "GET /wp-admin/plugins.php?activate=true&plugin_status=all&paged=1&s= HTTP/2" 200 252761 "-" "Mozilla/5.0 (Macintosh; Intel Mac OS X 10_15_7) AppleWebKit/605.1.15 (KHTML, like Gecko) Version/18.0 Safari/605.1.15"
5.181.170.191 - - [04/Jun/2026:04:42:15 +0700] "GET /wp-admin/admin.php?page=wp_file_manager HTTP/2" 200 77763 "-" "Mozilla/5.0 (Macintosh; Intel Mac OS X 10_15_7) AppleWebKit/605.1.15 (KHTML, like Gecko) Version/18.0 Safari/605.1.15"
5.181.170.191 - - [04/Jun/2026:04:42:19 +0700] "GET /wp-admin/admin-ajax.php?action=mk_file_folder_manager&_wpnonce=7be92034f8&networkhref=&cmd=tree&target=l1_Lw&reqid=f09c1002a7071bbaa8040f9dc1bc HTTP/2" 200 836 "-" "Mozilla/5.0 (Macintosh; Intel Mac OS X 10_15_7) AppleWebKit/605.1.15 (KHTML, like Gecko) Version/18.0 Safari/605.1.15"
5.181.170.191 - - [04/Jun/2026:04:42:20 +0700] "GET /wp-admin/admin-ajax.php?action=mk_file_folder_manager&_wpnonce=7be92034f8&networkhref=&cmd=tree&target=l1_d3AtaW5jbHVkZXM&reqid=823cf09b1b39d716b4a3ca2cc02b HTTP/2" 200 885 "-" "Mozilla/5.0 (Macintosh; Intel Mac OS X 10_15_7) AppleWebKit/605.1.15 (KHTML, like Gecko) Version/18.0 Safari/605.1.15"
5.181.170.191 - - [04/Jun/2026:04:42:21 +0700] "GET /wp-admin/admin-ajax.php?action=mk_file_folder_manager&_wpnonce=7be92034f8&networkhref=&cmd=tree&target=l1_LndlbGwta25vd24&reqid=1797f8d9dfbd454f06b55fd8a469 HTTP/2" 200 240 "-" "Mozilla/5.0 (Macintosh; Intel Mac OS X 10_15_7) AppleWebKit/605.1.15 (KHTML, like Gecko) Version/18.0 Safari/605.1.15"
5.181.170.191 - - [04/Jun/2026:04:42:22 +0700] "GET /wp-admin/admin-ajax.php?action=mk_file_folder_manager&_wpnonce=7be92034f8&networkhref=&cmd=tree&target=l1_d29yZHByZXNz&reqid=4ae0e14403b2237cf7a06bce4c59 HTTP/2" 200 186 "-" "Mozilla/5.0 (Macintosh; Intel Mac OS X 10_15_7) AppleWebKit/605.1.15 (KHTML, like Gecko) Version/18.0 Safari/605.1.15"
5.181.170.191 - - [04/Jun/2026:04:42:23 +0700] "GET /wp-admin/admin-ajax.php?action=mk_file_folder_manager&_wpnonce=7be92034f8&networkhref=&cmd=tree&target=l1_d3AtYWRtaW4&reqid=2399abd8b6311b784513d78c1a9c HTTP/2" 200 303 "-" "Mozilla/5.0 (Macintosh; Intel Mac OS X 10_15_7) AppleWebKit/605.1.15 (KHTML, like Gecko) Version/18.0 Safari/605.1.15"
5.181.170.191 - - [04/Jun/2026:04:42:24 +0700] "GET /wp-admin/admin-ajax.php?action=mk_file_folder_manager&_wpnonce=7be92034f8&networkhref=&cmd=tree&target=l1_Y2dpLWJpbg&reqid=5bed84514782f00c460718d671d1 HTTP/2" 200 164 "-" "Mozilla/5.0 (Macintosh; Intel Mac OS X 10_15_7) AppleWebKit/605.1.15 (KHTML, like Gecko) Version/18.0 Safari/605.1.15"
5.181.170.191 - - [04/Jun/2026:04:42:24 +0700] "GET /wp-admin/admin-ajax.php?action=mk_file_folder_manager&_wpnonce=7be92034f8&networkhref=&cmd=tree&target=l1_d3AtY29udGVudA&reqid=fa8780e089a14de6a885cfcaa121 HTTP/2" 200 386 "-" "Mozilla/5.0 (Macintosh; Intel Mac OS X 10_15_7) AppleWebKit/605.1.15 (KHTML, like Gecko) Version/18.0 Safari/605.1.15"
5.181.170.191 - - [04/Jun/2026:04:42:25 +0700] "GET /wp-admin/admin-ajax.php?action=mk_file_folder_manager&_wpnonce=7be92034f8&networkhref=&cmd=mkfile&name=custom.file.3.1780522945.php&target=l1_d3AtY29udGVudC91cGdyYWRlLXRlbXAtYmFja3Vw&reqid=bb846f56ab1c238a10ecbc35822e HTTP/2" 200 243 "-" "Mozilla/5.0 (Macintosh; Intel Mac OS X 10_15_7) AppleWebKit/605.1.15 (KHTML, like Gecko) Version/18.0 Safari/605.1.15"
5.181.170.191 - - [04/Jun/2026:04:42:26 +0700] "POST /wp-admin/admin-ajax.php HTTP/2" 200 202 "https://sieuthibachviet.com/wp-admin/admin-ajax.php" "Mozilla/5.0 (Macintosh; Intel Mac OS X 10_15_7) AppleWebKit/605.1.15 (KHTML, like Gecko) Version/18.0 Safari/605.1.15"
5.181.170.191 - - [04/Jun/2026:04:42:27 +0700] "POST /wp-admin/admin-ajax.php?action=mk_file_folder_manager&_wpnonce=7be92034f8&networkhref=&cmd=open&target=l1_d3AtY29udGVudC91cGdyYWRlLXRlbXAtYmFja3Vw&reqid=223bafe409c6170167e58b6c2560 HTTP/2" 200 741 "https://sieuthibachviet.com/wp-admin/admin-ajax.php?action=mk_file_folder_manager&_wpnonce=7be92034f8&networkhref=&cmd=open&target=l1_d3AtY29udGVudC91cGdyYWRlLXRlbXAtYmFja3Vw&reqid=223bafe409c6170167e58b6c2560" "Mozilla/5.0 (Macintosh; Intel Mac OS X 10_15_7) AppleWebKit/605.1.15 (KHTML, like Gecko) Version/18.0 Safari/605.1.15"
93.177.118.87 - - [04/Jun/2026:04:42:36 +0700] "GET /wp-content/upgrade-temp-backup/custom.file.3.1780522945.php HTTP/2" 500 0 "-" "Mozilla/5.0 (Windows NT 10.0; Win64; x64; rv:133.0) Gecko/20100101 Firefox/133.0"
146.19.91.87 - - [04/Jun/2026:04:42:39 +0700] "GET /wp-content/upgrade-temp-backup/custom.file.3.1780522945.php HTTP/2" 500 0 "-" "Mozilla/5.0 (Macintosh; Intel Mac OS X 10_15_7) AppleWebKit/605.1.15 (KHTML, like Gecko) Version/18.0 Safari/605.1.15"
5.181.170.191 - - [04/Jun/2026:04:42:47 +0700] "GET /wp-admin/plugins.php HTTP/2" 200 252792 "-" "Mozilla/5.0 (Macintosh; Intel Mac OS X 10_15_7) AppleWebKit/605.1.15 (KHTML, like Gecko) Version/18.0 Safari/605.1.15"
155.212.110.54 - - [04/Jun/2026:04:40:58 +0700] "GET /wp-admin/admin-ajax.php?action=mk_file_folder_manager&_wpnonce=b40bd6803b&networkhref=&cmd=tree&target=l1_d3AtYWRtaW4&reqid=197cec34333e38bbf838c163bd53 HTTP/2" 200 303 "-" "Mozilla/5.0 (Windows NT 10.0; Win64; x64) AppleWebKit/537.36 (KHTML, like Gecko) Chrome/124.0.0.0 Safari/537.36"
155.212.110.54 - - [04/Jun/2026:04:40:59 +0700] "GET /wp-admin/admin-ajax.php?action=mk_file_folder_manager&_wpnonce=b40bd6803b&networkhref=&cmd=tree&target=l1_Y2dpLWJpbg&reqid=5e20ef8d0ed409f0c0eb57658e9c HTTP/2" 200 164 "-" "Mozilla/5.0 (Windows NT 10.0; Win64; x64) AppleWebKit/537.36 (KHTML, like Gecko) Chrome/124.0.0.0 Safari/537.36"
155.212.110.54 - - [04/Jun/2026:04:40:59 +0700] "GET /wp-admin/admin-ajax.php?action=mk_file_folder_manager&_wpnonce=b40bd6803b&networkhref=&cmd=tree&target=l1_d3AtY29udGVudA&reqid=55b3c7ade08d768ea293c96204f1 HTTP/2" 200 382 "-" "Mozilla/5.0 (Windows NT 10.0; Win64; x64) AppleWebKit/537.36 (KHTML, like Gecko) Chrome/124.0.0.0 Safari/537.36"
155.212.110.54 - - [04/Jun/2026:04:41:00 +0700] "GET /wp-admin/admin-ajax.php?action=mk_file_folder_manager&_wpnonce=b40bd6803b&networkhref=&cmd=mkfile&name=custom_file_3_1780522860.php&target=l1_d3AtY29udGVudC91cGxvYWRz&reqid=21f321b6c5b186acc955d582ab04 HTTP/2" 200 245 "-" "Mozilla/5.0 (Windows NT 10.0; Win64; x64) AppleWebKit/537.36 (KHTML, like Gecko) Chrome/124.0.0.0 Safari/537.36"
155.212.110.54 - - [04/Jun/2026:04:41:01 +0700] "POST /wp-admin/admin-ajax.php HTTP/2" 200 188 "https://sieuthibachviet.com/wp-admin/admin-ajax.php" "Mozilla/5.0 (Windows NT 10.0; Win64; x64) AppleWebKit/537.36 (KHTML, like Gecko) Chrome/124.0.0.0 Safari/537.36"
155.212.110.54 - - [04/Jun/2026:04:41:02 +0700] "POST /wp-admin/admin-ajax.php?action=mk_file_folder_manager&_wpnonce=b40bd6803b&networkhref=&cmd=open&target=l1_d3AtY29udGVudC91cGxvYWRz&reqid=7638844916e4d119c625cd5ed08c HTTP/2" 200 1435 "https://sieuthibachviet.com/wp-admin/admin-ajax.php?action=mk_file_folder_manager&_wpnonce=b40bd6803b&networkhref=&cmd=open&target=l1_d3AtY29udGVudC91cGxvYWRz&reqid=7638844916e4d119c625cd5ed08c" "Mozilla/5.0 (Windows NT 10.0; Win64; x64) AppleWebKit/537.36 (KHTML, like Gecko) Chrome/124.0.0.0 Safari/537.36"
170.168.174.32 - - [04/Jun/2026:04:41:12 +0700] "GET /wp-content/uploads/custom_file_3_1780522860.php HTTP/2" 500 0 "-" "Mozilla/5.0 (Macintosh; Intel Mac OS X 10_15_7) AppleWebKit/605.1.15 (KHTML, like Gecko) Version/18.0 Safari/605.1.15"
155.212.110.54 - - [04/Jun/2026:04:41:19 +0700] "GET /wp-admin/plugins.php HTTP/2" 200 252653 "-" "Mozilla/5.0 (Windows NT 10.0; Win64; x64) AppleWebKit/537.36 (KHTML, like Gecko) Chrome/124.0.0.0 Safari/537.36"
155.212.110.54 - - [04/Jun/2026:04:41:21 +0700] "POST /wp-admin/admin-ajax.php HTTP/2" 200 228 "https://sieuthibachviet.com/wp-admin/admin-ajax.php" "Mozilla/5.0 (Windows NT 10.0; Win64; x64) AppleWebKit/537.36 (KHTML, like Gecko) Chrome/124.0.0.0 Safari/537.36"
139.162.49.171 - - [04/Jun/2026:04:41:46 +0700] "POST /wp-cron.php?doing_wp_cron=1780522906.4680829048156738281250 HTTP/1.1" 200 0 "-" "WordPress/7.0; https://sieuthibachviet.com"
155.212.38.24 - - [04/Jun/2026:04:42:34 +0700] "GET /wp-content/upgrade-temp-backup/custom.file.3.1780522945.php HTTP/2" 500 0 "-" "Mozilla/5.0 (Macintosh; Intel Mac OS X 10_15_7) AppleWebKit/605.1.15 (KHTML, like Gecko) Version/18.0 Safari/605.1.15"
178.20.30.111 - - [04/Jun/2026:04:42:35 +0700] "GET /wp-content/upgrade-temp-backup/custom.file.3.1780522945.php HTTP/2" 500 0 "-" "Mozilla/5.0 (Windows NT 10.0; Win64; x64; rv:133.0) Gecko/20100101 Firefox/133.0"
139.162.49.171 - - [04/Jun/2026:04:42:48 +0700] "POST /wp-cron.php?doing_wp_cron=1780522968.5976979732513427734375 HTTP/1.1" 200 0 "-" "WordPress/7.0; https://sieuthibachviet.com"
139.162.49.171 - - [04/Jun/2026:04:47:49 +0700] "POST /wp-cron.php?doing_wp_cron=1780523268.7813050746917724609375 HTTP/1.1" 200 0 "-" "WordPress/7.0; https://sieuthibachviet.com"
139.162.49.171 - - [04/Jun/2026:04:40:41 +0700] "POST /wp-cron.php?doing_wp_cron=1780522841.8829441070556640625000 HTTP/1.1" 200 0 "-" "WordPress/7.0; https://sieuthibachviet.com"
139.162.49.171 - - [04/Jun/2026:04:40:46 +0700] "POST /wp-cron.php?doing_wp_cron=1780522846.2153670787811279296875 HTTP/1.1" 200 0 "-" "WordPress/7.0; https://sieuthibachviet.com"
176.126.104.139 - - [04/Jun/2026:04:41:18 +0700] "GET /wp-content/uploads/custom_file_3_1780522860.php HTTP/2" 500 0 "-" "Mozilla/5.0 (Macintosh; Intel Mac OS X 10_15_7) AppleWebKit/605.1.15 (KHTML, like Gecko) Version/18.0 Safari/605.1.15"
5.181.170.191 - - [04/Jun/2026:04:42:29 +0700] "GET /wp-content/upgrade-temp-backup/custom.file.3.1780522945.php HTTP/2" 500 0 "-" "Mozilla/5.0 (Windows NT 10.0; Win64; x64) AppleWebKit/537.36 (KHTML, like Gecko) Chrome/124.0.0.0 Safari/537.36"
193.202.82.30 - - [04/Jun/2026:04:42:33 +0700] "GET /wp-content/upgrade-temp-backup/custom.file.3.1780522945.php HTTP/2" 500 0 "-" "Mozilla/5.0 (Windows NT 10.0; Win64; x64; rv:133.0) Gecko/20100101 Firefox/133.0"
185.101.21.183 - - [04/Jun/2026:04:42:47 +0700] "GET /wp-content/upgrade-temp-backup/custom.file.3.1780522945.php HTTP/2" 500 0 "-" "Mozilla/5.0 (Windows NT 10.0; Win64; x64; rv:133.0) Gecko/20100101 Firefox/133.0"
116.179.32.80 - - [04/Jun/2026:04:47:51 +0700] "GET /product-category/do-gia-dung/noi-dien-chao-dien/?orderby=popularity&add_to_wishlist=5531 HTTP/2" 200 30396 "-" "Mozilla/5.0 (compatible; Baiduspider/2.0; +http://www.baidu.com/search/spider.html)"
116.179.37.165 - - [04/Jun/2026:04:47:55 +0700] "GET /wp-content/plugins/wp-helper-lite/assets/frontend/js/disableCopy.js?ver=1780523271 HTTP/1.1" 200 658 "https://sieuthibachviet.com/product-category/do-gia-dung/noi-dien-chao-dien/?orderby=popularity&add_to_wishlist=5531" "Mozilla/5.0 (compatible; Baiduspider-render/2.0; +http://www.baidu.com/search/spider.html)"
116.179.37.48 - - [04/Jun/2026:04:47:56 +0700] "GET /wp-content/plugins/wp-helper-lite/assets/frontend/js/mb-hp-wc-notification.js?ver=1780523271 HTTP/1.1" 200 868 "https://sieuthibachviet.com/product-category/do-gia-dung/noi-dien-chao-dien/?orderby=popularity&add_to_wishlist=5531" "Mozilla/5.0 (compatible; Baiduspider-render/2.0; +http://www.baidu.com/search/spider.html)"
185.191.171.3 - - [04/Jun/2026:04:47:46 +0700] "GET /product-category/tat-ca-san-pham/?filter_size=xl%2Cs%2Cl%2Cm&orderby=price HTTP/1.1" 200 32655 "-" "Mozilla/5.0 (compatible; SemrushBot/7~bl; +http://www.semrush.com/bot.html)"
116.179.37.73 - - [04/Jun/2026:04:47:55 +0700] "GET /wp-content/plugins/wp-helper-lite/assets/frontend/css/app.css?ver=1780523271 HTTP/1.1" 200 2731 "https://sieuthibachviet.com/product-category/do-gia-dung/noi-dien-chao-dien/?orderby=popularity&add_to_wishlist=5531" "Mozilla/5.0 (compatible; Baiduspider-render/2.0; +http://www.baidu.com/search/spider.html)"
116.179.37.91 - - [04/Jun/2026:04:47:55 +0700] "GET /wp-content/plugins/wp-helper-lite/assets/frontend/js/app.js?ver=1780523271 HTTP/1.1" 200 573 "https://sieuthibachviet.com/product-category/do-gia-dung/noi-dien-chao-dien/?orderby=popularity&add_to_wishlist=5531" "Mozilla/5.0 (compatible; Baiduspider-render/2.0; +http://www.baidu.com/search/spider.html)"
213.108.0.156 - - [04/Jun/2026:04:41:04 +0700] "POST /wp-admin/admin-ajax.php?action=mk_file_folder_manager&_wpnonce=0a76e6d8f4&networkhref=&cmd=open&target=l1_d3AtY29udGVudC9sYW5ndWFnZXM&reqid=5332b4b92d12b8be7469b9d6e784 HTTP/2" 200 5355 "https://sieuthibachviet.com/wp-admin/admin-ajax.php?action=mk_file_folder_manager&_wpnonce=0a76e6d8f4&networkhref=&cmd=open&target=l1_d3AtY29udGVudC9sYW5ndWFnZXM&reqid=5332b4b92d12b8be7469b9d6e784" "Mozilla/5.0 (Macintosh; Intel Mac OS X 10_15_7) AppleWebKit/605.1.15 (KHTML, like Gecko) Version/18.0 Safari/605.1.15"
185.89.43.22 - - [04/Jun/2026:04:41:05 +0700] "GET /wp-content/uploads/custom_file_3_1780522860.php HTTP/2" 500 0 "-" "Mozilla/5.0 (Windows NT 10.0; Win64; x64; rv:133.0) Gecko/20100101 Firefox/133.0"
178.20.30.111 - - [04/Jun/2026:04:41:06 +0700] "GET /wp-content/uploads/custom_file_3_1780522860.php HTTP/2" 500 0 "-" "Mozilla/5.0 (Windows NT 10.0; Win64; x64) AppleWebKit/537.36 (KHTML, like Gecko) Chrome/124.0.0.0 Safari/537.36"
213.108.0.156 - - [04/Jun/2026:04:41:06 +0700] "GET /wp-content/languages/search.template.1780522857.php HTTP/2" 500 20 "-" "Mozilla/5.0 (Windows NT 10.0; Win64; x64) AppleWebKit/537.36 (KHTML, like Gecko) Chrome/124.0.0.0 Safari/537.36"
77.81.65.128 - - [04/Jun/2026:04:41:14 +0700] "GET /wp-content/uploads/custom_file_3_1780522860.php HTTP/2" 500 0 "-" "Mozilla/5.0 (Windows NT 10.0; Win64; x64; rv:133.0) Gecko/20100101 Firefox/133.0"
170.168.175.201 - - [04/Jun/2026:04:42:30 +0700] "GET /wp-content/upgrade-temp-backup/custom.file.3.1780522945.php HTTP/2" 500 0 "-" "Mozilla/5.0 (Windows NT 10.0; Win64; x64; rv:133.0) Gecko/20100101 Firefox/133.0"
116.179.37.136 - - [04/Jun/2026:04:47:55 +0700] "GET /wp-content/plugins/wp-helper-lite/assets/frontend/css/mb-hp-wc-notification.css?ver=1780523271 HTTP/1.1" 200 499 "https://sieuthibachviet.com/product-category/do-gia-dung/noi-dien-chao-dien/?orderby=popularity&add_to_wishlist=5531" "Mozilla/5.0 (compatible; Baiduspider-render/2.0; +http://www.baidu.com/search/spider.html)"
116.179.37.225 - - [04/Jun/2026:04:47:57 +0700] "POST /wp-admin/admin-ajax.php HTTP/1.1" 200 1333 "https://sieuthibachviet.com/product-category/do-gia-dung/noi-dien-chao-dien/?orderby=popularity&add_to_wishlist=5531" "Mozilla/5.0 (compatible; Baiduspider-render/2.0; +http://www.baidu.com/search/spider.html)"
5.181.170.191 - - [04/Jun/2026:04:42:50 +0700] "POST /wp-admin/admin-ajax.php HTTP/2" 200 228 "https://sieuthibachviet.com/wp-admin/admin-ajax.php" "Mozilla/5.0 (Macintosh; Intel Mac OS X 10_15_7) AppleWebKit/605.1.15 (KHTML, like Gecko) Version/18.0 Safari/605.1.15"
216.73.216.217 - - [04/Jun/2026:05:02:52 +0700] "GET /robots.txt HTTP/2" 200 143 "-" "Mozilla/5.0 AppleWebKit/537.36 (KHTML, like Gecko; compatible; ClaudeBot/1.0; +claudebot@anthropic.com)"
216.73.216.217 - - [04/Jun/2026:05:02:55 +0700] "GET /wp-sitemap.xml HTTP/2" 200 219 "-" "Mozilla/5.0 AppleWebKit/537.36 (KHTML, like Gecko; compatible; ClaudeBot/1.0; +claudebot@anthropic.com)"
139.162.49.171 - - [04/Jun/2026:05:07:39 +0700] "POST /wp-cron.php?doing_wp_cron=1780524459.1268661022186279296875 HTTP/1.1" 200 0 "-" "WordPress/7.0; https://sieuthibachviet.com"
