HEX
Server: LiteSpeed
System: Linux sg-cp4.cloudnetwork.vn 4.18.0-553.69.1.lve.el8.x86_64 #1 SMP Wed Aug 13 19:53:59 UTC 2025 x86_64
User: thu28850 (1134)
PHP: 7.4.33
Disabled: NONE
Upload Files
File: /home/thu28850/access-logs/sieuthibachviet.com-ssl_log
139.162.49.171 - - [03/Jun/2026:19:13:42 +0700] "POST /wp-cron.php?doing_wp_cron=1780488822.7345380783081054687500 HTTP/1.1" 200 0 "-" "WordPress/7.0; https://sieuthibachviet.com"
139.162.49.171 - - [03/Jun/2026:19:16:32 +0700] "POST /wp-cron.php?doing_wp_cron=1780488991.7031919956207275390625 HTTP/1.1" 200 0 "-" "WordPress/7.0; https://sieuthibachviet.com"
216.73.217.83 - - [03/Jun/2026:19:20:28 +0700] "GET /robots.txt HTTP/2" 200 143 "-" "Mozilla/5.0 AppleWebKit/537.36 (KHTML, like Gecko; compatible; ClaudeBot/1.0; +claudebot@anthropic.com)"
216.73.217.83 - - [03/Jun/2026:19:20:30 +0700] "GET /wp-content/uploads/2024/09/RELAX5.png HTTP/2" 200 1026569 "-" "Mozilla/5.0 AppleWebKit/537.36 (KHTML, like Gecko; compatible; ClaudeBot/1.0; +claudebot@anthropic.com)"
85.208.96.205 - - [03/Jun/2026:19:21:19 +0700] "GET /san-pham/noi-com-dien-cao-tan-15ct011/ HTTP/1.1" 200 36325 "-" "Mozilla/5.0 (compatible; SemrushBot/7~bl; +http://www.semrush.com/bot.html)"
139.162.49.171 - - [03/Jun/2026:19:22:58 +0700] "POST /wp-cron.php?doing_wp_cron=1780489377.9879760742187500000000 HTTP/1.1" 200 0 "-" "WordPress/7.0; https://sieuthibachviet.com"
139.162.49.171 - - [03/Jun/2026:19:23:56 +0700] "POST /wp-cron.php?doing_wp_cron=1780489436.4939899444580078125000 HTTP/1.1" 200 0 "-" "WordPress/7.0; https://sieuthibachviet.com"
66.249.74.101 - - [03/Jun/2026:19:24:14 +0700] "GET /wp-includes/js/underscore.min.js?ver=1.13.8 HTTP/1.1" 200 7228 "https://sieuthibachviet.com/san-pham/noi-com-dien-cao-tan-18dt027-t/" "Mozilla/5.0 (Linux; Android 6.0.1; Nexus 5X Build/MMB29P) AppleWebKit/537.36 (KHTML, like Gecko) Chrome/148.0.7778.96 Mobile Safari/537.36 (compatible; Googlebot/2.1; +http://www.google.com/bot.html)"
139.162.49.171 - - [03/Jun/2026:19:29:49 +0700] "POST /wp-cron.php?doing_wp_cron=1780489789.0730640888214111328125 HTTP/1.1" 200 0 "-" "WordPress/7.0; https://sieuthibachviet.com"
139.162.49.171 - - [03/Jun/2026:19:32:47 +0700] "POST /wp-cron.php?doing_wp_cron=1780489966.9732940196990966796875 HTTP/1.1" 200 0 "-" "WordPress/7.0; https://sieuthibachviet.com"
216.73.217.83 - - [03/Jun/2026:19:44:02 +0700] "GET /wp-sitemap.xml HTTP/2" 200 219 "-" "Mozilla/5.0 AppleWebKit/537.36 (KHTML, like Gecko; compatible; ClaudeBot/1.0; +claudebot@anthropic.com)"
139.162.49.171 - - [03/Jun/2026:19:50:14 +0700] "POST /wp-cron.php?doing_wp_cron=1780491014.0959289073944091796875 HTTP/1.1" 200 0 "-" "WordPress/7.0; https://sieuthibachviet.com"
85.208.96.198 - - [03/Jun/2026:19:50:13 +0700] "GET /product-category/do-gia-dung/noi-ap-suat/page/2/?orderby=popularity HTTP/1.1" 200 31619 "-" "Mozilla/5.0 (compatible; SemrushBot/7~bl; +http://www.semrush.com/bot.html)"
95.8.156.38 - - [03/Jun/2026:19:52:00 +0700] "GET /wp-login.php HTTP/2" 200 3126 "-" "Mozilla/5.0 (Windows NT 10.0; Win64; x64) AppleWebKit/537.36 (KHTML, like Gecko) Chrome/142.0.0.0 Safari/537.36"
95.8.156.38 - - [03/Jun/2026:19:52:05 +0700] "POST /wp-login.php HTTP/2" 302 0 "https://sieuthibachviet.com/wp-login.php" "Mozilla/5.0 (Windows NT 10.0; Win64; x64) AppleWebKit/537.36 (KHTML, like Gecko) Chrome/142.0.0.0 Safari/537.36"
95.8.156.38 - - [03/Jun/2026:19:52:06 +0700] "GET /wp-admin/ HTTP/2" 200 94956 "https://sieuthibachviet.com/wp-login.php" "Mozilla/5.0 (Windows NT 10.0; Win64; x64) AppleWebKit/537.36 (KHTML, like Gecko) Chrome/142.0.0.0 Safari/537.36"
95.8.156.38 - - [03/Jun/2026:19:52:09 +0700] "GET /wp-json/wp/v2/users/me?context=edit&_fields=id%2Croles%2Ccapabilities HTTP/2" 200 589 "-" "Mozilla/5.0 (Windows NT 10.0; Win64; x64) AppleWebKit/537.36 (KHTML, like Gecko) Chrome/142.0.0.0 Safari/537.36"
95.8.156.38 - - [03/Jun/2026:19:52:11 +0700] "GET /xmlrpc.php HTTP/2" 403 1242 "-" "WP-Extra/1.2"
95.8.156.38 - - [03/Jun/2026:19:52:11 +0700] "GET /wp-json/ HTTP/2" 200 83857 "-" "Mozilla/5.0 (Windows NT 10.0; Win64; x64) AppleWebKit/537.36 (KHTML, like Gecko) Chrome/142.0.0.0 Safari/537.36"
185.191.171.1 - - [03/Jun/2026:19:13:40 +0700] "GET /product-category/thoi-trang/?filter_size=xl%2Cl%2Cs%2Cm&orderby=popularity HTTP/1.1" 200 32607 "-" "Mozilla/5.0 (compatible; SemrushBot/7~bl; +http://www.semrush.com/bot.html)"
139.162.49.171 - - [03/Jun/2026:19:20:30 +0700] "POST /wp-cron.php?doing_wp_cron=1780489230.3451910018920898437500 HTTP/1.1" 200 0 "-" "WordPress/7.0; https://sieuthibachviet.com"
139.162.49.171 - - [03/Jun/2026:19:46:48 +0700] "POST /wp-cron.php?doing_wp_cron=1780490808.0128250122070312500000 HTTP/1.1" 200 0 "-" "WordPress/7.0; https://sieuthibachviet.com"
139.162.49.171 - - [03/Jun/2026:19:49:25 +0700] "POST /wp-cron.php?doing_wp_cron=1780490965.0479989051818847656250 HTTP/1.1" 200 0 "-" "WordPress/7.0; https://sieuthibachviet.com"
173.252.70.8 - - [03/Jun/2026:19:49:23 +0700] "GET /robots.txt HTTP/2" 200 269 "-" "facebookexternalhit/1.1 (+http://www.facebook.com/externalhit_uatext.php)"
152.58.58.132 - - [03/Jun/2026:19:52:02 +0700] "GET /wp-login.php HTTP/2" 200 3126 "-" "Mozilla/5.0 (Windows NT 10.0; Win64; x64) AppleWebKit/537.36 (KHTML, like Gecko) Chrome/142.0.0.0 Safari/537.36"
139.162.49.171 - - [03/Jun/2026:19:52:03 +0700] "POST /wp-cron.php?doing_wp_cron=1780491123.2732648849487304687500 HTTP/1.1" 200 0 "-" "WordPress/7.0; https://sieuthibachviet.com"
152.58.58.132 - - [03/Jun/2026:19:52:03 +0700] "POST /wp-login.php HTTP/2" 302 0 "https://sieuthibachviet.com/wp-login.php" "Mozilla/5.0 (Windows NT 10.0; Win64; x64) AppleWebKit/537.36 (KHTML, like Gecko) Chrome/142.0.0.0 Safari/537.36"
152.58.58.132 - - [03/Jun/2026:19:52:05 +0700] "GET /wp-admin/ HTTP/2" 200 94646 "https://sieuthibachviet.com/wp-login.php" "Mozilla/5.0 (Windows NT 10.0; Win64; x64) AppleWebKit/537.36 (KHTML, like Gecko) Chrome/142.0.0.0 Safari/537.36"
152.58.58.132 - - [03/Jun/2026:19:52:09 +0700] "GET /wp-json/wp/v2/users/me?context=edit&_fields=id%2Croles%2Ccapabilities HTTP/2" 200 589 "-" "Mozilla/5.0 (Windows NT 10.0; Win64; x64) AppleWebKit/537.36 (KHTML, like Gecko) Chrome/142.0.0.0 Safari/537.36"
152.58.58.132 - - [03/Jun/2026:19:52:10 +0700] "GET /xmlrpc.php HTTP/2" 403 1242 "-" "WP-Extra/1.2"
152.58.58.132 - - [03/Jun/2026:19:52:10 +0700] "GET /wp-json/ HTTP/2" 200 83875 "-" "Mozilla/5.0 (Windows NT 10.0; Win64; x64) AppleWebKit/537.36 (KHTML, like Gecko) Chrome/142.0.0.0 Safari/537.36"
152.58.58.132 - - [03/Jun/2026:19:52:12 +0700] "OPTIONS /wp-json/batch/v1 HTTP/2" 200 308 "-" "Mozilla/5.0 (Windows NT 10.0; Win64; x64) AppleWebKit/537.36 (KHTML, like Gecko) Chrome/142.0.0.0 Safari/537.36"
152.58.58.132 - - [03/Jun/2026:19:52:13 +0700] "GET /wp-json/wp-site-health/v1/tests/https-status HTTP/2" 401 125 "-" "Mozilla/5.0 (Windows NT 10.0; Win64; x64) AppleWebKit/537.36 (KHTML, like Gecko) Chrome/142.0.0.0 Safari/537.36"
152.58.58.132 - - [03/Jun/2026:19:52:15 +0700] "POST /wp-json/wp/v2/users/2/application-passwords HTTP/2" 201 281 "-" "Mozilla/5.0 (Windows NT 10.0; Win64; x64) AppleWebKit/537.36 (KHTML, like Gecko) Chrome/142.0.0.0 Safari/537.36"
152.58.58.132 - - [03/Jun/2026:19:52:15 +0700] "GET /wp-json/wp/v2/users?search=bot&context=edit HTTP/2" 200 1217 "-" "Mozilla/5.0 (Windows NT 10.0; Win64; x64) AppleWebKit/537.36 (KHTML, like Gecko) Chrome/142.0.0.0 Safari/537.36"
152.58.58.132 - - [03/Jun/2026:19:52:16 +0700] "POST /wp-json/wp/v2/users/46/application-passwords HTTP/2" 201 285 "-" "Mozilla/5.0 (Windows NT 10.0; Win64; x64) AppleWebKit/537.36 (KHTML, like Gecko) Chrome/142.0.0.0 Safari/537.36"
152.58.58.132 - - [03/Jun/2026:19:52:17 +0700] "GET /wp-admin/plugin-editor.php HTTP/2" 200 81903 "-" "Mozilla/5.0 (Windows NT 10.0; Win64; x64) AppleWebKit/537.36 (KHTML, like Gecko) Chrome/142.0.0.0 Safari/537.36"
152.58.58.132 - - [03/Jun/2026:19:52:19 +0700] "POST /wp-admin/admin-ajax.php HTTP/2" 403 1242 "-" "Mozilla/5.0 (Windows NT 10.0; Win64; x64) AppleWebKit/537.36 (KHTML, like Gecko) Chrome/142.0.0.0 Safari/537.36"
85.208.96.204 - - [03/Jun/2026:19:22:55 +0700] "GET /product-category/thoi-trang/thoi-trang-me-bau/?filter_size=l%2Cs%2Cxl&orderby=popularity HTTP/1.1" 200 32573 "-" "Mozilla/5.0 (compatible; SemrushBot/7~bl; +http://www.semrush.com/bot.html)"
185.191.171.12 - - [03/Jun/2026:19:29:46 +0700] "GET /product-category/thoi-trang/?filter_size=l%2Cm%2Cs HTTP/1.1" 200 32562 "-" "Mozilla/5.0 (compatible; SemrushBot/7~bl; +http://www.semrush.com/bot.html)"
185.191.171.18 - - [03/Jun/2026:19:32:44 +0700] "GET /robots.txt HTTP/1.1" 200 162 "-" "Mozilla/5.0 (compatible; SemrushBot/7~bl; +http://www.semrush.com/bot.html)"
85.208.96.199 - - [03/Jun/2026:19:32:48 +0700] "GET /product-category/thoi-trang/?filter_size=l%2Cm%2Cs%2Cxl&orderby=popularity HTTP/1.1" 200 32603 "-" "Mozilla/5.0 (compatible; SemrushBot/7~bl; +http://www.semrush.com/bot.html)"
139.162.49.171 - - [03/Jun/2026:19:34:23 +0700] "POST /wp-cron.php?doing_wp_cron=1780490062.8920340538024902343750 HTTP/1.1" 200 0 "-" "WordPress/7.0; https://sieuthibachviet.com"
66.249.74.101 - - [03/Jun/2026:19:34:32 +0700] "GET / HTTP/1.1" 200 29162 "-" "Mozilla/5.0 (Linux; Android 6.0.1; Nexus 5X Build/MMB29P) AppleWebKit/537.36 (KHTML, like Gecko) Chrome/148.0.7778.96 Mobile Safari/537.36 (compatible; Googlebot/2.1; +http://www.google.com/bot.html)"
139.162.49.171 - - [03/Jun/2026:19:39:43 +0700] "POST /wp-cron.php?doing_wp_cron=1780490382.6663169860839843750000 HTTP/1.1" 200 0 "-" "WordPress/7.0; https://sieuthibachviet.com"
139.162.49.171 - - [03/Jun/2026:19:44:04 +0700] "POST /wp-cron.php?doing_wp_cron=1780490644.7125780582427978515625 HTTP/1.1" 200 0 "-" "WordPress/7.0; https://sieuthibachviet.com"
85.96.211.201 - - [03/Jun/2026:19:52:02 +0700] "GET /wp-login.php HTTP/2" 200 3126 "-" "Mozilla/5.0 (Windows NT 10.0; Win64; x64) AppleWebKit/537.36 (KHTML, like Gecko) Chrome/142.0.0.0 Safari/537.36"
85.96.211.201 - - [03/Jun/2026:19:52:03 +0700] "POST /wp-login.php HTTP/2" 302 0 "https://sieuthibachviet.com/wp-login.php" "Mozilla/5.0 (Windows NT 10.0; Win64; x64) AppleWebKit/537.36 (KHTML, like Gecko) Chrome/142.0.0.0 Safari/537.36"
85.96.211.201 - - [03/Jun/2026:19:52:05 +0700] "GET /wp-admin/ HTTP/2" 302 0 "https://sieuthibachviet.com/wp-login.php" "Mozilla/5.0 (Windows NT 10.0; Win64; x64) AppleWebKit/537.36 (KHTML, like Gecko) Chrome/142.0.0.0 Safari/537.36"
85.96.211.201 - - [03/Jun/2026:19:52:07 +0700] "GET / HTTP/2" 200 30198 "https://sieuthibachviet.com/wp-login.php" "Mozilla/5.0 (Windows NT 10.0; Win64; x64) AppleWebKit/537.36 (KHTML, like Gecko) Chrome/142.0.0.0 Safari/537.36"
85.96.211.201 - - [03/Jun/2026:19:52:10 +0700] "GET /wp-admin/admin-ajax.php?action=rest_nonce HTTP/2" 400 5 "-" "Mozilla/5.0 (Windows NT 10.0; Win64; x64) AppleWebKit/537.36 (KHTML, like Gecko) Chrome/142.0.0.0 Safari/537.36"
85.96.211.201 - - [03/Jun/2026:19:52:11 +0700] "GET /wp-admin/profile.php HTTP/2" 302 0 "-" "Mozilla/5.0 (Windows NT 10.0; Win64; x64) AppleWebKit/537.36 (KHTML, like Gecko) Chrome/142.0.0.0 Safari/537.36"
85.96.211.201 - - [03/Jun/2026:19:52:14 +0700] "GET /wp-login.php?redirect_to=https%3A%2F%2Fsieuthibachviet.com%2Fwp-admin%2Fprofile.php&reauth=1 HTTP/2" 200 3138 "-" "Mozilla/5.0 (Windows NT 10.0; Win64; x64) AppleWebKit/537.36 (KHTML, like Gecko) Chrome/142.0.0.0 Safari/537.36"
85.96.211.201 - - [03/Jun/2026:19:52:16 +0700] "GET /wp-json/wp/v2/users/me?context=edit&_fields=id%2Croles%2Ccapabilities HTTP/2" 403 104 "-" "Mozilla/5.0 (Windows NT 10.0; Win64; x64) AppleWebKit/537.36 (KHTML, like Gecko) Chrome/142.0.0.0 Safari/537.36"
85.96.211.201 - - [03/Jun/2026:19:52:20 +0700] "GET /xmlrpc.php HTTP/2" 403 1242 "-" "WP-Extra/1.2"
85.96.211.201 - - [03/Jun/2026:19:52:20 +0700] "GET /wp-json/ HTTP/2" 200 83528 "-" "Mozilla/5.0 (Windows NT 10.0; Win64; x64) AppleWebKit/537.36 (KHTML, like Gecko) Chrome/142.0.0.0 Safari/537.36"
85.96.211.201 - - [03/Jun/2026:19:52:21 +0700] "OPTIONS /wp-json/batch/v1 HTTP/2" 200 308 "-" "Mozilla/5.0 (Windows NT 10.0; Win64; x64) AppleWebKit/537.36 (KHTML, like Gecko) Chrome/142.0.0.0 Safari/537.36"
85.208.96.195 - - [03/Jun/2026:19:16:29 +0700] "GET /shopping/?filter_size=m%2Cl%2Cs%2Cxl&orderby=rating HTTP/1.1" 200 32496 "-" "Mozilla/5.0 (compatible; SemrushBot/7~bl; +http://www.semrush.com/bot.html)"
139.162.49.171 - - [03/Jun/2026:19:21:20 +0700] "POST /wp-cron.php?doing_wp_cron=1780489280.6358249187469482421875 HTTP/1.1" 200 0 "-" "WordPress/7.0; https://sieuthibachviet.com"
66.249.74.101 - - [03/Jun/2026:19:23:55 +0700] "GET /san-pham/noi-com-dien-cao-tan-18dt027-t/ HTTP/1.1" 200 29227 "-" "Mozilla/5.0 (Linux; Android 6.0.1; Nexus 5X Build/MMB29P) AppleWebKit/537.36 (KHTML, like Gecko) Chrome/148.0.7778.96 Mobile Safari/537.36 (compatible; Googlebot/2.1; +http://www.google.com/bot.html)"
66.249.74.102 - - [03/Jun/2026:19:34:20 +0700] "GET /?action=yith-woocompare-add-product&id=5244 HTTP/1.1" 302 0 "-" "Mozilla/5.0 (Linux; Android 6.0.1; Nexus 5X Build/MMB29P) AppleWebKit/537.36 (KHTML, like Gecko) Chrome/148.0.7778.96 Mobile Safari/537.36 (compatible; Googlebot/2.1; +http://www.google.com/bot.html)"
185.191.171.18 - - [03/Jun/2026:19:39:40 +0700] "GET /product-category/thoi-trang/?filter_size=s%2Cxl%2Cl&orderby=price-desc HTTP/1.1" 200 32747 "-" "Mozilla/5.0 (compatible; SemrushBot/7~bl; +http://www.semrush.com/bot.html)"
165.22.65.112 - - [03/Jun/2026:19:46:45 +0700] "GET /wp-login.php HTTP/1.1" 200 3445 "-" "Mozilla/5.0"
165.22.65.112 - - [03/Jun/2026:19:46:48 +0700] "GET /?author=1 HTTP/1.1" 200 28590 "-" "Mozilla/5.0"
165.22.65.112 - - [03/Jun/2026:19:46:49 +0700] "GET /?author=2 HTTP/1.1" 200 26232 "-" "Mozilla/5.0"
165.22.65.112 - - [03/Jun/2026:19:46:50 +0700] "GET /?author=3 HTTP/1.1" 200 25874 "-" "Mozilla/5.0"
183.83.170.135 - - [03/Jun/2026:19:52:39 +0700] "GET /wp-admin/customize.php HTTP/2" 302 0 "-" "Mozilla/5.0 (Windows NT 10.0; Win64; x64) AppleWebKit/537.36 (KHTML, like Gecko) Chrome/142.0.0.0 Safari/537.36"
139.162.49.171 - - [03/Jun/2026:19:52:40 +0700] "POST /wp-cron.php?doing_wp_cron=1780491160.2241590023040771484375 HTTP/1.1" 200 0 "-" "WordPress/7.0; https://sieuthibachviet.com"
183.83.170.135 - - [03/Jun/2026:19:52:41 +0700] "GET /wp-login.php?redirect_to=https%3A%2F%2Fsieuthibachviet.com%2Fwp-admin%2Fcustomize.php&reauth=1 HTTP/2" 200 3152 "-" "Mozilla/5.0 (Windows NT 10.0; Win64; x64) AppleWebKit/537.36 (KHTML, like Gecko) Chrome/142.0.0.0 Safari/537.36"
183.83.170.135 - - [03/Jun/2026:19:52:42 +0700] "GET /wp-json/wp/v2/roles?context=edit HTTP/2" 403 104 "-" "Mozilla/5.0 (Windows NT 10.0; Win64; x64) AppleWebKit/537.36 (KHTML, like Gecko) Chrome/142.0.0.0 Safari/537.36"
183.83.170.135 - - [03/Jun/2026:19:52:44 +0700] "GET /wp-json/wp-site-health/v1/tests/https-status HTTP/2" 401 125 "-" "Mozilla/5.0 (Windows NT 10.0; Win64; x64) AppleWebKit/537.36 (KHTML, like Gecko) Chrome/142.0.0.0 Safari/537.36"
183.83.170.135 - - [03/Jun/2026:19:52:45 +0700] "GET /wp-json/wp-site-health/v1/tests/background-updates HTTP/2" 401 125 "-" "Mozilla/5.0 (Windows NT 10.0; Win64; x64) AppleWebKit/537.36 (KHTML, like Gecko) Chrome/142.0.0.0 Safari/537.36"
183.83.170.135 - - [03/Jun/2026:19:52:46 +0700] "GET /wp-json/wp-site-health/v1/tests/loopback-requests HTTP/2" 401 125 "-" "Mozilla/5.0 (Windows NT 10.0; Win64; x64) AppleWebKit/537.36 (KHTML, like Gecko) Chrome/142.0.0.0 Safari/537.36"
139.162.49.171 - - [03/Jun/2026:19:54:02 +0700] "POST /wp-cron.php?doing_wp_cron=1780491242.0971310138702392578125 HTTP/1.1" 200 0 "-" "WordPress/7.0; https://sieuthibachviet.com"
165.22.65.112 - - [03/Jun/2026:19:54:36 +0700] "POST /wp-login.php HTTP/1.1" 200 10636 "-" "Mozilla/5.0"
139.162.49.171 - - [03/Jun/2026:19:55:08 +0700] "POST /wp-cron.php?doing_wp_cron=1780491308.4700679779052734375000 HTTP/1.1" 200 0 "-" "WordPress/7.0; https://sieuthibachviet.com"
165.22.65.112 - - [03/Jun/2026:19:55:07 +0700] "POST /wp-login.php HTTP/1.1" 200 10636 "-" "Mozilla/5.0"
165.22.65.112 - - [03/Jun/2026:19:55:42 +0700] "POST /wp-login.php HTTP/1.1" 200 10636 "-" "Mozilla/5.0"
165.22.65.112 - - [03/Jun/2026:19:57:10 +0700] "POST /wp-login.php HTTP/1.1" 200 10624 "-" "Mozilla/5.0"
85.96.211.201 - - [03/Jun/2026:19:52:24 +0700] "GET /wp-json/wp-site-health/v1/tests/https-status HTTP/2" 401 125 "-" "Mozilla/5.0 (Windows NT 10.0; Win64; x64) AppleWebKit/537.36 (KHTML, like Gecko) Chrome/142.0.0.0 Safari/537.36"
85.96.211.201 - - [03/Jun/2026:19:52:25 +0700] "GET /wp-json/wp/v2/users?search=bot&context=edit HTTP/2" 403 104 "-" "Mozilla/5.0 (Windows NT 10.0; Win64; x64) AppleWebKit/537.36 (KHTML, like Gecko) Chrome/142.0.0.0 Safari/537.36"
85.96.211.201 - - [03/Jun/2026:19:52:25 +0700] "POST /wp-json/wp/v2/users/1/application-passwords HTTP/2" 403 104 "-" "Mozilla/5.0 (Windows NT 10.0; Win64; x64) AppleWebKit/537.36 (KHTML, like Gecko) Chrome/142.0.0.0 Safari/537.36"
85.96.211.201 - - [03/Jun/2026:19:52:27 +0700] "GET /wp-admin/user-new.php HTTP/2" 302 0 "-" "Mozilla/5.0 (Windows NT 10.0; Win64; x64) AppleWebKit/537.36 (KHTML, like Gecko) Chrome/142.0.0.0 Safari/537.36"
85.96.211.201 - - [03/Jun/2026:19:52:28 +0700] "GET /wp-login.php?redirect_to=https%3A%2F%2Fsieuthibachviet.com%2Fwp-admin%2Fuser-new.php&reauth=1 HTTP/2" 200 3139 "-" "Mozilla/5.0 (Windows NT 10.0; Win64; x64) AppleWebKit/537.36 (KHTML, like Gecko) Chrome/142.0.0.0 Safari/537.36"
85.96.211.201 - - [03/Jun/2026:19:52:29 +0700] "GET /wp-json/wp-site-health/v1/tests/https-status HTTP/2" 401 125 "-" "Mozilla/5.0 (Windows NT 10.0; Win64; x64) AppleWebKit/537.36 (KHTML, like Gecko) Chrome/142.0.0.0 Safari/537.36"
85.96.211.201 - - [03/Jun/2026:19:52:31 +0700] "GET /wp-json/wp-site-health/v1/tests/background-updates HTTP/2" 401 125 "-" "Mozilla/5.0 (Windows NT 10.0; Win64; x64) AppleWebKit/537.36 (KHTML, like Gecko) Chrome/142.0.0.0 Safari/537.36"
85.96.211.201 - - [03/Jun/2026:19:52:32 +0700] "GET /wp-json/wp-site-health/v1/tests/loopback-requests HTTP/2" 401 125 "-" "Mozilla/5.0 (Windows NT 10.0; Win64; x64) AppleWebKit/537.36 (KHTML, like Gecko) Chrome/142.0.0.0 Safari/537.36"
116.108.135.64 - - [03/Jun/2026:19:52:35 +0700] "GET /wp-admin/customize.php HTTP/2" 302 0 "-" "Mozilla/5.0 (Windows NT 10.0; Win64; x64) AppleWebKit/537.36 (KHTML, like Gecko) Chrome/142.0.0.0 Safari/537.36"
116.108.135.64 - - [03/Jun/2026:19:52:36 +0700] "GET /wp-login.php?redirect_to=https%3A%2F%2Fsieuthibachviet.com%2Fwp-admin%2Fcustomize.php&reauth=1 HTTP/2" 200 3152 "-" "Mozilla/5.0 (Windows NT 10.0; Win64; x64) AppleWebKit/537.36 (KHTML, like Gecko) Chrome/142.0.0.0 Safari/537.36"
116.108.135.64 - - [03/Jun/2026:19:52:36 +0700] "GET /wp-json/wp/v2/roles?context=edit HTTP/2" 403 104 "-" "Mozilla/5.0 (Windows NT 10.0; Win64; x64) AppleWebKit/537.36 (KHTML, like Gecko) Chrome/142.0.0.0 Safari/537.36"
116.108.135.64 - - [03/Jun/2026:19:52:39 +0700] "GET /wp-json/wp-site-health/v1/tests/https-status HTTP/2" 401 125 "-" "Mozilla/5.0 (Windows NT 10.0; Win64; x64) AppleWebKit/537.36 (KHTML, like Gecko) Chrome/142.0.0.0 Safari/537.36"
116.108.135.64 - - [03/Jun/2026:19:52:42 +0700] "GET /wp-json/wp-site-health/v1/tests/background-updates HTTP/2" 401 125 "-" "Mozilla/5.0 (Windows NT 10.0; Win64; x64) AppleWebKit/537.36 (KHTML, like Gecko) Chrome/142.0.0.0 Safari/537.36"
116.108.135.64 - - [03/Jun/2026:19:52:43 +0700] "GET /wp-json/wp-site-health/v1/tests/loopback-requests HTTP/2" 401 125 "-" "Mozilla/5.0 (Windows NT 10.0; Win64; x64) AppleWebKit/537.36 (KHTML, like Gecko) Chrome/142.0.0.0 Safari/537.36"
139.162.49.171 - - [03/Jun/2026:19:54:02 +0700] "POST /wp-cron.php?doing_wp_cron=1780491242.0971360206604003906250 HTTP/1.1" 200 0 "-" "WordPress/7.0; https://sieuthibachviet.com"
165.22.65.112 - - [03/Jun/2026:19:55:42 +0700] "POST /wp-login.php HTTP/1.1" 200 10624 "-" "Mozilla/5.0"
165.22.65.112 - - [03/Jun/2026:19:56:23 +0700] "POST /wp-login.php HTTP/1.1" 200 10636 "-" "Mozilla/5.0"
139.162.49.171 - - [03/Jun/2026:19:57:41 +0700] "POST /wp-cron.php?doing_wp_cron=1780491461.6658558845520019531250 HTTP/1.1" 200 0 "-" "WordPress/7.0; https://sieuthibachviet.com"
139.162.49.171 - - [03/Jun/2026:19:58:56 +0700] "POST /wp-cron.php?doing_wp_cron=1780491536.4131519794464111328125 HTTP/1.1" 200 0 "-" "WordPress/7.0; https://sieuthibachviet.com"
95.8.156.38 - - [03/Jun/2026:19:52:13 +0700] "OPTIONS /wp-json/batch/v1 HTTP/2" 200 308 "-" "Mozilla/5.0 (Windows NT 10.0; Win64; x64) AppleWebKit/537.36 (KHTML, like Gecko) Chrome/142.0.0.0 Safari/537.36"
95.8.156.38 - - [03/Jun/2026:19:52:14 +0700] "GET /wp-json/wp-site-health/v1/tests/https-status HTTP/2" 401 125 "-" "Mozilla/5.0 (Windows NT 10.0; Win64; x64) AppleWebKit/537.36 (KHTML, like Gecko) Chrome/142.0.0.0 Safari/537.36"
95.8.156.38 - - [03/Jun/2026:19:52:15 +0700] "GET /wp-json/wp/v2/users?search=bot&context=edit HTTP/2" 200 1217 "-" "Mozilla/5.0 (Windows NT 10.0; Win64; x64) AppleWebKit/537.36 (KHTML, like Gecko) Chrome/142.0.0.0 Safari/537.36"
95.8.156.38 - - [03/Jun/2026:19:52:15 +0700] "POST /wp-json/wp/v2/users/1/application-passwords HTTP/2" 201 279 "-" "Mozilla/5.0 (Windows NT 10.0; Win64; x64) AppleWebKit/537.36 (KHTML, like Gecko) Chrome/142.0.0.0 Safari/537.36"
95.8.156.38 - - [03/Jun/2026:19:52:17 +0700] "POST /wp-json/wp/v2/users/46/application-passwords HTTP/2" 201 285 "-" "Mozilla/5.0 (Windows NT 10.0; Win64; x64) AppleWebKit/537.36 (KHTML, like Gecko) Chrome/142.0.0.0 Safari/537.36"
95.8.156.38 - - [03/Jun/2026:19:52:19 +0700] "GET /wp-admin/plugin-editor.php HTTP/2" 200 82322 "-" "Mozilla/5.0 (Windows NT 10.0; Win64; x64) AppleWebKit/537.36 (KHTML, like Gecko) Chrome/142.0.0.0 Safari/537.36"
95.8.156.38 - - [03/Jun/2026:19:52:21 +0700] "POST /wp-admin/admin-ajax.php HTTP/2" 403 1242 "-" "Mozilla/5.0 (Windows NT 10.0; Win64; x64) AppleWebKit/537.36 (KHTML, like Gecko) Chrome/142.0.0.0 Safari/537.36"
95.8.156.38 - - [03/Jun/2026:19:52:22 +0700] "POST /wp-admin/admin-ajax.php HTTP/2" 403 1242 "-" "Mozilla/5.0 (Windows NT 10.0; Win64; x64) AppleWebKit/537.36 (KHTML, like Gecko) Chrome/142.0.0.0 Safari/537.36"
95.8.156.38 - - [03/Jun/2026:19:52:24 +0700] "POST /xmlrpc.php HTTP/2" 403 1242 "-" "Mozilla/5.0 (Windows NT 10.0; Win64; x64) AppleWebKit/537.36 (KHTML, like Gecko) Chrome/142.0.0.0 Safari/537.36"
95.8.156.38 - - [03/Jun/2026:19:52:24 +0700] "POST /wp-admin/admin-ajax.php HTTP/2" 403 1242 "-" "Mozilla/5.0 (Windows NT 10.0; Win64; x64) AppleWebKit/537.36 (KHTML, like Gecko) Chrome/142.0.0.0 Safari/537.36"
95.8.156.38 - - [03/Jun/2026:19:52:25 +0700] "GET /wp-admin/customize.php HTTP/2" 200 206201 "-" "Mozilla/5.0 (Windows NT 10.0; Win64; x64) AppleWebKit/537.36 (KHTML, like Gecko) Chrome/142.0.0.0 Safari/537.36"
165.22.65.112 - - [03/Jun/2026:19:53:59 +0700] "POST /wp-login.php HTTP/1.1" 200 10636 "-" "Mozilla/5.0"
165.22.65.112 - - [03/Jun/2026:19:53:59 +0700] "POST /wp-login.php HTTP/1.1" 200 10624 "-" "Mozilla/5.0"
165.22.65.112 - - [03/Jun/2026:19:54:36 +0700] "POST /wp-login.php HTTP/1.1" 200 10624 "-" "Mozilla/5.0"
139.162.49.171 - - [03/Jun/2026:19:55:43 +0700] "POST /wp-cron.php?doing_wp_cron=1780491343.5634670257568359375000 HTTP/1.1" 200 0 "-" "WordPress/7.0; https://sieuthibachviet.com"
165.22.65.112 - - [03/Jun/2026:19:57:10 +0700] "POST /wp-login.php HTTP/1.1" 200 10636 "-" "Mozilla/5.0"
51.68.247.201 - - [03/Jun/2026:19:58:06 +0700] "GET /?action=yith-woocompare-add-product&id=5351 HTTP/2" 302 0 "-" "Mozilla/5.0 (compatible; AhrefsBot/7.0; +http://ahrefs.com/robot/)"
139.162.49.171 - - [03/Jun/2026:19:58:56 +0700] "POST /wp-cron.php?doing_wp_cron=1780491536.4132390022277832031250 HTTP/1.1" 200 0 "-" "WordPress/7.0; https://sieuthibachviet.com"
139.162.49.171 - - [03/Jun/2026:20:00:46 +0700] "POST /wp-cron.php?doing_wp_cron=1780491645.6220009326934814453125 HTTP/1.1" 200 0 "-" "WordPress/7.0; https://sieuthibachviet.com"
165.22.65.112 - - [03/Jun/2026:20:00:44 +0700] "POST /wp-login.php HTTP/1.1" 200 10624 "-" "Mozilla/5.0"
165.22.65.112 - - [03/Jun/2026:20:02:40 +0700] "POST /wp-login.php HTTP/1.1" 200 10636 "-" "Mozilla/5.0"
85.208.96.200 - - [03/Jun/2026:20:02:41 +0700] "GET /product-category/thoi-trang/?filter_size=xl%2Cm%2Cs&orderby=date HTTP/1.1" 200 32588 "-" "Mozilla/5.0 (compatible; SemrushBot/7~bl; +http://www.semrush.com/bot.html)"
165.22.65.112 - - [03/Jun/2026:20:04:43 +0700] "POST /wp-login.php HTTP/1.1" 200 10624 "-" "Mozilla/5.0"
152.58.58.132 - - [03/Jun/2026:19:52:21 +0700] "POST /wp-admin/admin-ajax.php HTTP/2" 403 1242 "-" "Mozilla/5.0 (Windows NT 10.0; Win64; x64) AppleWebKit/537.36 (KHTML, like Gecko) Chrome/142.0.0.0 Safari/537.36"
152.58.58.132 - - [03/Jun/2026:19:52:21 +0700] "POST /xmlrpc.php HTTP/2" 403 1242 "-" "Mozilla/5.0 (Windows NT 10.0; Win64; x64) AppleWebKit/537.36 (KHTML, like Gecko) Chrome/142.0.0.0 Safari/537.36"
152.58.58.132 - - [03/Jun/2026:19:52:23 +0700] "POST /wp-admin/admin-ajax.php HTTP/2" 403 1242 "-" "Mozilla/5.0 (Windows NT 10.0; Win64; x64) AppleWebKit/537.36 (KHTML, like Gecko) Chrome/142.0.0.0 Safari/537.36"
152.58.58.132 - - [03/Jun/2026:19:52:24 +0700] "GET /wp-admin/customize.php HTTP/2" 200 365378 "-" "Mozilla/5.0 (Windows NT 10.0; Win64; x64) AppleWebKit/537.36 (KHTML, like Gecko) Chrome/142.0.0.0 Safari/537.36"
165.22.65.112 - - [03/Jun/2026:19:55:07 +0700] "POST /wp-login.php HTTP/1.1" 200 10624 "-" "Mozilla/5.0"
165.22.65.112 - - [03/Jun/2026:19:56:23 +0700] "POST /wp-login.php HTTP/1.1" 200 10624 "-" "Mozilla/5.0"
216.244.66.195 - - [03/Jun/2026:19:57:41 +0700] "GET /robots.txt HTTP/1.1" 200 269 "-" "Mozilla/5.0 (compatible; DotBot/1.2; +https://opensiteexplorer.org/dotbot; help@moz.com)"
165.22.65.112 - - [03/Jun/2026:19:59:49 +0700] "POST /wp-login.php HTTP/1.1" 200 10624 "-" "Mozilla/5.0"
165.22.65.112 - - [03/Jun/2026:19:59:49 +0700] "POST /wp-login.php HTTP/1.1" 200 10636 "-" "Mozilla/5.0"
139.162.49.171 - - [03/Jun/2026:20:01:42 +0700] "POST /wp-cron.php?doing_wp_cron=1780491702.2678000926971435546875 HTTP/1.1" 200 0 "-" "WordPress/7.0; https://sieuthibachviet.com"
85.208.96.196 - - [03/Jun/2026:20:01:44 +0700] "GET /product-category/tat-ca-san-pham/?filter_size=s%2Cxl%2Cm&orderby=popularity HTTP/1.1" 200 32522 "-" "Mozilla/5.0 (compatible; SemrushBot/7~bl; +http://www.semrush.com/bot.html)"
165.22.65.112 - - [03/Jun/2026:20:03:40 +0700] "POST /wp-login.php HTTP/1.1" 200 10624 "-" "Mozilla/5.0"
139.162.49.171 - - [03/Jun/2026:20:05:46 +0700] "POST /wp-cron.php?doing_wp_cron=1780491946.1598680019378662109375 HTTP/1.1" 200 0 "-" "WordPress/7.0; https://sieuthibachviet.com"
139.162.49.171 - - [03/Jun/2026:20:05:46 +0700] "POST /wp-cron.php?doing_wp_cron=1780491946.1597809791564941406250 HTTP/1.1" 200 0 "-" "WordPress/7.0; https://sieuthibachviet.com"
165.22.65.112 - - [03/Jun/2026:20:05:45 +0700] "POST /wp-login.php HTTP/1.1" 200 10624 "-" "Mozilla/5.0"
165.22.65.112 - - [03/Jun/2026:20:05:45 +0700] "POST /wp-login.php HTTP/1.1" 200 10636 "-" "Mozilla/5.0"
165.22.65.112 - - [03/Jun/2026:20:07:41 +0700] "POST /wp-login.php HTTP/1.1" 200 10624 "-" "Mozilla/5.0"
165.22.65.112 - - [03/Jun/2026:20:08:40 +0700] "POST /wp-login.php HTTP/1.1" 200 10636 "-" "Mozilla/5.0"
139.162.49.171 - - [03/Jun/2026:20:09:42 +0700] "POST /wp-cron.php?doing_wp_cron=1780492182.2160170078277587890625 HTTP/1.1" 200 0 "-" "WordPress/7.0; https://sieuthibachviet.com"
165.22.65.112 - - [03/Jun/2026:20:09:41 +0700] "POST /wp-login.php HTTP/1.1" 200 10624 "-" "Mozilla/5.0"
5.39.1.227 - - [03/Jun/2026:20:15:48 +0700] "GET /?action=yith-woocompare-add-product&id=5378 HTTP/2" 302 0 "-" "Mozilla/5.0 (compatible; AhrefsBot/7.0; +http://ahrefs.com/robot/)"
45.135.1.228 - - [03/Jun/2026:20:16:18 +0700] "GET /wp-login.php HTTP/2" 200 3126 "-" "Mozilla/5.0 (Windows NT 10.0; Win64; x64; rv:133.0) Gecko/20100101 Firefox/133.0"
192.252.210.233 - - [03/Jun/2026:20:16:50 +0700] "POST /xmlrpc.php HTTP/1.1" 403 1242 "-" "Mozilla/5.0 (Windows NT 10.0; Win64; x64; rv:133.0) Gecko/20100101 Firefox/133.0"
139.162.49.171 - - [03/Jun/2026:20:17:07 +0700] "POST /wp-cron.php?doing_wp_cron=1780492627.3799118995666503906250 HTTP/1.1" 200 0 "-" "WordPress/7.0; https://sieuthibachviet.com"
193.202.83.110 - - [03/Jun/2026:20:17:35 +0700] "POST /xmlrpc.php HTTP/2" 403 1242 "-" "Mozilla/5.0 (Windows NT 10.0; Win64; x64) AppleWebKit/537.36 (KHTML, like Gecko) Chrome/124.0.0.0 Safari/537.36"
165.22.65.112 - - [03/Jun/2026:20:06:43 +0700] "POST /wp-login.php HTTP/1.1" 200 10624 "-" "Mozilla/5.0"
165.22.65.112 - - [03/Jun/2026:20:06:43 +0700] "POST /wp-login.php HTTP/1.1" 200 10636 "-" "Mozilla/5.0"
165.22.65.112 - - [03/Jun/2026:20:07:41 +0700] "POST /wp-login.php HTTP/1.1" 200 10636 "-" "Mozilla/5.0"
51.75.236.154 - - [03/Jun/2026:20:08:32 +0700] "GET /?action=yith-woocompare-add-product&id=5376 HTTP/2" 302 0 "-" "Mozilla/5.0 (compatible; AhrefsBot/7.0; +http://ahrefs.com/robot/)"
139.162.49.171 - - [03/Jun/2026:20:10:45 +0700] "POST /wp-cron.php?doing_wp_cron=1780492244.8218219280242919921875 HTTP/1.1" 200 0 "-" "WordPress/7.0; https://sieuthibachviet.com"
185.191.171.11 - - [03/Jun/2026:20:11:11 +0700] "GET /shopping/?filter_size=m%2Cxl%2Cs HTTP/1.1" 200 32460 "-" "Mozilla/5.0 (compatible; SemrushBot/7~bl; +http://www.semrush.com/bot.html)"
216.244.66.195 - - [03/Jun/2026:20:12:46 +0700] "GET /shopping/?orderby=price&add-to-cart=5519 HTTP/1.1" 302 0 "-" "Mozilla/5.0 (compatible; DotBot/1.2; +https://opensiteexplorer.org/dotbot; help@moz.com)"
139.162.49.171 - - [03/Jun/2026:20:15:51 +0700] "POST /wp-cron.php?doing_wp_cron=1780492551.0355350971221923828125 HTTP/1.1" 200 0 "-" "WordPress/7.0; https://sieuthibachviet.com"
45.135.1.228 - - [03/Jun/2026:20:17:06 +0700] "GET /wp-login.php HTTP/2" 200 3126 "-" "Mozilla/5.0 (Macintosh; Intel Mac OS X 10_15_7) AppleWebKit/605.1.15 (KHTML, like Gecko) Version/18.0 Safari/605.1.15"
45.135.1.228 - - [03/Jun/2026:20:17:07 +0700] "POST /wp-login.php HTTP/2" 302 0 "https://sieuthibachviet.com/wp-login.php" "Mozilla/5.0 (Macintosh; Intel Mac OS X 10_15_7) AppleWebKit/605.1.15 (KHTML, like Gecko) Version/18.0 Safari/605.1.15"
45.135.1.228 - - [03/Jun/2026:20:17:08 +0700] "GET /wp-admin/ HTTP/2" 200 94994 "https://sieuthibachviet.com/wp-login.php" "Mozilla/5.0 (Macintosh; Intel Mac OS X 10_15_7) AppleWebKit/605.1.15 (KHTML, like Gecko) Version/18.0 Safari/605.1.15"
45.135.1.228 - - [03/Jun/2026:20:17:16 +0700] "GET /wp-admin/admin-ajax.php?action=rest-nonce HTTP/2" 200 14 "-" "Mozilla/5.0 (Macintosh; Intel Mac OS X 10_15_7) AppleWebKit/605.1.15 (KHTML, like Gecko) Version/18.0 Safari/605.1.15"
45.135.1.228 - - [03/Jun/2026:20:17:17 +0700] "GET /wp-json/wp/v2/users/me HTTP/2" 200 609 "-" "Mozilla/5.0 (Macintosh; Intel Mac OS X 10_15_7) AppleWebKit/605.1.15 (KHTML, like Gecko) Version/18.0 Safari/605.1.15"
45.135.1.228 - - [03/Jun/2026:20:17:18 +0700] "GET /wp-admin/plugin-install.php HTTP/2" 200 84047 "-" "Mozilla/5.0 (Macintosh; Intel Mac OS X 10_15_7) AppleWebKit/605.1.15 (KHTML, like Gecko) Version/18.0 Safari/605.1.15"
45.135.1.228 - - [03/Jun/2026:20:17:23 +0700] "POST /wp-admin/update.php?action=upload-plugin HTTP/2" 403 1242 "https://sieuthibachviet.com/wp-admin/update.php?action=upload-plugin" "Mozilla/5.0 (Macintosh; Intel Mac OS X 10_15_7) AppleWebKit/605.1.15 (KHTML, like Gecko) Version/18.0 Safari/605.1.15"
45.135.1.228 - - [03/Jun/2026:20:17:23 +0700] "GET /wp-admin/admin.php?page=wc-reports&range=last_month HTTP/2" 200 234692 "-" "Mozilla/5.0 (Macintosh; Intel Mac OS X 10_15_7) AppleWebKit/605.1.15 (KHTML, like Gecko) Version/18.0 Safari/605.1.15"
45.135.1.228 - - [03/Jun/2026:20:17:26 +0700] "GET /wp-admin/admin.php?page=wc-orders HTTP/2" 301 0 "-" "Mozilla/5.0 (Macintosh; Intel Mac OS X 10_15_7) AppleWebKit/605.1.15 (KHTML, like Gecko) Version/18.0 Safari/605.1.15"
45.135.1.228 - - [03/Jun/2026:20:17:27 +0700] "GET /wp-admin/edit.php?post_type=shop_order HTTP/2" 200 260989 "-" "Mozilla/5.0 (Macintosh; Intel Mac OS X 10_15_7) AppleWebKit/605.1.15 (KHTML, like Gecko) Version/18.0 Safari/605.1.15"
45.135.1.228 - - [03/Jun/2026:20:17:29 +0700] "POST /xmlrpc.php HTTP/2" 403 1242 "-" "Mozilla/5.0 (Windows NT 10.0; Win64; x64; rv:133.0) Gecko/20100101 Firefox/133.0"
45.135.1.228 - - [03/Jun/2026:20:17:47 +0700] "GET /wp-login.php HTTP/2" 200 3126 "-" "Mozilla/5.0 (Macintosh; Intel Mac OS X 10_15_7) AppleWebKit/605.1.15 (KHTML, like Gecko) Version/18.0 Safari/605.1.15"
139.162.49.171 - - [03/Jun/2026:19:57:11 +0700] "POST /wp-cron.php?doing_wp_cron=1780491431.6959528923034667968750 HTTP/1.1" 200 0 "-" "WordPress/7.0; https://sieuthibachviet.com"
165.22.65.112 - - [03/Jun/2026:19:58:02 +0700] "POST /wp-login.php HTTP/1.1" 200 10636 "-" "Mozilla/5.0"
165.22.65.112 - - [03/Jun/2026:19:58:02 +0700] "POST /wp-login.php HTTP/1.1" 200 10624 "-" "Mozilla/5.0"
165.22.65.112 - - [03/Jun/2026:19:58:55 +0700] "POST /wp-login.php HTTP/1.1" 200 10624 "-" "Mozilla/5.0"
165.22.65.112 - - [03/Jun/2026:19:58:55 +0700] "POST /wp-login.php HTTP/1.1" 200 10636 "-" "Mozilla/5.0"
85.208.96.206 - - [03/Jun/2026:19:59:08 +0700] "GET /product-category/thoi-trang/?filter_size=l%2Cs%2Cm&orderby=date HTTP/1.1" 200 32582 "-" "Mozilla/5.0 (compatible; SemrushBot/7~bl; +http://www.semrush.com/bot.html)"
139.162.49.171 - - [03/Jun/2026:19:59:49 +0700] "POST /wp-cron.php?doing_wp_cron=1780491589.7562348842620849609375 HTTP/1.1" 200 0 "-" "WordPress/7.0; https://sieuthibachviet.com"
165.22.65.112 - - [03/Jun/2026:20:01:41 +0700] "POST /wp-login.php HTTP/1.1" 200 10624 "-" "Mozilla/5.0"
165.22.65.112 - - [03/Jun/2026:20:01:41 +0700] "POST /wp-login.php HTTP/1.1" 200 10636 "-" "Mozilla/5.0"
165.22.65.112 - - [03/Jun/2026:20:02:40 +0700] "POST /wp-login.php HTTP/1.1" 200 10624 "-" "Mozilla/5.0"
165.22.65.112 - - [03/Jun/2026:20:04:43 +0700] "POST /wp-login.php HTTP/1.1" 200 10636 "-" "Mozilla/5.0"
139.162.49.171 - - [03/Jun/2026:20:04:44 +0700] "POST /wp-cron.php?doing_wp_cron=1780491883.9022150039672851562500 HTTP/1.1" 200 0 "-" "WordPress/7.0; https://sieuthibachviet.com"
139.162.49.171 - - [03/Jun/2026:20:07:42 +0700] "POST /wp-cron.php?doing_wp_cron=1780492061.7736949920654296875000 HTTP/1.1" 200 0 "-" "WordPress/7.0; https://sieuthibachviet.com"
94.23.188.196 - - [03/Jun/2026:20:08:30 +0700] "GET /robots.txt HTTP/2" 200 143 "-" "Mozilla/5.0 (compatible; AhrefsBot/7.0; +http://ahrefs.com/robot/)"
216.244.66.195 - - [03/Jun/2026:20:12:33 +0700] "GET /shopping/?orderby=date&add-to-cart=5557 HTTP/1.1" 302 0 "-" "Mozilla/5.0 (compatible; DotBot/1.2; +https://opensiteexplorer.org/dotbot; help@moz.com)"
139.162.49.171 - - [03/Jun/2026:20:14:08 +0700] "POST /wp-cron.php?doing_wp_cron=1780492448.6610119342803955078125 HTTP/1.1" 200 0 "-" "WordPress/7.0; https://sieuthibachviet.com"
185.191.171.2 - - [03/Jun/2026:20:14:06 +0700] "GET /chinh-sach-boi-hoan/ HTTP/1.1" 200 30535 "-" "Mozilla/5.0 (compatible; SemrushBot/7~bl; +http://www.semrush.com/bot.html)"
45.88.13.96 - - [03/Jun/2026:20:17:30 +0700] "POST /xmlrpc.php HTTP/2" 403 1242 "-" "Mozilla/5.0 (Windows NT 10.0; Win64; x64; rv:133.0) Gecko/20100101 Firefox/133.0"
184.181.217.194 - - [03/Jun/2026:20:17:46 +0700] "POST /xmlrpc.php HTTP/1.1" 403 1242 "-" "Mozilla/5.0 (Windows NT 10.0; Win64; x64) AppleWebKit/537.36 (KHTML, like Gecko) Chrome/124.0.0.0 Safari/537.36"
155.212.108.172 - - [03/Jun/2026:20:18:06 +0700] "POST /xmlrpc.php HTTP/2" 403 1242 "-" "Mozilla/5.0 (Windows NT 10.0; Win64; x64) AppleWebKit/537.36 (KHTML, like Gecko) Chrome/124.0.0.0 Safari/537.36"
45.148.124.34 - - [03/Jun/2026:20:18:16 +0700] "GET /wp-login.php HTTP/2" 200 3126 "-" "Mozilla/5.0 (Windows NT 10.0; Win64; x64; rv:133.0) Gecko/20100101 Firefox/133.0"
45.148.124.34 - - [03/Jun/2026:20:18:17 +0700] "POST /wp-login.php HTTP/2" 302 0 "https://sieuthibachviet.com/wp-login.php" "Mozilla/5.0 (Windows NT 10.0; Win64; x64; rv:133.0) Gecko/20100101 Firefox/133.0"
45.148.124.34 - - [03/Jun/2026:20:18:17 +0700] "GET /wp-admin/ HTTP/2" 200 94779 "https://sieuthibachviet.com/wp-login.php" "Mozilla/5.0 (Windows NT 10.0; Win64; x64; rv:133.0) Gecko/20100101 Firefox/133.0"
45.148.124.34 - - [03/Jun/2026:20:18:20 +0700] "GET /wp-admin/admin-ajax.php?action=rest-nonce HTTP/2" 200 14 "-" "Mozilla/5.0 (Windows NT 10.0; Win64; x64; rv:133.0) Gecko/20100101 Firefox/133.0"
45.148.124.34 - - [03/Jun/2026:20:18:21 +0700] "GET /wp-json/wp/v2/users/me HTTP/2" 200 632 "-" "Mozilla/5.0 (Windows NT 10.0; Win64; x64; rv:133.0) Gecko/20100101 Firefox/133.0"
165.22.65.112 - - [03/Jun/2026:20:00:44 +0700] "POST /wp-login.php HTTP/1.1" 200 10636 "-" "Mozilla/5.0"
139.162.49.171 - - [03/Jun/2026:20:01:42 +0700] "POST /wp-cron.php?doing_wp_cron=1780491702.2675480842590332031250 HTTP/1.1" 200 0 "-" "WordPress/7.0; https://sieuthibachviet.com"
139.162.49.171 - - [03/Jun/2026:20:02:41 +0700] "POST /wp-cron.php?doing_wp_cron=1780491761.0275359153747558593750 HTTP/1.1" 200 0 "-" "WordPress/7.0; https://sieuthibachviet.com"
139.162.49.171 - - [03/Jun/2026:20:03:41 +0700] "POST /wp-cron.php?doing_wp_cron=1780491821.3587689399719238281250 HTTP/1.1" 200 0 "-" "WordPress/7.0; https://sieuthibachviet.com"
165.22.65.112 - - [03/Jun/2026:20:03:40 +0700] "POST /wp-login.php HTTP/1.1" 200 10636 "-" "Mozilla/5.0"
139.162.49.171 - - [03/Jun/2026:20:06:44 +0700] "POST /wp-cron.php?doing_wp_cron=1780492004.2630341053009033203125 HTTP/1.1" 200 0 "-" "WordPress/7.0; https://sieuthibachviet.com"
165.22.65.112 - - [03/Jun/2026:20:08:40 +0700] "POST /wp-login.php HTTP/1.1" 200 10624 "-" "Mozilla/5.0"
139.162.49.171 - - [03/Jun/2026:20:08:40 +0700] "POST /wp-cron.php?doing_wp_cron=1780492120.7123229503631591796875 HTTP/1.1" 200 0 "-" "WordPress/7.0; https://sieuthibachviet.com"
165.22.65.112 - - [03/Jun/2026:20:09:41 +0700] "POST /wp-login.php HTTP/1.1" 200 10636 "-" "Mozilla/5.0"
165.22.65.112 - - [03/Jun/2026:20:10:44 +0700] "POST /wp-login.php HTTP/1.1" 200 10636 "-" "Mozilla/5.0"
165.22.65.112 - - [03/Jun/2026:20:10:44 +0700] "POST /wp-login.php HTTP/1.1" 200 10624 "-" "Mozilla/5.0"
139.162.49.171 - - [03/Jun/2026:20:12:35 +0700] "POST /wp-cron.php?doing_wp_cron=1780492355.4127271175384521484375 HTTP/1.1" 200 0 "-" "WordPress/7.0; https://sieuthibachviet.com"
139.162.49.171 - - [03/Jun/2026:20:12:47 +0700] "POST /wp-cron.php?doing_wp_cron=1780492367.0869419574737548828125 HTTP/1.1" 200 0 "-" "WordPress/7.0; https://sieuthibachviet.com"
45.135.1.228 - - [03/Jun/2026:20:16:20 +0700] "POST /xmlrpc.php HTTP/2" 403 1242 "-" "Mozilla/5.0 (Macintosh; Intel Mac OS X 10_15_7) AppleWebKit/605.1.15 (KHTML, like Gecko) Version/18.0 Safari/605.1.15"
193.203.8.215 - - [03/Jun/2026:20:18:01 +0700] "POST /xmlrpc.php HTTP/2" 403 1242 "-" "Mozilla/5.0 (Windows NT 10.0; Win64; x64; rv:133.0) Gecko/20100101 Firefox/133.0"
83.142.55.38 - - [03/Jun/2026:20:18:04 +0700] "POST /xmlrpc.php HTTP/2" 403 1242 "-" "Mozilla/5.0 (Macintosh; Intel Mac OS X 10_15_7) AppleWebKit/605.1.15 (KHTML, like Gecko) Version/18.0 Safari/605.1.15"
94.23.188.201 - - [03/Jun/2026:20:22:21 +0700] "GET /?action=yith-woocompare-add-product&id=5314 HTTP/2" 302 0 "-" "Mozilla/5.0 (compatible; AhrefsBot/7.0; +http://ahrefs.com/robot/)"
92.222.108.101 - - [03/Jun/2026:20:28:03 +0700] "GET /?action=yith-woocompare-add-product&id=5483 HTTP/2" 302 0 "-" "Mozilla/5.0 (compatible; AhrefsBot/7.0; +http://ahrefs.com/robot/)"
139.162.49.171 - - [03/Jun/2026:20:40:27 +0700] "POST /wp-cron.php?doing_wp_cron=1780494027.5071299076080322265625 HTTP/1.1" 200 0 "-" "WordPress/7.0; https://sieuthibachviet.com"
85.208.96.207 - - [03/Jun/2026:20:40:25 +0700] "GET /robots.txt HTTP/1.1" 200 162 "-" "Mozilla/5.0 (compatible; SemrushBot/7~bl; +http://www.semrush.com/bot.html)"
185.191.171.11 - - [03/Jun/2026:20:40:29 +0700] "GET /product-category/do-gia-dung/page/3/ HTTP/1.1" 200 32096 "-" "Mozilla/5.0 (compatible; SemrushBot/7~bl; +http://www.semrush.com/bot.html)"
139.162.49.171 - - [03/Jun/2026:20:42:33 +0700] "POST /wp-cron.php?doing_wp_cron=1780494152.8357770442962646484375 HTTP/1.1" 200 0 "-" "WordPress/7.0; https://sieuthibachviet.com"
139.162.49.171 - - [03/Jun/2026:20:52:02 +0700] "POST /wp-cron.php?doing_wp_cron=1780494722.4363439083099365234375 HTTP/1.1" 200 0 "-" "WordPress/7.0; https://sieuthibachviet.com"
85.208.96.206 - - [03/Jun/2026:20:52:56 +0700] "GET /product-category/tat-ca-san-pham/page/8/?orderby=date HTTP/1.1" 200 35036 "-" "Mozilla/5.0 (compatible; SemrushBot/7~bl; +http://www.semrush.com/bot.html)"
45.135.1.228 - - [03/Jun/2026:20:17:47 +0700] "POST /wp-login.php HTTP/2" 302 0 "https://sieuthibachviet.com/wp-login.php" "Mozilla/5.0 (Macintosh; Intel Mac OS X 10_15_7) AppleWebKit/605.1.15 (KHTML, like Gecko) Version/18.0 Safari/605.1.15"
45.135.1.228 - - [03/Jun/2026:20:17:48 +0700] "GET /wp-admin/ HTTP/2" 200 94770 "https://sieuthibachviet.com/wp-login.php" "Mozilla/5.0 (Macintosh; Intel Mac OS X 10_15_7) AppleWebKit/605.1.15 (KHTML, like Gecko) Version/18.0 Safari/605.1.15"
45.135.1.228 - - [03/Jun/2026:20:17:50 +0700] "GET /wp-admin/admin-ajax.php?action=rest-nonce HTTP/2" 200 14 "-" "Mozilla/5.0 (Macintosh; Intel Mac OS X 10_15_7) AppleWebKit/605.1.15 (KHTML, like Gecko) Version/18.0 Safari/605.1.15"
45.135.1.228 - - [03/Jun/2026:20:17:51 +0700] "GET /wp-json/wp/v2/users/me HTTP/2" 200 632 "-" "Mozilla/5.0 (Macintosh; Intel Mac OS X 10_15_7) AppleWebKit/605.1.15 (KHTML, like Gecko) Version/18.0 Safari/605.1.15"
45.135.1.228 - - [03/Jun/2026:20:17:51 +0700] "GET /wp-admin/plugin-install.php HTTP/2" 200 83620 "-" "Mozilla/5.0 (Macintosh; Intel Mac OS X 10_15_7) AppleWebKit/605.1.15 (KHTML, like Gecko) Version/18.0 Safari/605.1.15"
45.135.1.228 - - [03/Jun/2026:20:17:54 +0700] "POST /wp-admin/update.php?action=upload-plugin HTTP/2" 403 1242 "https://sieuthibachviet.com/wp-admin/update.php?action=upload-plugin" "Mozilla/5.0 (Macintosh; Intel Mac OS X 10_15_7) AppleWebKit/605.1.15 (KHTML, like Gecko) Version/18.0 Safari/605.1.15"
45.135.1.228 - - [03/Jun/2026:20:17:55 +0700] "POST /xmlrpc.php HTTP/2" 403 1242 "-" "Mozilla/5.0 (Windows NT 10.0; Win64; x64) AppleWebKit/537.36 (KHTML, like Gecko) Chrome/124.0.0.0 Safari/537.36"
185.191.171.9 - - [03/Jun/2026:20:29:50 +0700] "GET /product-category/thoi-trang/?filter_size=m%2Cl%2Cxl&orderby=price-desc HTTP/1.1" 200 32747 "-" "Mozilla/5.0 (compatible; SemrushBot/7~bl; +http://www.semrush.com/bot.html)"
216.244.66.195 - - [03/Jun/2026:20:42:30 +0700] "GET /robots.txt HTTP/1.1" 200 269 "-" "Mozilla/5.0 (compatible; DotBot/1.2; +https://opensiteexplorer.org/dotbot; help@moz.com)"
139.162.49.171 - - [03/Jun/2026:20:43:31 +0700] "POST /wp-cron.php?doing_wp_cron=1780494211.0408589839935302734375 HTTP/1.1" 200 0 "-" "WordPress/7.0; https://sieuthibachviet.com"
176.31.139.2 - - [03/Jun/2026:20:46:17 +0700] "GET /?action=yith-woocompare-add-product&id=5489 HTTP/2" 302 0 "-" "Mozilla/5.0 (compatible; AhrefsBot/7.0; +http://ahrefs.com/robot/)"
52.167.144.222 - - [03/Jun/2026:20:48:47 +0700] "GET /wp-content/uploads/2024/09/sato-bn32-1.jpg HTTP/2" 200 1609109 "-" "Mozilla/5.0 AppleWebKit/537.36 (KHTML, like Gecko; compatible; bingbot/2.0; +http://www.bing.com/bingbot.htm) Chrome/116.0.1938.76 Safari/537.36"
66.249.74.101 - - [03/Jun/2026:20:52:00 +0700] "GET /robots.txt HTTP/1.1" 200 143 "-" "Mozilla/5.0 (compatible; Googlebot/2.1; +http://www.google.com/bot.html)"
66.249.71.64 - - [03/Jun/2026:20:53:35 +0700] "GET /wp-content/themes/martfury/js/scripts.js?ver=20201224 HTTP/1.1" 200 17753 "https://sieuthibachviet.com/cong-ty-tnhh-toc-bach-viet/" "Mozilla/5.0 (Linux; Android 6.0.1; Nexus 5X Build/MMB29P) AppleWebKit/537.36 (KHTML, like Gecko) Chrome/148.0.7778.96 Mobile Safari/537.36 (compatible; Googlebot/2.1; +http://www.google.com/bot.html)"
66.249.71.64 - - [03/Jun/2026:20:53:36 +0700] "GET /wp-content/plugins/woocommerce/assets/js/js-cookie/js.cookie.js?ver=2.1.4-wc.9.4.5 HTTP/1.1" 200 1319 "https://sieuthibachviet.com/cong-ty-tnhh-toc-bach-viet/" "Mozilla/5.0 (Linux; Android 6.0.1; Nexus 5X Build/MMB29P) AppleWebKit/537.36 (KHTML, like Gecko) Chrome/148.0.7778.96 Mobile Safari/537.36 (compatible; Googlebot/2.1; +http://www.google.com/bot.html)"
139.162.49.171 - - [03/Jun/2026:20:55:05 +0700] "POST /wp-cron.php?doing_wp_cron=1780494905.3687930107116699218750 HTTP/1.1" 200 0 "-" "WordPress/7.0; https://sieuthibachviet.com"
216.244.66.195 - - [03/Jun/2026:20:58:58 +0700] "GET /shopping/?orderby=date&add-to-cart=5456 HTTP/1.1" 302 0 "-" "Mozilla/5.0 (compatible; DotBot/1.2; +https://opensiteexplorer.org/dotbot; help@moz.com)"
216.244.66.195 - - [03/Jun/2026:20:59:06 +0700] "GET /shopping/?orderby=date&add-to-cart=5575 HTTP/1.1" 302 0 "-" "Mozilla/5.0 (compatible; DotBot/1.2; +https://opensiteexplorer.org/dotbot; help@moz.com)"
216.244.66.195 - - [03/Jun/2026:20:59:13 +0700] "GET /shopping/?orderby=rating&add-to-cart=4980 HTTP/1.1" 302 0 "-" "Mozilla/5.0 (compatible; DotBot/1.2; +https://opensiteexplorer.org/dotbot; help@moz.com)"
139.162.49.171 - - [03/Jun/2026:21:05:03 +0700] "POST /wp-cron.php?doing_wp_cron=1780495502.8615589141845703125000 HTTP/1.1" 200 0 "-" "WordPress/7.0; https://sieuthibachviet.com"
85.208.96.210 - - [03/Jun/2026:21:09:49 +0700] "GET /product-category/tat-ca-san-pham/?filter_size=xl%2Cs HTTP/1.1" 200 32484 "-" "Mozilla/5.0 (compatible; SemrushBot/7~bl; +http://www.semrush.com/bot.html)"
139.162.49.171 - - [03/Jun/2026:21:15:26 +0700] "POST /wp-cron.php?doing_wp_cron=1780496126.0822360515594482421875 HTTP/1.1" 200 0 "-" "WordPress/7.0; https://sieuthibachviet.com"
185.191.171.19 - - [03/Jun/2026:21:15:23 +0700] "GET /shopping/?filter_size=xl%2Cm%2Cs&orderby=popularity HTTP/1.1" 200 32481 "-" "Mozilla/5.0 (compatible; SemrushBot/7~bl; +http://www.semrush.com/bot.html)"
139.162.49.171 - - [03/Jun/2026:20:17:47 +0700] "POST /wp-cron.php?doing_wp_cron=1780492667.6411979198455810546875 HTTP/1.1" 200 0 "-" "WordPress/7.0; https://sieuthibachviet.com"
139.162.49.171 - - [03/Jun/2026:20:29:53 +0700] "POST /wp-cron.php?doing_wp_cron=1780493392.9662480354309082031250 HTTP/1.1" 200 0 "-" "WordPress/7.0; https://sieuthibachviet.com"
139.162.49.171 - - [03/Jun/2026:20:38:12 +0700] "POST /wp-cron.php?doing_wp_cron=1780493892.5064029693603515625000 HTTP/1.1" 200 0 "-" "WordPress/7.0; https://sieuthibachviet.com"
52.167.144.59 - - [03/Jun/2026:20:43:30 +0700] "GET /robots.txt HTTP/2" 200 143 "-" "Mozilla/5.0 AppleWebKit/537.36 (KHTML, like Gecko; compatible; bingbot/2.0; +http://www.bing.com/bingbot.htm) Chrome/116.0.1938.76 Safari/537.36"
139.162.49.171 - - [03/Jun/2026:20:46:19 +0700] "POST /wp-cron.php?doing_wp_cron=1780494378.9943668842315673828125 HTTP/1.1" 200 0 "-" "WordPress/7.0; https://sieuthibachviet.com"
66.249.71.65 - - [03/Jun/2026:20:52:10 +0700] "GET /san-pham/noi-com-dien-12a032/ HTTP/1.1" 200 28580 "-" "Mozilla/5.0 (Linux; Android 6.0.1; Nexus 5X Build/MMB29P) AppleWebKit/537.36 (KHTML, like Gecko) Chrome/148.0.7778.96 Mobile Safari/537.36 (compatible; Googlebot/2.1; +http://www.google.com/bot.html)"
139.162.49.171 - - [03/Jun/2026:20:52:57 +0700] "POST /wp-cron.php?doing_wp_cron=1780494777.3126780986785888671875 HTTP/1.1" 200 0 "-" "WordPress/7.0; https://sieuthibachviet.com"
185.191.171.16 - - [03/Jun/2026:20:55:03 +0700] "GET /shopping/?filter_size=m%2Cs%2Cl%2Cxl&orderby=popularity HTTP/1.1" 200 32490 "-" "Mozilla/5.0 (compatible; SemrushBot/7~bl; +http://www.semrush.com/bot.html)"
185.191.171.18 - - [03/Jun/2026:20:57:24 +0700] "GET /product-category/thoi-trang/?filter_size=s%2Cl&orderby=popularity HTTP/1.1" 200 32595 "-" "Mozilla/5.0 (compatible; SemrushBot/7~bl; +http://www.semrush.com/bot.html)"
216.244.66.195 - - [03/Jun/2026:20:59:20 +0700] "GET /shopping/?orderby=rating&add-to-cart=5246 HTTP/1.1" 302 0 "-" "Mozilla/5.0 (compatible; DotBot/1.2; +https://opensiteexplorer.org/dotbot; help@moz.com)"
139.162.49.171 - - [03/Jun/2026:21:09:52 +0700] "POST /wp-cron.php?doing_wp_cron=1780495792.1620850563049316406250 HTTP/1.1" 200 0 "-" "WordPress/7.0; https://sieuthibachviet.com"
66.249.74.101 - - [03/Jun/2026:20:53:09 +0700] "GET /cong-ty-tnhh-toc-bach-viet/ HTTP/1.1" 200 23825 "-" "Mozilla/5.0 (Linux; Android 6.0.1; Nexus 5X Build/MMB29P) AppleWebKit/537.36 (KHTML, like Gecko) Chrome/148.0.7778.96 Mobile Safari/537.36 (compatible; Googlebot/2.1; +http://www.google.com/bot.html)"
139.162.49.171 - - [03/Jun/2026:20:58:50 +0700] "POST /wp-cron.php?doing_wp_cron=1780495130.1321649551391601562500 HTTP/1.1" 200 0 "-" "WordPress/7.0; https://sieuthibachviet.com"
216.244.66.195 - - [03/Jun/2026:20:58:48 +0700] "GET /shopping/?orderby=date&add-to-cart=5285 HTTP/1.1" 302 0 "-" "Mozilla/5.0 (compatible; DotBot/1.2; +https://opensiteexplorer.org/dotbot; help@moz.com)"
185.191.171.3 - - [03/Jun/2026:21:05:00 +0700] "GET /san-pham/may-hut-mui-hm027-b/ HTTP/1.1" 200 35514 "-" "Mozilla/5.0 (compatible; SemrushBot/7~bl; +http://www.semrush.com/bot.html)"
139.162.49.171 - - [03/Jun/2026:21:19:28 +0700] "POST /wp-cron.php?doing_wp_cron=1780496368.2219920158386230468750 HTTP/1.1" 200 0 "-" "WordPress/7.0; https://sieuthibachviet.com"
85.208.96.204 - - [03/Jun/2026:21:19:25 +0700] "GET /shopping/?filter_size=l%2Cs HTTP/1.1" 200 32458 "-" "Mozilla/5.0 (compatible; SemrushBot/7~bl; +http://www.semrush.com/bot.html)"
45.148.124.34 - - [03/Jun/2026:20:18:22 +0700] "GET /wp-admin/plugin-install.php HTTP/2" 200 83595 "-" "Mozilla/5.0 (Windows NT 10.0; Win64; x64; rv:133.0) Gecko/20100101 Firefox/133.0"
45.148.124.34 - - [03/Jun/2026:20:18:24 +0700] "POST /wp-admin/update.php?action=upload-plugin HTTP/2" 403 1242 "https://sieuthibachviet.com/wp-admin/update.php?action=upload-plugin" "Mozilla/5.0 (Windows NT 10.0; Win64; x64; rv:133.0) Gecko/20100101 Firefox/133.0"
139.162.49.171 - - [03/Jun/2026:20:22:24 +0700] "POST /wp-cron.php?doing_wp_cron=1780492943.8897240161895751953125 HTTP/1.1" 200 0 "-" "WordPress/7.0; https://sieuthibachviet.com"
139.162.49.171 - - [03/Jun/2026:20:28:05 +0700] "POST /wp-cron.php?doing_wp_cron=1780493285.5723669528961181640625 HTTP/1.1" 200 0 "-" "WordPress/7.0; https://sieuthibachviet.com"
54.37.118.70 - - [03/Jun/2026:20:38:10 +0700] "GET /?action=yith-woocompare-add-product&id=5374 HTTP/2" 302 0 "-" "Mozilla/5.0 (compatible; AhrefsBot/7.0; +http://ahrefs.com/robot/)"
