178.20.210.57 - - [04/Jun/2026:09:24:49 +0700] "GET / HTTP/1.1" 200 30197 "-" "Mozilla/5.0 (X11; Linux x86_64) AppleWebKit/537.36 (KHTML, like Gecko) Chrome/148.0.0.0 Safari/537.36"
178.20.210.57 - - [04/Jun/2026:09:24:53 +0700] "GET /forgot_password/ HTTP/1.1" 301 0 "-" "Mozilla/5.0 (X11; Linux x86_64) AppleWebKit/537.36 (KHTML, like Gecko) Chrome/148.0.0.0 Safari/537.36"
178.20.210.57 - - [04/Jun/2026:09:24:53 +0700] "GET / HTTP/1.1" 200 30201 "-" "Mozilla/5.0 (X11; Linux x86_64) AppleWebKit/537.36 (KHTML, like Gecko) Chrome/148.0.0.0 Safari/537.36"
178.20.210.57 - - [04/Jun/2026:09:24:55 +0700] "GET / HTTP/1.1" 200 30197 "-" "Mozilla/5.0 (X11; Linux x86_64) AppleWebKit/537.36 (KHTML, like Gecko) Chrome/148.0.0.0 Safari/537.36"
178.20.210.57 - - [04/Jun/2026:09:25:00 +0700] "GET /wp-content/plugins/wp-helper-lite/assets/frontend/css/app.css/ HTTP/1.1" 404 1251 "-" "Mozilla/5.0 (X11; Linux x86_64) AppleWebKit/537.36 (KHTML, like Gecko) Chrome/148.0.0.0 Safari/537.36"
178.20.210.57 - - [04/Jun/2026:09:25:00 +0700] "GET /wp-content/plugins/wcboost-variation-swatches/assets/css/frontend.css/ HTTP/1.1" 404 1251 "-" "Mozilla/5.0 (X11; Linux x86_64) AppleWebKit/537.36 (KHTML, like Gecko) Chrome/148.0.0.0 Safari/537.36"
178.20.210.57 - - [04/Jun/2026:09:25:00 +0700] "GET /wp-content/plugins/yith-woocommerce-wishlist/assets/css/jquery.selectBox.css/ HTTP/1.1" 404 1251 "-" "Mozilla/5.0 (X11; Linux x86_64) AppleWebKit/537.36 (KHTML, like Gecko) Chrome/148.0.0.0 Safari/537.36"
178.20.210.57 - - [04/Jun/2026:09:25:01 +0700] "GET /wp-content/plugins/yith-woocommerce-wishlist/assets/css/style.css/ HTTP/1.1" 404 1251 "-" "Mozilla/5.0 (X11; Linux x86_64) AppleWebKit/537.36 (KHTML, like Gecko) Chrome/148.0.0.0 Safari/537.36"
178.20.210.57 - - [04/Jun/2026:09:25:01 +0700] "GET /wp-content/themes/martfury/css/ionicons.min.css/ HTTP/1.1" 404 1251 "-" "Mozilla/5.0 (X11; Linux x86_64) AppleWebKit/537.36 (KHTML, like Gecko) Chrome/148.0.0.0 Safari/537.36"
178.20.210.57 - - [04/Jun/2026:09:25:03 +0700] "GET /wp-content/plugins/elementor/assets/lib/eicons/css/elementor-icons.css/ HTTP/1.1" 404 1251 "-" "Mozilla/5.0 (X11; Linux x86_64) AppleWebKit/537.36 (KHTML, like Gecko) Chrome/148.0.0.0 Safari/537.36"
178.20.210.57 - - [04/Jun/2026:09:25:04 +0700] "GET /wp-content/plugins/elementor/assets/css/widget-heading.min.css/ HTTP/1.1" 404 1251 "-" "Mozilla/5.0 (X11; Linux x86_64) AppleWebKit/537.36 (KHTML, like Gecko) Chrome/148.0.0.0 Safari/537.36"
178.20.210.57 - - [04/Jun/2026:09:25:04 +0700] "GET /wp-content/plugins/elementor/assets/lib/font-awesome/css/solid.css/ HTTP/1.1" 404 1251 "-" "Mozilla/5.0 (X11; Linux x86_64) AppleWebKit/537.36 (KHTML, like Gecko) Chrome/148.0.0.0 Safari/537.36"
178.20.210.57 - - [04/Jun/2026:09:25:02 +0700] "GET /wp-content/themes/martfury/css/bootstrap.min.css/ HTTP/1.1" 404 1251 "-" "Mozilla/5.0 (X11; Linux x86_64) AppleWebKit/537.36 (KHTML, like Gecko) Chrome/148.0.0.0 Safari/537.36"
178.20.210.57 - - [04/Jun/2026:09:25:02 +0700] "GET /wp-content/themes/martfury/style.css/ HTTP/1.1" 404 1251 "-" "Mozilla/5.0 (X11; Linux x86_64) AppleWebKit/537.36 (KHTML, like Gecko) Chrome/148.0.0.0 Safari/537.36"
178.20.210.57 - - [04/Jun/2026:09:25:02 +0700] "GET /wp-content/plugins/woocommerce/assets/css/photoswipe/photoswipe.min.css/ HTTP/1.1" 404 1251 "-" "Mozilla/5.0 (X11; Linux x86_64) AppleWebKit/537.36 (KHTML, like Gecko) Chrome/148.0.0.0 Safari/537.36"
178.20.210.57 - - [04/Jun/2026:09:25:02 +0700] "GET /wp-content/plugins/woocommerce/assets/css/photoswipe/default-skin/default-skin.min.css/ HTTP/1.1" 404 1251 "-" "Mozilla/5.0 (X11; Linux x86_64) AppleWebKit/537.36 (KHTML, like Gecko) Chrome/148.0.0.0 Safari/537.36"
178.20.210.57 - - [04/Jun/2026:09:25:02 +0700] "GET /wp-content/plugins/woocommerce-deals/assets/css/tawc-deals.css/ HTTP/1.1" 404 1251 "-" "Mozilla/5.0 (X11; Linux x86_64) AppleWebKit/537.36 (KHTML, like Gecko) Chrome/148.0.0.0 Safari/537.36"
178.20.210.57 - - [04/Jun/2026:09:25:03 +0700] "GET /wp-content/plugins/elementor/assets/lib/swiper/v8/css/swiper.css/ HTTP/1.1" 404 1251 "-" "Mozilla/5.0 (X11; Linux x86_64) AppleWebKit/537.36 (KHTML, like Gecko) Chrome/148.0.0.0 Safari/537.36"
178.20.210.57 - - [04/Jun/2026:09:25:03 +0700] "GET /wp-content/plugins/elementor/assets/css/conditionals/e-swiper.css/ HTTP/1.1" 404 1251 "-" "Mozilla/5.0 (X11; Linux x86_64) AppleWebKit/537.36 (KHTML, like Gecko) Chrome/148.0.0.0 Safari/537.36"
178.20.210.57 - - [04/Jun/2026:09:25:03 +0700] "GET /wp-content/uploads/elementor/css/post-8.css/ HTTP/1.1" 404 1251 "-" "Mozilla/5.0 (X11; Linux x86_64) AppleWebKit/537.36 (KHTML, like Gecko) Chrome/148.0.0.0 Safari/537.36"
178.20.210.57 - - [04/Jun/2026:09:25:03 +0700] "GET /wp-content/plugins/elementor/assets/css/widget-image.min.css/ HTTP/1.1" 404 1251 "-" "Mozilla/5.0 (X11; Linux x86_64) AppleWebKit/537.36 (KHTML, like Gecko) Chrome/148.0.0.0 Safari/537.36"
178.20.210.57 - - [04/Jun/2026:09:25:04 +0700] "GET /wp-content/uploads/elementor/css/post-522.css/ HTTP/1.1" 404 1251 "-" "Mozilla/5.0 (X11; Linux x86_64) AppleWebKit/537.36 (KHTML, like Gecko) Chrome/148.0.0.0 Safari/537.36"
178.20.210.57 - - [04/Jun/2026:09:25:08 +0700] "GET /wp-content/uploads/2022/09/logo-bach-viet-100x100.png/ HTTP/1.1" 404 1251 "-" "Mozilla/5.0 (X11; Linux x86_64) AppleWebKit/537.36 (KHTML, like Gecko) Chrome/148.0.0.0 Safari/537.36"
178.20.210.57 - - [04/Jun/2026:09:25:11 +0700] "GET /product-category/do-gia-dung/ HTTP/1.1" 200 28837 "-" "Mozilla/5.0 (X11; Linux x86_64) AppleWebKit/537.36 (KHTML, like Gecko) Chrome/148.0.0.0 Safari/537.36"
178.20.210.57 - - [04/Jun/2026:09:25:16 +0700] "GET /mua-sam/ HTTP/1.1" 200 29350 "-" "Mozilla/5.0 (X11; Linux x86_64) AppleWebKit/537.36 (KHTML, like Gecko) Chrome/148.0.0.0 Safari/537.36"
178.20.210.57 - - [04/Jun/2026:09:25:25 +0700] "GET /recent/ HTTP/1.1" 301 0 "-" "Mozilla/5.0 (X11; Linux x86_64) AppleWebKit/537.36 (KHTML, like Gecko) Chrome/148.0.0.0 Safari/537.36"
178.20.210.57 - - [04/Jun/2026:09:25:26 +0700] "GET / HTTP/1.1" 200 30171 "-" "Mozilla/5.0 (X11; Linux x86_64) AppleWebKit/537.36 (KHTML, like Gecko) Chrome/148.0.0.0 Safari/537.36"
178.20.210.57 - - [04/Jun/2026:09:25:27 +0700] "GET / HTTP/1.1" 200 30176 "-" "Mozilla/5.0 (X11; Linux x86_64) AppleWebKit/537.36 (KHTML, like Gecko) Chrome/148.0.0.0 Safari/537.36"
178.20.210.57 - - [04/Jun/2026:09:25:30 +0700] "GET /san-pham/noi-com-dien-12a026-n/ HTTP/1.1" 200 30810 "-" "Mozilla/5.0 (X11; Linux x86_64) AppleWebKit/537.36 (KHTML, like Gecko) Chrome/148.0.0.0 Safari/537.36"
178.20.210.57 - - [04/Jun/2026:09:25:32 +0700] "GET /san-pham/noi-com-dien-15q086-n/ HTTP/1.1" 200 31370 "-" "Mozilla/5.0 (X11; Linux x86_64) AppleWebKit/537.36 (KHTML, like Gecko) Chrome/148.0.0.0 Safari/537.36"
139.162.49.171 - - [04/Jun/2026:09:22:14 +0700] "POST /wp-cron.php?doing_wp_cron=1780539733.8632180690765380859375 HTTP/1.1" 200 0 "-" "WordPress/7.0; https://sieuthibachviet.com"
116.179.37.42 - - [04/Jun/2026:09:22:19 +0700] "GET /wp-content/plugins/wp-helper-lite/assets/frontend/js/app.js?ver=1780539733 HTTP/1.1" 200 573 "https://sieuthibachviet.com/shopping/page/9/?add_to_wishlist=4966" "Mozilla/5.0 (compatible; Baiduspider-render/2.0; +http://www.baidu.com/search/spider.html)"
116.179.37.239 - - [04/Jun/2026:09:22:21 +0700] "GET /wp-content/themes/martfury/js/plugins/isInViewport.min.js?ver=1.0.0 HTTP/1.1" 200 1141 "https://sieuthibachviet.com/shopping/page/9/?add_to_wishlist=4966" "Mozilla/5.0 (compatible; Baiduspider-render/2.0; +http://www.baidu.com/search/spider.html)"
116.179.37.54 - - [04/Jun/2026:09:22:21 +0700] "GET /wp-content/themes/martfury/js/plugins/nprogress.js?ver=1.0.0 HTTP/1.1" 200 3588 "https://sieuthibachviet.com/shopping/page/9/?add_to_wishlist=4966" "Mozilla/5.0 (compatible; Baiduspider-render/2.0; +http://www.baidu.com/search/spider.html)"
178.20.210.57 - - [04/Jun/2026:09:24:54 +0700] "GET /change_password/ HTTP/1.1" 301 0 "-" "Mozilla/5.0 (X11; Linux x86_64) AppleWebKit/537.36 (KHTML, like Gecko) Chrome/148.0.0.0 Safari/537.36"
178.20.210.57 - - [04/Jun/2026:09:24:58 +0700] "GET / HTTP/1.1" 200 30197 "-" "Mozilla/5.0 (X11; Linux x86_64) AppleWebKit/537.36 (KHTML, like Gecko) Chrome/148.0.0.0 Safari/537.36"
178.20.210.57 - - [04/Jun/2026:09:25:03 +0700] "GET /wp-content/plugins/elementor/assets/css/frontend.css/ HTTP/1.1" 404 1251 "-" "Mozilla/5.0 (X11; Linux x86_64) AppleWebKit/537.36 (KHTML, like Gecko) Chrome/148.0.0.0 Safari/537.36"
178.20.210.57 - - [04/Jun/2026:09:25:04 +0700] "GET /wp-content/plugins/elementor/assets/lib/font-awesome/css/fontawesome.css/ HTTP/1.1" 404 1251 "-" "Mozilla/5.0 (X11; Linux x86_64) AppleWebKit/537.36 (KHTML, like Gecko) Chrome/148.0.0.0 Safari/537.36"
178.20.210.57 - - [04/Jun/2026:09:25:04 +0700] "GET /wp-json/ HTTP/1.1" 200 83528 "-" "Mozilla/5.0 (X11; Linux x86_64) AppleWebKit/537.36 (KHTML, like Gecko) Chrome/148.0.0.0 Safari/537.36"
178.20.210.57 - - [04/Jun/2026:09:25:08 +0700] "GET /wp-content/plugins/revslider/public/assets/css/rs6.css/ HTTP/1.1" 404 1251 "-" "Mozilla/5.0 (X11; Linux x86_64) AppleWebKit/537.36 (KHTML, like Gecko) Chrome/148.0.0.0 Safari/537.36"
178.20.210.57 - - [04/Jun/2026:09:25:13 +0700] "GET /homepage/dieu-khoan-dieu-kien/ HTTP/1.1" 200 27728 "-" "Mozilla/5.0 (X11; Linux x86_64) AppleWebKit/537.36 (KHTML, like Gecko) Chrome/148.0.0.0 Safari/537.36"
178.20.210.57 - - [04/Jun/2026:09:25:15 +0700] "GET /about-us/ HTTP/1.1" 200 25914 "-" "Mozilla/5.0 (X11; Linux x86_64) AppleWebKit/537.36 (KHTML, like Gecko) Chrome/148.0.0.0 Safari/537.36"
178.20.210.57 - - [04/Jun/2026:09:25:23 +0700] "GET /san-pham/relax-dress/ HTTP/1.1" 200 31569 "-" "Mozilla/5.0 (X11; Linux x86_64) AppleWebKit/537.36 (KHTML, like Gecko) Chrome/148.0.0.0 Safari/537.36"
178.20.210.57 - - [04/Jun/2026:09:25:28 +0700] "GET /sale/ HTTP/1.1" 301 0 "-" "Mozilla/5.0 (X11; Linux x86_64) AppleWebKit/537.36 (KHTML, like Gecko) Chrome/148.0.0.0 Safari/537.36"
178.20.210.57 - - [04/Jun/2026:09:25:31 +0700] "GET /san-pham/noi-com-dien-15q026-n/ HTTP/1.1" 200 31137 "-" "Mozilla/5.0 (X11; Linux x86_64) AppleWebKit/537.36 (KHTML, like Gecko) Chrome/148.0.0.0 Safari/537.36"
178.20.210.57 - - [04/Jun/2026:09:25:33 +0700] "GET /san-pham/noi-com-dien-15q076-n/ HTTP/1.1" 200 30430 "-" "Mozilla/5.0 (X11; Linux x86_64) AppleWebKit/537.36 (KHTML, like Gecko) Chrome/148.0.0.0 Safari/537.36"
178.20.210.57 - - [04/Jun/2026:09:25:34 +0700] "GET /san-pham/noi-com-dien-18b056-n/ HTTP/1.1" 200 31303 "-" "Mozilla/5.0 (X11; Linux x86_64) AppleWebKit/537.36 (KHTML, like Gecko) Chrome/148.0.0.0 Safari/537.36"
178.20.210.57 - - [04/Jun/2026:09:25:42 +0700] "GET /san-pham/noi-com-dien-18b061/ HTTP/1.1" 200 29804 "-" "Mozilla/5.0 (X11; Linux x86_64) AppleWebKit/537.36 (KHTML, like Gecko) Chrome/148.0.0.0 Safari/537.36"
178.20.210.57 - - [04/Jun/2026:09:25:49 +0700] "GET /san-pham/am-sieu-toc-17st12-18l/ HTTP/1.1" 200 29851 "-" "Mozilla/5.0 (X11; Linux x86_64) AppleWebKit/537.36 (KHTML, like Gecko) Chrome/148.0.0.0 Safari/537.36"
178.20.210.57 - - [04/Jun/2026:09:25:51 +0700] "GET /product-category/tat-ca-san-pham/ HTTP/1.1" 200 28758 "-" "Mozilla/5.0 (X11; Linux x86_64) AppleWebKit/537.36 (KHTML, like Gecko) Chrome/148.0.0.0 Safari/537.36"
139.162.49.171 - - [04/Jun/2026:09:32:59 +0700] "POST /wp-admin/admin-ajax.php?action=wp_1_wc_privacy_cleanup&nonce=574e39dc67 HTTP/1.1" 200 0 "-" "WordPress/7.0; https://sieuthibachviet.com"
178.20.210.57 - - [04/Jun/2026:09:25:06 +0700] "GET /wp-json/wp/v2/pages/522/ HTTP/1.1" 200 7680 "-" "Mozilla/5.0 (X11; Linux x86_64) AppleWebKit/537.36 (KHTML, like Gecko) Chrome/148.0.0.0 Safari/537.36"
178.20.210.57 - - [04/Jun/2026:09:25:08 +0700] "GET /wp-content/uploads/2022/09/logo-bach-viet.png/ HTTP/1.1" 404 1251 "-" "Mozilla/5.0 (X11; Linux x86_64) AppleWebKit/537.36 (KHTML, like Gecko) Chrome/148.0.0.0 Safari/537.36"
178.20.210.57 - - [04/Jun/2026:09:25:08 +0700] "GET /danh-sach-san-pham-yeu-thich-cua-ban/ HTTP/1.1" 200 25006 "-" "Mozilla/5.0 (X11; Linux x86_64) AppleWebKit/537.36 (KHTML, like Gecko) Chrome/148.0.0.0 Safari/537.36"
178.20.210.57 - - [04/Jun/2026:09:25:09 +0700] "GET /gio-hang/ HTTP/1.1" 200 45336 "-" "Mozilla/5.0 (X11; Linux x86_64) AppleWebKit/537.36 (KHTML, like Gecko) Chrome/148.0.0.0 Safari/537.36"
178.20.210.57 - - [04/Jun/2026:09:25:10 +0700] "GET /product-category/thoi-trang/ HTTP/1.1" 200 28071 "-" "Mozilla/5.0 (X11; Linux x86_64) AppleWebKit/537.36 (KHTML, like Gecko) Chrome/148.0.0.0 Safari/537.36"
178.20.210.57 - - [04/Jun/2026:09:25:13 +0700] "GET /tat-ca-san-pham/ HTTP/1.1" 200 61249 "-" "Mozilla/5.0 (X11; Linux x86_64) AppleWebKit/537.36 (KHTML, like Gecko) Chrome/148.0.0.0 Safari/537.36"
178.20.210.57 - - [04/Jun/2026:09:25:15 +0700] "GET /chinh-sach-boi-hoan/ HTTP/1.1" 200 26709 "-" "Mozilla/5.0 (X11; Linux x86_64) AppleWebKit/537.36 (KHTML, like Gecko) Chrome/148.0.0.0 Safari/537.36"
178.20.210.57 - - [04/Jun/2026:09:25:17 +0700] "GET /product-category/lam-dep/ HTTP/1.1" 200 23002 "-" "Mozilla/5.0 (X11; Linux x86_64) AppleWebKit/537.36 (KHTML, like Gecko) Chrome/148.0.0.0 Safari/537.36"
178.20.210.57 - - [04/Jun/2026:09:25:22 +0700] "GET /san-pham/happy-set/ HTTP/1.1" 200 30800 "-" "Mozilla/5.0 (X11; Linux x86_64) AppleWebKit/537.36 (KHTML, like Gecko) Chrome/148.0.0.0 Safari/537.36"
178.20.210.57 - - [04/Jun/2026:09:25:27 +0700] "GET /best_selling/ HTTP/1.1" 301 0 "-" "Mozilla/5.0 (X11; Linux x86_64) AppleWebKit/537.36 (KHTML, like Gecko) Chrome/148.0.0.0 Safari/537.36"
178.20.210.57 - - [04/Jun/2026:09:25:29 +0700] "GET / HTTP/1.1" 200 30175 "-" "Mozilla/5.0 (X11; Linux x86_64) AppleWebKit/537.36 (KHTML, like Gecko) Chrome/148.0.0.0 Safari/537.36"
178.20.210.57 - - [04/Jun/2026:09:25:38 +0700] "GET /san-pham/noi-com-dien-12a025/ HTTP/1.1" 200 29679 "-" "Mozilla/5.0 (X11; Linux x86_64) AppleWebKit/537.36 (KHTML, like Gecko) Chrome/148.0.0.0 Safari/537.36"
178.20.210.57 - - [04/Jun/2026:09:25:39 +0700] "GET /san-pham/noi-com-dien-12a032/ HTTP/1.1" 200 30076 "-" "Mozilla/5.0 (X11; Linux x86_64) AppleWebKit/537.36 (KHTML, like Gecko) Chrome/148.0.0.0 Safari/537.36"
178.20.210.57 - - [04/Jun/2026:09:25:43 +0700] "GET /san-pham/noi-com-dien-18e022/ HTTP/1.1" 200 29544 "-" "Mozilla/5.0 (X11; Linux x86_64) AppleWebKit/537.36 (KHTML, like Gecko) Chrome/148.0.0.0 Safari/537.36"
178.20.210.57 - - [04/Jun/2026:09:25:36 +0700] "GET /san-pham/noi-com-dien-18f046-n/ HTTP/1.1" 200 31134 "-" "Mozilla/5.0 (X11; Linux x86_64) AppleWebKit/537.36 (KHTML, like Gecko) Chrome/148.0.0.0 Safari/537.36"
178.20.210.57 - - [04/Jun/2026:09:25:44 +0700] "GET /san-pham/noi-com-dien-dien-tu-18dt017-t/ HTTP/1.1" 200 30949 "-" "Mozilla/5.0 (X11; Linux x86_64) AppleWebKit/537.36 (KHTML, like Gecko) Chrome/148.0.0.0 Safari/537.36"
178.20.210.57 - - [04/Jun/2026:09:25:45 +0700] "GET /san-pham/noi-com-dien-cao-tan-18dt017/ HTTP/1.1" 200 30854 "-" "Mozilla/5.0 (X11; Linux x86_64) AppleWebKit/537.36 (KHTML, like Gecko) Chrome/148.0.0.0 Safari/537.36"
178.20.210.57 - - [04/Jun/2026:09:25:48 +0700] "GET /san-pham/noi-com-dien-cao-tan-18dt017-g/ HTTP/1.1" 200 31081 "-" "Mozilla/5.0 (X11; Linux x86_64) AppleWebKit/537.36 (KHTML, like Gecko) Chrome/148.0.0.0 Safari/537.36"
178.20.210.57 - - [04/Jun/2026:09:25:04 +0700] "GET /wp-content/plugins/martfury-addons/assets/css/linearicons.min.css/ HTTP/1.1" 404 1251 "-" "Mozilla/5.0 (X11; Linux x86_64) AppleWebKit/537.36 (KHTML, like Gecko) Chrome/148.0.0.0 Safari/537.36"
178.20.210.57 - - [04/Jun/2026:09:25:06 +0700] "GET / HTTP/1.1" 200 30201 "-" "Mozilla/5.0 (X11; Linux x86_64) AppleWebKit/537.36 (KHTML, like Gecko) Chrome/148.0.0.0 Safari/537.36"
178.20.210.57 - - [04/Jun/2026:09:25:10 +0700] "GET /my-account/ HTTP/1.1" 200 24628 "-" "Mozilla/5.0 (X11; Linux x86_64) AppleWebKit/537.36 (KHTML, like Gecko) Chrome/148.0.0.0 Safari/537.36"
178.20.210.57 - - [04/Jun/2026:09:25:14 +0700] "GET /chinh-sach-bao-mat/ HTTP/1.1" 200 27067 "-" "Mozilla/5.0 (X11; Linux x86_64) AppleWebKit/537.36 (KHTML, like Gecko) Chrome/148.0.0.0 Safari/537.36"
178.20.210.57 - - [04/Jun/2026:09:25:18 +0700] "GET /faqs/ HTTP/1.1" 200 25385 "-" "Mozilla/5.0 (X11; Linux x86_64) AppleWebKit/537.36 (KHTML, like Gecko) Chrome/148.0.0.0 Safari/537.36"
178.20.210.57 - - [04/Jun/2026:09:25:18 +0700] "GET /san-pham/pearl-set/ HTTP/1.1" 200 31835 "-" "Mozilla/5.0 (X11; Linux x86_64) AppleWebKit/537.36 (KHTML, like Gecko) Chrome/148.0.0.0 Safari/537.36"
178.20.210.57 - - [04/Jun/2026:09:25:19 +0700] "GET /san-pham/lucy-set/ HTTP/1.1" 200 31642 "-" "Mozilla/5.0 (X11; Linux x86_64) AppleWebKit/537.36 (KHTML, like Gecko) Chrome/148.0.0.0 Safari/537.36"
178.20.210.57 - - [04/Jun/2026:09:25:21 +0700] "GET /san-pham/lila-set/ HTTP/1.1" 200 31766 "-" "Mozilla/5.0 (X11; Linux x86_64) AppleWebKit/537.36 (KHTML, like Gecko) Chrome/148.0.0.0 Safari/537.36"
178.20.210.57 - - [04/Jun/2026:09:25:24 +0700] "GET /san-pham/beauty-dress/ HTTP/1.1" 200 31001 "-" "Mozilla/5.0 (X11; Linux x86_64) AppleWebKit/537.36 (KHTML, like Gecko) Chrome/148.0.0.0 Safari/537.36"
139.162.49.171 - - [04/Jun/2026:09:25:38 +0700] "POST /wp-cron.php?doing_wp_cron=1780539938.0746870040893554687500 HTTP/1.1" 200 0 "-" "WordPress/7.0; https://sieuthibachviet.com"
178.20.210.57 - - [04/Jun/2026:09:25:37 +0700] "GET /san-pham/noi-com-dien-18f058-n/ HTTP/1.1" 200 30596 "-" "Mozilla/5.0 (X11; Linux x86_64) AppleWebKit/537.36 (KHTML, like Gecko) Chrome/148.0.0.0 Safari/537.36"
178.20.210.57 - - [04/Jun/2026:09:25:40 +0700] "GET /san-pham/noi-com-dien-18b047/ HTTP/1.1" 200 29980 "-" "Mozilla/5.0 (X11; Linux x86_64) AppleWebKit/537.36 (KHTML, like Gecko) Chrome/148.0.0.0 Safari/537.36"
178.20.210.57 - - [04/Jun/2026:09:25:46 +0700] "GET /san-pham/noi-com-dien-cao-tan-18dt027-t/ HTTP/1.1" 200 30713 "-" "Mozilla/5.0 (X11; Linux x86_64) AppleWebKit/537.36 (KHTML, like Gecko) Chrome/148.0.0.0 Safari/537.36"
178.20.210.57 - - [04/Jun/2026:09:25:50 +0700] "GET /san-pham/am-sieu-toc-17st22-18l/ HTTP/1.1" 200 30136 "-" "Mozilla/5.0 (X11; Linux x86_64) AppleWebKit/537.36 (KHTML, like Gecko) Chrome/148.0.0.0 Safari/537.36"
178.20.210.57 - - [04/Jun/2026:09:25:52 +0700] "GET /cong-ty-tnhh-toc-bach-viet/ HTTP/1.1" 200 24974 "-" "Mozilla/5.0 (X11; Linux x86_64) AppleWebKit/537.36 (KHTML, like Gecko) Chrome/148.0.0.0 Safari/537.36"
139.162.49.171 - - [04/Jun/2026:09:32:53 +0700] "POST /wp-cron.php?doing_wp_cron=1780540373.5158920288085937500000 HTTP/1.1" 200 0 "-" "WordPress/7.0; https://sieuthibachviet.com"
216.244.66.195 - - [04/Jun/2026:09:32:51 +0700] "GET /robots.txt HTTP/1.1" 200 269 "-" "Mozilla/5.0 (compatible; DotBot/1.2; +https://opensiteexplorer.org/dotbot; help@moz.com)"
52.167.144.205 - - [04/Jun/2026:09:34:11 +0700] "GET /wp-content/uploads/2024/09/info-sih655-n4-7.jpg HTTP/2" 200 233738 "-" "Mozilla/5.0 AppleWebKit/537.36 (KHTML, like Gecko; compatible; bingbot/2.0; +http://www.bing.com/bingbot.htm) Chrome/116.0.1938.76 Safari/537.36"
139.162.49.171 - - [04/Jun/2026:09:40:35 +0700] "POST /wp-cron.php?doing_wp_cron=1780540835.5850439071655273437500 HTTP/1.1" 200 0 "-" "WordPress/7.0; https://sieuthibachviet.com"
216.244.66.195 - - [04/Jun/2026:09:40:33 +0700] "GET /san-pham/noi-com-dien-cao-tan-nagakawa-18l-nag0124/ HTTP/1.1" 301 0 "-" "Mozilla/5.0 (compatible; DotBot/1.2; +https://opensiteexplorer.org/dotbot; help@moz.com)"
139.162.49.171 - - [04/Jun/2026:09:45:53 +0700] "POST /wp-cron.php?doing_wp_cron=1780541153.5693709850311279296875 HTTP/1.1" 200 0 "-" "WordPress/7.0; https://sieuthibachviet.com"
85.208.96.205 - - [04/Jun/2026:09:45:51 +0700] "GET /product-category/tat-ca-san-pham/?filter_size=l%2Cs%2Cxl%2Cm&orderby=price HTTP/1.1" 200 32645 "-" "Mozilla/5.0 (compatible; SemrushBot/7~bl; +http://www.semrush.com/bot.html)"
139.162.49.171 - - [04/Jun/2026:09:48:14 +0700] "POST /wp-cron.php?doing_wp_cron=1780541294.1958289146423339843750 HTTP/1.1" 200 0 "-" "WordPress/7.0; https://sieuthibachviet.com"
216.73.216.217 - - [04/Jun/2026:09:48:12 +0700] "GET /robots.txt HTTP/2" 200 143 "-" "Mozilla/5.0 AppleWebKit/537.36 (KHTML, like Gecko; compatible; ClaudeBot/1.0; +claudebot@anthropic.com)"
216.73.216.217 - - [04/Jun/2026:09:48:14 +0700] "GET /wp-sitemap.xml HTTP/2" 200 219 "-" "Mozilla/5.0 AppleWebKit/537.36 (KHTML, like Gecko; compatible; ClaudeBot/1.0; +claudebot@anthropic.com)"
43.156.116.44 - - [04/Jun/2026:09:50:13 +0700] "GET /?action=yith-woocompare-add-product&id=5575 HTTP/1.1" 302 0 "-" "Mozilla/5.0 (iPhone; CPU iPhone OS 13_2_3 like Mac OS X) AppleWebKit/605.1.15 (KHTML, like Gecko) Version/13.0.3 Mobile/15E148 Safari/604.1"
139.162.49.171 - - [04/Jun/2026:09:50:15 +0700] "POST /wp-cron.php?doing_wp_cron=1780541415.2521319389343261718750 HTTP/1.1" 200 0 "-" "WordPress/7.0; https://sieuthibachviet.com"
43.156.116.44 - - [04/Jun/2026:09:50:19 +0700] "GET / HTTP/1.1" 200 36935 "https://sieuthibachviet.com?action=yith-woocompare-add-product&id=5575" "Mozilla/5.0 (iPhone; CPU iPhone OS 13_2_3 like Mac OS X) AppleWebKit/605.1.15 (KHTML, like Gecko) Version/13.0.3 Mobile/15E148 Safari/604.1"
43.167.157.80 - - [04/Jun/2026:09:59:09 +0700] "GET / HTTP/1.1" 200 36865 "http://sieuthibachviet.com" "Mozilla/5.0 (iPhone; CPU iPhone OS 13_2_3 like Mac OS X) AppleWebKit/605.1.15 (KHTML, like Gecko) Version/13.0.3 Mobile/15E148 Safari/604.1"
185.191.171.9 - - [04/Jun/2026:09:56:48 +0700] "GET /robots.txt HTTP/1.1" 200 162 "-" "Mozilla/5.0 (compatible; SemrushBot/7~bl; +http://www.semrush.com/bot.html)"
185.191.171.9 - - [04/Jun/2026:09:56:52 +0700] "GET /product-category/tat-ca-san-pham/page/10/ HTTP/1.1" 200 31455 "-" "Mozilla/5.0 (compatible; SemrushBot/7~bl; +http://www.semrush.com/bot.html)"
139.162.49.171 - - [04/Jun/2026:09:56:51 +0700] "POST /wp-cron.php?doing_wp_cron=1780541810.7107639312744140625000 HTTP/1.1" 200 0 "-" "WordPress/7.0; https://sieuthibachviet.com"
185.191.171.19 - - [04/Jun/2026:10:07:16 +0700] "GET /product-category/tat-ca-san-pham/page/6/?orderby=price HTTP/1.1" 200 32042 "-" "Mozilla/5.0 (compatible; SemrushBot/7~bl; +http://www.semrush.com/bot.html)"
139.162.49.171 - - [04/Jun/2026:10:07:18 +0700] "POST /wp-cron.php?doing_wp_cron=1780542438.6893920898437500000000 HTTP/1.1" 200 0 "-" "WordPress/7.0; https://sieuthibachviet.com"
43.130.39.254 - - [04/Jun/2026:10:00:38 +0700] "GET /san-pham/noi-com-dien-18b061/ HTTP/1.1" 200 32628 "-" "Mozilla/5.0 (iPhone; CPU iPhone OS 13_2_3 like Mac OS X) AppleWebKit/605.1.15 (KHTML, like Gecko) Version/13.0.3 Mobile/15E148 Safari/604.1"
139.162.49.171 - - [04/Jun/2026:10:05:01 +0700] "POST /wp-cron.php?doing_wp_cron=1780542301.0973219871520996093750 HTTP/1.1" 200 0 "-" "WordPress/7.0; https://sieuthibachviet.com"
139.162.49.171 - - [04/Jun/2026:10:00:41 +0700] "POST /wp-cron.php?doing_wp_cron=1780542040.8289959430694580078125 HTTP/1.1" 200 0 "-" "WordPress/7.0; https://sieuthibachviet.com"
185.191.171.11 - - [04/Jun/2026:10:04:58 +0700] "GET /product-category/tat-ca-san-pham/?filter_size=xl&orderby=price HTTP/1.1" 200 32616 "-" "Mozilla/5.0 (compatible; SemrushBot/7~bl; +http://www.semrush.com/bot.html)"
170.106.152.218 - - [04/Jun/2026:10:11:46 +0700] "GET /gio-hang/ HTTP/1.1" 200 49685 "https://sieuthibachviet.com/thanh-toan/?add-to-cart=5587" "Mozilla/5.0 (iPhone; CPU iPhone OS 13_2_3 like Mac OS X) AppleWebKit/605.1.15 (KHTML, like Gecko) Version/13.0.3 Mobile/15E148 Safari/604.1"
139.162.49.171 - - [04/Jun/2026:10:09:29 +0700] "POST /wp-cron.php?doing_wp_cron=1780542568.6246149539947509765625 HTTP/1.1" 200 0 "-" "WordPress/7.0; https://sieuthibachviet.com"
85.208.96.201 - - [04/Jun/2026:10:09:26 +0700] "GET /product-category/tat-ca-san-pham/?filter_size=s%2Cxl%2Cm%2Cl&orderby=price-desc HTTP/1.1" 200 32692 "-" "Mozilla/5.0 (compatible; SemrushBot/7~bl; +http://www.semrush.com/bot.html)"
139.162.49.171 - - [04/Jun/2026:10:11:42 +0700] "POST /wp-cron.php?doing_wp_cron=1780542701.6986639499664306640625 HTTP/1.1" 200 0 "-" "WordPress/7.0; https://sieuthibachviet.com"
170.106.152.218 - - [04/Jun/2026:10:11:39 +0700] "GET /thanh-toan/?add-to-cart=5587 HTTP/1.1" 302 0 "-" "Mozilla/5.0 (iPhone; CPU iPhone OS 13_2_3 like Mac OS X) AppleWebKit/605.1.15 (KHTML, like Gecko) Version/13.0.3 Mobile/15E148 Safari/604.1"
220.181.108.93 - - [04/Jun/2026:10:21:02 +0700] "GET /product-category/do-gia-dung/noi-dien-chao-dien/?orderby=date&add_to_wishlist=5531 HTTP/2" 200 30358 "-" "Mozilla/5.0 (compatible; Baiduspider/2.0; +http://www.baidu.com/search/spider.html)"
116.179.37.144 - - [04/Jun/2026:10:21:05 +0700] "GET /wp-content/plugins/wp-helper-lite/assets/frontend/js/disableCopy.js?ver=1780543263 HTTP/1.1" 200 658 "https://sieuthibachviet.com/product-category/do-gia-dung/noi-dien-chao-dien/?orderby=date&add_to_wishlist=5531" "Mozilla/5.0 (compatible; Baiduspider-render/2.0; +http://www.baidu.com/search/spider.html)"
85.208.96.198 - - [04/Jun/2026:10:25:03 +0700] "GET /product-category/thoi-trang/thoi-trang-me-bau/?filter_size=xl%2Cl%2Cm&orderby=date HTTP/1.1" 200 32528 "-" "Mozilla/5.0 (compatible; SemrushBot/7~bl; +http://www.semrush.com/bot.html)"
139.162.49.171 - - [04/Jun/2026:10:17:14 +0700] "POST /wp-cron.php?doing_wp_cron=1780543033.8718318939208984375000 HTTP/1.1" 200 0 "-" "WordPress/7.0; https://sieuthibachviet.com"
43.166.128.86 - - [04/Jun/2026:10:20:56 +0700] "GET /wp-admin/admin-ajax.php HTTP/1.1" 400 21 "-" "Mozilla/5.0 (iPhone; CPU iPhone OS 13_2_3 like Mac OS X) AppleWebKit/605.1.15 (KHTML, like Gecko) Version/13.0.3 Mobile/15E148 Safari/604.1"
116.179.37.178 - - [04/Jun/2026:10:21:06 +0700] "GET /wp-content/fonts/work-sans/QGYsz_wNahGAdqQ43Rh_c6Dpp_k.woff2 HTTP/1.1" 200 11800 "https://sieuthibachviet.com/product-category/do-gia-dung/noi-dien-chao-dien/?orderby=date&add_to_wishlist=5531" "Mozilla/5.0 (compatible; Baiduspider-render/2.0; +http://www.baidu.com/search/spider.html)"
116.179.37.18 - - [04/Jun/2026:10:21:08 +0700] "POST /wp-admin/admin-ajax.php HTTP/1.1" 200 1333 "https://sieuthibachviet.com/product-category/do-gia-dung/noi-dien-chao-dien/?orderby=date&add_to_wishlist=5531" "Mozilla/5.0 (compatible; Baiduspider-render/2.0; +http://www.baidu.com/search/spider.html)"
216.244.66.195 - - [04/Jun/2026:10:17:12 +0700] "GET /robots.txt HTTP/1.1" 200 269 "-" "Mozilla/5.0 (compatible; DotBot/1.2; +https://opensiteexplorer.org/dotbot; help@moz.com)"
116.179.37.101 - - [04/Jun/2026:10:21:05 +0700] "GET /wp-content/plugins/wp-helper-lite/assets/frontend/js/app.js?ver=1780543263 HTTP/1.1" 200 573 "https://sieuthibachviet.com/product-category/do-gia-dung/noi-dien-chao-dien/?orderby=date&add_to_wishlist=5531" "Mozilla/5.0 (compatible; Baiduspider-render/2.0; +http://www.baidu.com/search/spider.html)"
116.179.37.207 - - [04/Jun/2026:10:21:06 +0700] "GET /wp-content/plugins/wp-helper-lite/assets/frontend/js/mb-hp-wc-notification.js?ver=1780543263 HTTP/1.1" 200 868 "https://sieuthibachviet.com/product-category/do-gia-dung/noi-dien-chao-dien/?orderby=date&add_to_wishlist=5531" "Mozilla/5.0 (compatible; Baiduspider-render/2.0; +http://www.baidu.com/search/spider.html)"
139.162.49.171 - - [04/Jun/2026:10:25:05 +0700] "POST /wp-cron.php?doing_wp_cron=1780543505.2521960735321044921875 HTTP/1.1" 200 0 "-" "WordPress/7.0; https://sieuthibachviet.com"
139.162.49.171 - - [04/Jun/2026:10:20:59 +0700] "POST /wp-cron.php?doing_wp_cron=1780543258.7006809711456298828125 HTTP/1.1" 200 0 "-" "WordPress/7.0; https://sieuthibachviet.com"
116.179.37.91 - - [04/Jun/2026:10:21:05 +0700] "GET /wp-content/plugins/wp-helper-lite/assets/frontend/css/app.css?ver=1780543263 HTTP/1.1" 200 2731 "https://sieuthibachviet.com/product-category/do-gia-dung/noi-dien-chao-dien/?orderby=date&add_to_wishlist=5531" "Mozilla/5.0 (compatible; Baiduspider-render/2.0; +http://www.baidu.com/search/spider.html)"
116.179.37.51 - - [04/Jun/2026:10:21:05 +0700] "GET /wp-content/plugins/wp-helper-lite/assets/frontend/css/mb-hp-wc-notification.css?ver=1780543263 HTTP/1.1" 200 499 "https://sieuthibachviet.com/product-category/do-gia-dung/noi-dien-chao-dien/?orderby=date&add_to_wishlist=5531" "Mozilla/5.0 (compatible; Baiduspider-render/2.0; +http://www.baidu.com/search/spider.html)"
139.162.49.171 - - [04/Jun/2026:10:31:16 +0700] "POST /wp-cron.php?doing_wp_cron=1780543876.1994590759277343750000 HTTP/1.1" 200 0 "-" "WordPress/7.0; https://sieuthibachviet.com"
216.244.66.195 - - [04/Jun/2026:10:31:19 +0700] "GET /shopping/?orderby=date&add-to-cart=5362 HTTP/1.1" 302 0 "-" "Mozilla/5.0 (compatible; DotBot/1.2; +https://opensiteexplorer.org/dotbot; help@moz.com)"
216.244.66.195 - - [04/Jun/2026:10:31:35 +0700] "GET /shopping/?orderby=popularity&add-to-cart=5442 HTTP/1.1" 302 0 "-" "Mozilla/5.0 (compatible; DotBot/1.2; +https://opensiteexplorer.org/dotbot; help@moz.com)"
139.162.49.171 - - [04/Jun/2026:10:36:53 +0700] "POST /wp-cron.php?doing_wp_cron=1780544213.5065469741821289062500 HTTP/1.1" 200 0 "-" "WordPress/7.0; https://sieuthibachviet.com"
216.244.66.195 - - [04/Jun/2026:10:31:24 +0700] "GET /shopping/?orderby=date&add-to-cart=5368 HTTP/1.1" 302 0 "-" "Mozilla/5.0 (compatible; DotBot/1.2; +https://opensiteexplorer.org/dotbot; help@moz.com)"
139.162.49.171 - - [04/Jun/2026:10:41:14 +0700] "POST /wp-cron.php?doing_wp_cron=1780544474.1252489089965820312500 HTTP/1.1" 200 0 "-" "WordPress/7.0; https://sieuthibachviet.com"
85.208.96.211 - - [04/Jun/2026:10:41:11 +0700] "GET /product-category/thoi-trang/thoi-trang-me-bau/?filter_size=m%2Cs&orderby=price HTTP/1.1" 200 32692 "-" "Mozilla/5.0 (compatible; SemrushBot/7~bl; +http://www.semrush.com/bot.html)"
185.191.171.13 - - [04/Jun/2026:10:26:30 +0700] "GET /product-category/tat-ca-san-pham/?filter_size=xl%2Cs%2Cl&orderby=date HTTP/1.1" 200 32497 "-" "Mozilla/5.0 (compatible; SemrushBot/7~bl; +http://www.semrush.com/bot.html)"
85.208.96.212 - - [04/Jun/2026:10:36:51 +0700] "GET /product-category/tat-ca-san-pham/?filter_size=l%2Cs&orderby=date HTTP/1.1" 200 32480 "-" "Mozilla/5.0 (compatible; SemrushBot/7~bl; +http://www.semrush.com/bot.html)"
74.7.241.166 - - [04/Jun/2026:10:41:15 +0700] "GET /robots.txt HTTP/2" 200 143 "-" "Mozilla/5.0 (Macintosh; Intel Mac OS X 10_15_7) AppleWebKit/537.36 (KHTML, like Gecko) Chrome/131.0.0.0 Safari/537.36; compatible; OAI-SearchBot/1.4; robots.txt; +https://openai.com/searchbot"
139.162.49.171 - - [04/Jun/2026:10:26:32 +0700] "POST /wp-cron.php?doing_wp_cron=1780543592.3707110881805419921875 HTTP/1.1" 200 0 "-" "WordPress/7.0; https://sieuthibachviet.com"
85.208.96.208 - - [04/Jun/2026:10:31:14 +0700] "GET /shopping/?filter_size=xl%2Cm%2Cl%2Cs&orderby=rating HTTP/1.1" 200 32505 "-" "Mozilla/5.0 (compatible; SemrushBot/7~bl; +http://www.semrush.com/bot.html)"
216.244.66.195 - - [04/Jun/2026:10:31:31 +0700] "GET /shopping/?orderby=popularity&add-to-cart=5248 HTTP/1.1" 302 0 "-" "Mozilla/5.0 (compatible; DotBot/1.2; +https://opensiteexplorer.org/dotbot; help@moz.com)"
92.222.104.208 - - [04/Jun/2026:10:42:07 +0700] "GET /?action=yith-woocompare-add-product&id=5527 HTTP/2" 302 0 "-" "Mozilla/5.0 (compatible; AhrefsBot/7.0; +http://ahrefs.com/robot/)"
103.131.71.30 - - [04/Jun/2026:10:57:02 +0700] "GET /robots.txt HTTP/1.1" 200 162 "-" "Mozilla/5.0 (compatible; coccocbot-image/1.0; +http://help.coccoc.com/searchengine)"
116.179.37.53 - - [04/Jun/2026:10:57:12 +0700] "GET /wp-content/plugins/wp-helper-lite/assets/frontend/css/app.css?ver=1780545424 HTTP/1.1" 200 2731 "https://sieuthibachviet.com/product-category/do-gia-dung/noi-dien-chao-dien/?orderby=price-desc&add_to_wishlist=5531" "Mozilla/5.0 (compatible; Baiduspider-render/2.0; +http://www.baidu.com/search/spider.html)"
116.179.37.115 - - [04/Jun/2026:10:57:13 +0700] "GET /wp-content/plugins/wp-helper-lite/assets/frontend/js/mb-hp-wc-notification.js?ver=1780545424 HTTP/1.1" 200 868 "https://sieuthibachviet.com/product-category/do-gia-dung/noi-dien-chao-dien/?orderby=price-desc&add_to_wishlist=5531" "Mozilla/5.0 (compatible; Baiduspider-render/2.0; +http://www.baidu.com/search/spider.html)"
116.179.37.217 - - [04/Jun/2026:10:57:14 +0700] "POST /wp-admin/admin-ajax.php HTTP/1.1" 200 1340 "https://sieuthibachviet.com/product-category/do-gia-dung/noi-dien-chao-dien/?orderby=price-desc&add_to_wishlist=5531" "Mozilla/5.0 (compatible; Baiduspider-render/2.0; +http://www.baidu.com/search/spider.html)"
162.62.213.165 - - [04/Jun/2026:10:46:06 +0700] "GET / HTTP/1.1" 301 0 "http://www.sieuthibachviet.com" "Mozilla/5.0 (iPhone; CPU iPhone OS 13_2_3 like Mac OS X) AppleWebKit/605.1.15 (KHTML, like Gecko) Version/13.0.3 Mobile/15E148 Safari/604.1"
162.62.213.165 - - [04/Jun/2026:10:46:10 +0700] "GET / HTTP/1.1" 200 36875 "https://www.sieuthibachviet.com/" "Mozilla/5.0 (iPhone; CPU iPhone OS 13_2_3 like Mac OS X) AppleWebKit/605.1.15 (KHTML, like Gecko) Version/13.0.3 Mobile/15E148 Safari/604.1"
85.208.96.195 - - [04/Jun/2026:10:47:05 +0700] "GET /product-category/thoi-trang/?filter_size=m%2Cl%2Cxl%2Cs&orderby=popularity HTTP/1.1" 200 32601 "-" "Mozilla/5.0 (compatible; SemrushBot/7~bl; +http://www.semrush.com/bot.html)"
116.179.37.82 - - [04/Jun/2026:10:57:12 +0700] "GET /wp-content/plugins/wp-helper-lite/assets/frontend/js/disableCopy.js?ver=1780545424 HTTP/1.1" 200 658 "https://sieuthibachviet.com/product-category/do-gia-dung/noi-dien-chao-dien/?orderby=price-desc&add_to_wishlist=5531" "Mozilla/5.0 (compatible; Baiduspider-render/2.0; +http://www.baidu.com/search/spider.html)"
116.179.37.116 - - [04/Jun/2026:10:57:12 +0700] "GET /wp-content/plugins/wp-helper-lite/assets/frontend/css/mb-hp-wc-notification.css?ver=1780545424 HTTP/1.1" 200 499 "https://sieuthibachviet.com/product-category/do-gia-dung/noi-dien-chao-dien/?orderby=price-desc&add_to_wishlist=5531" "Mozilla/5.0 (compatible; Baiduspider-render/2.0; +http://www.baidu.com/search/spider.html)"
139.162.49.171 - - [04/Jun/2026:10:42:08 +0700] "POST /wp-cron.php?doing_wp_cron=1780544528.1673200130462646484375 HTTP/1.1" 200 0 "-" "WordPress/7.0; https://sieuthibachviet.com"
139.162.49.171 - - [04/Jun/2026:10:46:08 +0700] "POST /wp-cron.php?doing_wp_cron=1780544768.5224270820617675781250 HTTP/1.1" 200 0 "-" "WordPress/7.0; https://sieuthibachviet.com"
139.162.49.171 - - [04/Jun/2026:10:47:05 +0700] "POST /wp-cron.php?doing_wp_cron=1780544825.8397951126098632812500 HTTP/1.1" 200 0 "-" "WordPress/7.0; https://sieuthibachviet.com"
139.162.49.171 - - [04/Jun/2026:10:57:04 +0700] "POST /wp-cron.php?doing_wp_cron=1780545424.4311609268188476562500 HTTP/1.1" 200 0 "-" "WordPress/7.0; https://sieuthibachviet.com"
116.179.32.222 - - [04/Jun/2026:10:57:03 +0700] "GET /product-category/do-gia-dung/noi-dien-chao-dien/?orderby=price-desc&add_to_wishlist=5531 HTTP/2" 200 30567 "-" "Mozilla/5.0 (compatible; Baiduspider/2.0; +http://www.baidu.com/search/spider.html)"
103.131.71.32 - - [04/Jun/2026:10:57:12 +0700] "GET /wp-content/uploads/2024/09/info-18f058-6.jpg HTTP/1.1" 200 589609 "-" "Mozilla/5.0 (compatible; coccocbot-image/1.0; +http://help.coccoc.com/searchengine)"
116.179.37.88 - - [04/Jun/2026:10:57:13 +0700] "GET /wp-content/plugins/wp-helper-lite/assets/frontend/js/app.js?ver=1780545424 HTTP/1.1" 200 573 "https://sieuthibachviet.com/product-category/do-gia-dung/noi-dien-chao-dien/?orderby=price-desc&add_to_wishlist=5531" "Mozilla/5.0 (compatible; Baiduspider-render/2.0; +http://www.baidu.com/search/spider.html)"
116.179.37.240 - - [04/Jun/2026:10:57:13 +0700] "GET /wp-content/plugins/woocommerce/assets/js/jquery-ui-touch-punch/jquery-ui-touch-punch.js?ver=9.4.5 HTTP/1.1" 200 1411 "https://sieuthibachviet.com/product-category/do-gia-dung/noi-dien-chao-dien/?orderby=price-desc&add_to_wishlist=5531" "Mozilla/5.0 (compatible; Baiduspider-render/2.0; +http://www.baidu.com/search/spider.html)"
85.208.96.202 - - [04/Jun/2026:11:14:03 +0700] "GET /robots.txt HTTP/1.1" 200 162 "-" "Mozilla/5.0 (compatible; SemrushBot/7~bl; +http://www.semrush.com/bot.html)"
216.244.66.195 - - [04/Jun/2026:11:12:31 +0700] "GET /?action=yith-woocompare-add-product&id=4745 HTTP/1.1" 302 0 "-" "Mozilla/5.0 (compatible; DotBot/1.2; +https://opensiteexplorer.org/dotbot; help@moz.com)"
139.162.49.171 - - [04/Jun/2026:11:12:33 +0700] "POST /wp-cron.php?doing_wp_cron=1780546353.3173370361328125000000 HTTP/1.1" 200 0 "-" "WordPress/7.0; https://sieuthibachviet.com"
139.162.49.171 - - [04/Jun/2026:11:14:05 +0700] "POST /wp-cron.php?doing_wp_cron=1780546445.6156859397888183593750 HTTP/1.1" 200 0 "-" "WordPress/7.0; https://sieuthibachviet.com"
139.162.49.171 - - [04/Jun/2026:11:02:33 +0700] "POST /wp-cron.php?doing_wp_cron=1780545753.3958981037139892578125 HTTP/1.1" 200 0 "-" "WordPress/7.0; https://sieuthibachviet.com"
216.244.66.195 - - [04/Jun/2026:11:02:31 +0700] "GET /robots.txt HTTP/1.1" 200 269 "-" "Mozilla/5.0 (compatible; DotBot/1.2; +https://opensiteexplorer.org/dotbot; help@moz.com)"
185.191.171.11 - - [04/Jun/2026:11:14:06 +0700] "GET /product-category/tat-ca-san-pham/?filter_size=l%2Cs%2Cxl%2Cm HTTP/1.1" 200 32500 "-" "Mozilla/5.0 (compatible; SemrushBot/7~bl; +http://www.semrush.com/bot.html)"
139.162.49.171 - - [04/Jun/2026:11:16:25 +0700] "POST /wp-cron.php?doing_wp_cron=1780546584.8312969207763671875000 HTTP/1.1" 200 0 "-" "WordPress/7.0; https://sieuthibachviet.com"
185.191.171.10 - - [04/Jun/2026:11:18:21 +0700] "GET /product-category/thoi-trang/thoi-trang-me-bau/?filter_size=m%2Cl%2Cs&orderby=price HTTP/1.1" 200 32705 "-" "Mozilla/5.0 (compatible; SemrushBot/7~bl; +http://www.semrush.com/bot.html)"
139.162.49.171 - - [04/Jun/2026:11:24:01 +0700] "POST /wp-cron.php?doing_wp_cron=1780547041.4099910259246826171875 HTTP/1.1" 200 0 "-" "WordPress/7.0; https://sieuthibachviet.com"
185.191.171.9 - - [04/Jun/2026:11:23:59 +0700] "GET /san-pham/may-xay-sinh-to-mx3306a/ HTTP/1.1" 200 35544 "-" "Mozilla/5.0 (compatible; SemrushBot/7~bl; +http://www.semrush.com/bot.html)"
176.31.139.21 - - [04/Jun/2026:11:25:14 +0700] "GET /?action=yith-woocompare-add-product&id=5519 HTTP/2" 302 0 "-" "Mozilla/5.0 (compatible; AhrefsBot/7.0; +http://ahrefs.com/robot/)"
216.244.66.195 - - [04/Jun/2026:11:16:22 +0700] "GET /shopping/?orderby=date&add-to-cart=4976 HTTP/1.1" 302 0 "-" "Mozilla/5.0 (compatible; DotBot/1.2; +https://opensiteexplorer.org/dotbot; help@moz.com)"
216.244.66.195 - - [04/Jun/2026:11:16:35 +0700] "GET /shopping/?orderby=date&add-to-cart=5304 HTTP/1.1" 302 0 "-" "Mozilla/5.0 (compatible; DotBot/1.2; +https://opensiteexplorer.org/dotbot; help@moz.com)"
216.244.66.195 - - [04/Jun/2026:11:16:57 +0700] "GET /shopping/?orderby=rating&add-to-cart=5456 HTTP/1.1" 302 0 "-" "Mozilla/5.0 (compatible; DotBot/1.2; +https://opensiteexplorer.org/dotbot; help@moz.com)"
139.162.49.171 - - [04/Jun/2026:11:18:23 +0700] "POST /wp-cron.php?doing_wp_cron=1780546703.3518919944763183593750 HTTP/1.1" 200 0 "-" "WordPress/7.0; https://sieuthibachviet.com"
139.162.49.171 - - [04/Jun/2026:11:22:01 +0700] "POST /wp-cron.php?doing_wp_cron=1780546920.5887770652770996093750 HTTP/1.1" 200 0 "-" "WordPress/7.0; https://sieuthibachviet.com"
139.162.49.171 - - [04/Jun/2026:11:31:05 +0700] "POST /wp-cron.php?doing_wp_cron=1780547465.0774719715118408203125 HTTP/1.1" 200 0 "-" "WordPress/7.0; https://sieuthibachviet.com"
139.162.49.171 - - [04/Jun/2026:11:16:43 +0700] "POST /wp-cron.php?doing_wp_cron=1780546603.8929750919342041015625 HTTP/1.1" 200 0 "-" "WordPress/7.0; https://sieuthibachviet.com"
216.244.66.195 - - [04/Jun/2026:11:16:43 +0700] "GET /shopping/?orderby=price-desc&add-to-cart=5244 HTTP/1.1" 302 0 "-" "Mozilla/5.0 (compatible; DotBot/1.2; +https://opensiteexplorer.org/dotbot; help@moz.com)"
139.162.49.171 - - [04/Jun/2026:11:25:16 +0700] "POST /wp-cron.php?doing_wp_cron=1780547116.4202489852905273437500 HTTP/1.1" 200 0 "-" "WordPress/7.0; https://sieuthibachviet.com"
216.244.66.195 - - [04/Jun/2026:11:16:50 +0700] "GET /shopping/?orderby=rating&add-to-cart=5351 HTTP/1.1" 302 0 "-" "Mozilla/5.0 (compatible; DotBot/1.2; +https://opensiteexplorer.org/dotbot; help@moz.com)"
216.244.66.195 - - [04/Jun/2026:11:17:03 +0700] "GET /shopping/?orderby=rating&add-to-cart=5531 HTTP/1.1" 302 0 "-" "Mozilla/5.0 (compatible; DotBot/1.2; +https://opensiteexplorer.org/dotbot; help@moz.com)"
85.208.96.197 - - [04/Jun/2026:11:21:58 +0700] "GET /shopping/?filter_size=s%2Cm%2Cl&orderby=price-desc HTTP/1.1" 200 32623 "-" "Mozilla/5.0 (compatible; SemrushBot/7~bl; +http://www.semrush.com/bot.html)"
5.39.1.242 - - [04/Jun/2026:11:31:03 +0700] "GET /?action=yith-woocompare-add-product&id=5525 HTTP/2" 302 0 "-" "Mozilla/5.0 (compatible; AhrefsBot/7.0; +http://ahrefs.com/robot/)"
116.179.37.165 - - [04/Jun/2026:11:33:13 +0700] "GET /wp-content/plugins/wp-helper-lite/assets/frontend/js/disableCopy.js?ver=1780547587 HTTP/1.1" 200 658 "https://sieuthibachviet.com/shopping/?add_to_wishlist=5569" "Mozilla/5.0 (compatible; Baiduspider-render/2.0; +http://www.baidu.com/search/spider.html)"
116.179.37.188 - - [04/Jun/2026:11:33:15 +0700] "GET /wp-content/uploads/2024/09/34-300x300.png HTTP/1.1" 200 59311 "https://sieuthibachviet.com/shopping/?add_to_wishlist=5569" "Mozilla/5.0 (compatible; Baiduspider-render/2.0; +http://www.baidu.com/search/spider.html)"
139.162.49.171 - - [04/Jun/2026:11:47:11 +0700] "POST /wp-cron.php?doing_wp_cron=1780548431.4738550186157226562500 HTTP/1.1" 200 0 "-" "WordPress/7.0; https://sieuthibachviet.com"
220.181.108.168 - - [04/Jun/2026:11:33:05 +0700] "GET /shopping/?add_to_wishlist=5569 HTTP/2" 200 34291 "-" "Mozilla/5.0 (compatible; Baiduspider/2.0; +http://www.baidu.com/search/spider.html)"
116.179.37.40 - - [04/Jun/2026:11:33:13 +0700] "GET /wp-content/plugins/wp-helper-lite/assets/frontend/css/mb-hp-wc-notification.css?ver=1780547587 HTTP/1.1" 200 499 "https://sieuthibachviet.com/shopping/?add_to_wishlist=5569" "Mozilla/5.0 (compatible; Baiduspider-render/2.0; +http://www.baidu.com/search/spider.html)"
116.179.37.99 - - [04/Jun/2026:11:33:13 +0700] "GET /wp-content/plugins/wp-helper-lite/assets/frontend/css/app.css?ver=1780547587 HTTP/1.1" 200 2731 "https://sieuthibachviet.com/shopping/?add_to_wishlist=5569" "Mozilla/5.0 (compatible; Baiduspider-render/2.0; +http://www.baidu.com/search/spider.html)"
216.244.66.195 - - [04/Jun/2026:11:47:09 +0700] "GET /robots.txt HTTP/1.1" 200 269 "-" "Mozilla/5.0 (compatible; DotBot/1.2; +https://opensiteexplorer.org/dotbot; help@moz.com)"
139.162.49.171 - - [04/Jun/2026:11:33:07 +0700] "POST /wp-cron.php?doing_wp_cron=1780547587.3838639259338378906250 HTTP/1.1" 200 0 "-" "WordPress/7.0; https://sieuthibachviet.com"
116.179.37.97 - - [04/Jun/2026:11:33:13 +0700] "GET /wp-content/plugins/wp-helper-lite/assets/frontend/js/app.js?ver=1780547587 HTTP/1.1" 200 573 "https://sieuthibachviet.com/shopping/?add_to_wishlist=5569" "Mozilla/5.0 (compatible; Baiduspider-render/2.0; +http://www.baidu.com/search/spider.html)"
116.179.37.250 - - [04/Jun/2026:11:33:15 +0700] "GET /wp-content/plugins/wp-helper-lite/assets/frontend/js/mb-hp-wc-notification.js?ver=1780547587 HTTP/1.1" 200 868 "https://sieuthibachviet.com/shopping/?add_to_wishlist=5569" "Mozilla/5.0 (compatible; Baiduspider-render/2.0; +http://www.baidu.com/search/spider.html)"
116.179.37.70 - - [04/Jun/2026:11:33:16 +0700] "POST /wp-admin/admin-ajax.php HTTP/1.1" 200 1436 "https://sieuthibachviet.com/shopping/?add_to_wishlist=5569" "Mozilla/5.0 (compatible; Baiduspider-render/2.0; +http://www.baidu.com/search/spider.html)"
139.162.49.171 - - [04/Jun/2026:11:42:16 +0700] "POST /wp-cron.php?doing_wp_cron=1780548136.2722239494323730468750 HTTP/1.1" 200 0 "-" "WordPress/7.0; https://sieuthibachviet.com"
216.73.216.217 - - [04/Jun/2026:11:42:14 +0700] "GET /robots.txt HTTP/2" 200 143 "-" "Mozilla/5.0 AppleWebKit/537.36 (KHTML, like Gecko; compatible; ClaudeBot/1.0; +claudebot@anthropic.com)"
216.73.216.217 - - [04/Jun/2026:11:42:17 +0700] "GET /wp-sitemap.xml HTTP/2" 200 219 "-" "Mozilla/5.0 AppleWebKit/537.36 (KHTML, like Gecko; compatible; ClaudeBot/1.0; +claudebot@anthropic.com)"
139.162.49.171 - - [04/Jun/2026:11:53:13 +0700] "POST /wp-cron.php?doing_wp_cron=1780548792.6860709190368652343750 HTTP/1.1" 200 0 "-" "WordPress/7.0; https://sieuthibachviet.com"
139.162.49.171 - - [04/Jun/2026:11:56:18 +0700] "POST /wp-cron.php?doing_wp_cron=1780548977.9503319263458251953125 HTTP/1.1" 200 0 "-" "WordPress/7.0; https://sieuthibachviet.com"
54.37.118.70 - - [04/Jun/2026:11:56:16 +0700] "GET /?action=yith-woocompare-add-product&id=5479 HTTP/2" 302 0 "-" "Mozilla/5.0 (compatible; AhrefsBot/7.0; +http://ahrefs.com/robot/)"
139.162.49.171 - - [04/Jun/2026:11:57:00 +0700] "POST /wp-cron.php?doing_wp_cron=1780549020.8481690883636474609375 HTTP/1.1" 200 0 "-" "WordPress/7.0; https://sieuthibachviet.com"
216.244.66.195 - - [04/Jun/2026:11:57:20 +0700] "GET /san-pham/noi-com-dien-18f051/?add-to-cart=5246 HTTP/1.1" 302 0 "-" "Mozilla/5.0 (compatible; DotBot/1.2; +https://opensiteexplorer.org/dotbot; help@moz.com)"
185.191.171.14 - - [04/Jun/2026:11:58:52 +0700] "GET /product-category/do-gia-dung/page/7/?orderby=popularity HTTP/1.1" 200 32002 "-" "Mozilla/5.0 (compatible; SemrushBot/7~bl; +http://www.semrush.com/bot.html)"
139.162.49.171 - - [04/Jun/2026:12:01:03 +0700] "POST /wp-cron.php?doing_wp_cron=1780549263.4213309288024902343750 HTTP/1.1" 200 0 "-" "WordPress/7.0; https://sieuthibachviet.com"
85.208.96.203 - - [04/Jun/2026:11:53:10 +0700] "GET /product-category/thoi-trang/thoi-trang-me-bau/?filter_size=xl%2Cm&orderby=popularity HTTP/1.1" 200 32561 "-" "Mozilla/5.0 (compatible; SemrushBot/7~bl; +http://www.semrush.com/bot.html)"
216.244.66.195 - - [04/Jun/2026:11:57:06 +0700] "GET /san-pham/bep-dien-tu-doi-sih729-n7-a/?add-to-cart=5283 HTTP/1.1" 302 0 "-" "Mozilla/5.0 (compatible; DotBot/1.2; +https://opensiteexplorer.org/dotbot; help@moz.com)"
216.244.66.195 - - [04/Jun/2026:11:57:15 +0700] "GET /san-pham/noi-ap-suat-6as025/?add-to-cart=5266 HTTP/1.1" 302 0 "-" "Mozilla/5.0 (compatible; DotBot/1.2; +https://opensiteexplorer.org/dotbot; help@moz.com)"
216.244.66.195 - - [04/Jun/2026:11:57:24 +0700] "GET /san-pham/noi-com-dien-dien-tu-18dt017-t/?add-to-cart=5477 HTTP/1.1" 302 0 "-" "Mozilla/5.0 (compatible; DotBot/1.2; +https://opensiteexplorer.org/dotbot; help@moz.com)"
139.162.49.171 - - [04/Jun/2026:11:58:54 +0700] "POST /wp-cron.php?doing_wp_cron=1780549134.4968340396881103515625 HTTP/1.1" 200 0 "-" "WordPress/7.0; https://sieuthibachviet.com"
216.244.66.195 - - [04/Jun/2026:12:01:01 +0700] "GET /shopping/?orderby=price&filter_size=s,xl,l HTTP/1.1" 200 173128 "-" "Mozilla/5.0 (compatible; DotBot/1.2; +https://opensiteexplorer.org/dotbot; help@moz.com)"
216.244.66.195 - - [04/Jun/2026:11:57:00 +0700] "GET /san-pham/am-sieu-toc-17s62-18l/?add-to-cart=4971 HTTP/1.1" 302 0 "-" "Mozilla/5.0 (compatible; DotBot/1.2; +https://opensiteexplorer.org/dotbot; help@moz.com)"
216.244.66.195 - - [04/Jun/2026:11:57:11 +0700] "GET /san-pham/may-xay-sinh-to-mx4306b/?add-to-cart=4978 HTTP/1.1" 302 0 "-" "Mozilla/5.0 (compatible; DotBot/1.2; +https://opensiteexplorer.org/dotbot; help@moz.com)"
173.252.82.10 - - [04/Jun/2026:12:08:21 +0700] "GET /san-pham/bep-hong-ngoai-hn012l HTTP/2" 301 0 "-" "meta-externalads/1.1 (+https://developers.facebook.com/docs/sharing/webmasters/crawler)"
173.252.82.10 - - [04/Jun/2026:12:08:24 +0700] "GET /san-pham/bep-hong-ngoai-hn012l/ HTTP/2" 200 35043 "-" "meta-externalads/1.1 (+https://developers.facebook.com/docs/sharing/webmasters/crawler)"
173.252.82.10 - - [04/Jun/2026:12:08:26 +0700] "GET /wp-content/plugins/contact-form-7/includes/css/styles.css?ver=6.0.1 HTTP/2" 200 1016 "https://sieuthibachviet.com/san-pham/bep-hong-ngoai-hn012l/" "meta-externalads/1.1 (+https://developers.facebook.com/docs/sharing/webmasters/crawler)"
173.252.82.10 - - [04/Jun/2026:12:08:26 +0700] "GET /wp-content/plugins/yith-woocommerce-compare/assets/css/colorbox.css?ver=1.4.21 HTTP/2" 200 1230 "https://sieuthibachviet.com/san-pham/bep-hong-ngoai-hn012l/" "meta-externalads/1.1 (+https://developers.facebook.com/docs/sharing/webmasters/crawler)"
173.252.82.10 - - [04/Jun/2026:12:08:26 +0700] "GET /wp-content/plugins/yith-woocommerce-wishlist/assets/css/style.css?ver=4.0.1 HTTP/2" 200 6516 "https://sieuthibachviet.com/san-pham/bep-hong-ngoai-hn012l/" "meta-externalads/1.1 (+https://developers.facebook.com/docs/sharing/webmasters/crawler)"
69.171.234.19 - - [04/Jun/2026:12:08:26 +0700] "GET /wp-includes/js/jquery/jquery.js?ver=3.7.1 HTTP/2" 200 83899 "https://sieuthibachviet.com/san-pham/bep-hong-ngoai-hn012l/" "meta-externalads/1.1 (+https://developers.facebook.com/docs/sharing/webmasters/crawler)"
69.63.184.31 - - [04/Jun/2026:12:08:26 +0700] "GET /wp-content/plugins/wcboost-variation-swatches/assets/css/frontend.css?ver=1.1.1 HTTP/2" 200 1208 "https://sieuthibachviet.com/san-pham/bep-hong-ngoai-hn012l/" "meta-externalads/1.1 (+https://developers.facebook.com/docs/sharing/webmasters/crawler)"
173.252.95.115 - - [04/Jun/2026:12:08:26 +0700] "GET /wp-content/themes/martfury/css/ionicons.min.css?ver=2.0.0 HTTP/2" 200 8230 "https://sieuthibachviet.com/san-pham/bep-hong-ngoai-hn012l/" "meta-externalads/1.1 (+https://developers.facebook.com/docs/sharing/webmasters/crawler)"
69.63.184.31 - - [04/Jun/2026:12:08:26 +0700] "GET /wp-content/themes/martfury/js/plugins/waypoints.min.js?ver=2.0.2 HTTP/2" 200 2615 "https://sieuthibachviet.com/san-pham/bep-hong-ngoai-hn012l/" "meta-externalads/1.1 (+https://developers.facebook.com/docs/sharing/webmasters/crawler)"
173.252.95.26 - - [04/Jun/2026:12:08:26 +0700] "GET /wp-content/plugins/wp-helper-lite/assets/frontend/css/mb-hp-wc-notification.css?ver=1780549705 HTTP/2" 200 499 "https://sieuthibachviet.com/san-pham/bep-hong-ngoai-hn012l/" "meta-externalads/1.1 (+https://developers.facebook.com/docs/sharing/webmasters/crawler)"
173.252.82.30 - - [04/Jun/2026:12:08:26 +0700] "GET /wp-content/uploads/2024/09/4-300x300.png HTTP/2" 200 139605 "https://sieuthibachviet.com/san-pham/bep-hong-ngoai-hn012l/" "meta-externalads/1.1 (+https://developers.facebook.com/docs/sharing/webmasters/crawler)"
173.252.70.44 - - [04/Jun/2026:12:08:27 +0700] "GET /wp-content/plugins/revslider/public/assets/css/rs6.css?ver=6.5.31 HTTP/2" 200 12534 "https://sieuthibachviet.com/san-pham/bep-hong-ngoai-hn012l/" "meta-externalads/1.1 (+https://developers.facebook.com/docs/sharing/webmasters/crawler)"
